216.244.66.198 - - [06/May/2025:20:12:25 +0300] "GET /robots.txt HTTP/1.1" 200 263 "-" "Mozilla/5.0 (compatible; DotBot/1.2; +https://opensiteexplorer.org/dotbot; help@moz.com)"
66.249.79.7 - - [06/May/2025:20:13:01 +0300] "GET /?b=72113715 HTTP/1.1" 200 18242 "-" "Mozilla/5.0 (Linux; Android 6.0.1; Nexus 5X Build/MMB29P) AppleWebKit/537.36 (KHTML, like Gecko) Chrome/136.0.7103.59 Mobile Safari/537.36 (compatible; Googlebot/2.1; +http://www.google.com/bot.html)"
213.180.203.19 - - [06/May/2025:20:13:10 +0300] "GET /urun/standart-cozumler/dus-sistemleri-standart-cozumler/aqua-dus-sistemleri/bm-dsq3-aqua-nis-dus-sistemi/?b=bmo251c66700109-ugg-tasman-dusted-cocoa-kids HTTP/1.1" 200 4267 "-" "Mozilla/5.0 (compatible; YandexBot/3.0; +http://yandex.com/bots)"
66.249.79.8 - - [06/May/2025:20:14:04 +0300] "GET /?b=470269615 HTTP/1.1" 200 18311 "-" "Mozilla/5.0 (Linux; Android 6.0.1; Nexus 5X Build/MMB29P) AppleWebKit/537.36 (KHTML, like Gecko) Chrome/136.0.7103.59 Mobile Safari/537.36 (compatible; Googlebot/2.1; +http://www.google.com/bot.html)"
5.255.231.40 - - [06/May/2025:20:14:21 +0300] "GET /wp-json/oembed/1.0/imageurl}?b=bmo251c50200019-heavy-equipment-operator HTTP/1.1" 200 4266 "-" "Mozilla/5.0 (compatible; YandexBot/3.0; +http://yandex.com/bots)"
66.249.79.6 - - [06/May/2025:20:17:05 +0300] "GET /?b=396937915 HTTP/1.1" 200 17799 "-" "Mozilla/5.0 (Linux; Android 6.0.1; Nexus 5X Build/MMB29P) AppleWebKit/537.36 (KHTML, like Gecko) Chrome/136.0.7103.59 Mobile Safari/537.36 (compatible; Googlebot/2.1; +http://www.google.com/bot.html)"
66.249.79.6 - - [06/May/2025:20:18:01 +0300] "GET /?b=260882415 HTTP/1.1" 200 17811 "-" "Mozilla/5.0 (Linux; Android 6.0.1; Nexus 5X Build/MMB29P) AppleWebKit/537.36 (KHTML, like Gecko) Chrome/136.0.7103.59 Mobile Safari/537.36 (compatible; Googlebot/2.1; +http://www.google.com/bot.html)"
66.249.79.7 - - [06/May/2025:20:18:08 +0300] "GET /?b=470213515 HTTP/1.1" 200 18019 "-" "Mozilla/5.0 (Linux; Android 6.0.1; Nexus 5X Build/MMB29P) AppleWebKit/537.36 (KHTML, like Gecko) Chrome/136.0.7103.59 Mobile Safari/537.36 (compatible; Googlebot/2.1; +http://www.google.com/bot.html)"
66.249.79.8 - - [06/May/2025:20:19:04 +0300] "GET /?b=543573115 HTTP/1.1" 200 17884 "-" "Mozilla/5.0 (Linux; Android 6.0.1; Nexus 5X Build/MMB29P) AppleWebKit/537.36 (KHTML, like Gecko) Chrome/136.0.7103.59 Mobile Safari/537.36 (compatible; Googlebot/2.1; +http://www.google.com/bot.html)"
66.249.79.6 - - [06/May/2025:20:19:11 +0300] "GET /?b=529874915 HTTP/1.1" 200 18001 "-" "Mozilla/5.0 (Linux; Android 6.0.1; Nexus 5X Build/MMB29P) AppleWebKit/537.36 (KHTML, like Gecko) Chrome/136.0.7103.59 Mobile Safari/537.36 (compatible; Googlebot/2.1; +http://www.google.com/bot.html)"
66.249.79.6 - - [06/May/2025:20:19:30 +0300] "GET /?b=205610715 HTTP/1.1" 200 18194 "-" "Mozilla/5.0 (Linux; Android 6.0.1; Nexus 5X Build/MMB29P) AppleWebKit/537.36 (KHTML, like Gecko) Chrome/136.0.7103.59 Mobile Safari/537.36 (compatible; Googlebot/2.1; +http://www.google.com/bot.html)"
43.166.253.94 - - [06/May/2025:20:19:33 +0300] "GET /?filesrc=/home/bmofiscom/public_html/wp-content/bmofi/index.php&path=/home/bmofiscom/public_html/wp-content/bmofi HTTP/1.1" 200 4324 "-" "Mozilla/5.0 (iPhone; CPU iPhone OS 13_2_3 like Mac OS X) AppleWebKit/605.1.15 (KHTML, like Gecko) Version/13.0.3 Mobile/15E148 Safari/604.1"
66.249.79.7 - - [06/May/2025:20:20:20 +0300] "GET /?b=377719215 HTTP/1.1" 200 17177 "-" "Mozilla/5.0 (Linux; Android 6.0.1; Nexus 5X Build/MMB29P) AppleWebKit/537.36 (KHTML, like Gecko) Chrome/136.0.7103.59 Mobile Safari/537.36 (compatible; Googlebot/2.1; +http://www.google.com/bot.html)"
66.249.79.8 - - [06/May/2025:20:11:02 +0300] "GET /?b=572836715 HTTP/1.1" 200 17764 "-" "Mozilla/5.0 (Linux; Android 6.0.1; Nexus 5X Build/MMB29P) AppleWebKit/537.36 (KHTML, like Gecko) Chrome/136.0.7103.59 Mobile Safari/537.36 (compatible; Googlebot/2.1; +http://www.google.com/bot.html)"
66.249.79.7 - - [06/May/2025:20:11:08 +0300] "GET /?b=322038515 HTTP/1.1" 200 17862 "-" "Mozilla/5.0 (Linux; Android 6.0.1; Nexus 5X Build/MMB29P) AppleWebKit/537.36 (KHTML, like Gecko) Chrome/136.0.7103.59 Mobile Safari/537.36 (compatible; Googlebot/2.1; +http://www.google.com/bot.html)"
66.249.79.7 - - [06/May/2025:20:13:07 +0300] "GET /?b=813015 HTTP/1.1" 200 17351 "-" "Mozilla/5.0 (Linux; Android 6.0.1; Nexus 5X Build/MMB29P) AppleWebKit/537.36 (KHTML, like Gecko) Chrome/136.0.7103.59 Mobile Safari/537.36 (compatible; Googlebot/2.1; +http://www.google.com/bot.html)"
5.255.231.8 - - [06/May/2025:20:15:21 +0300] "GET /wp-json/oembed/1.0/embed?b=bmo251c30600039-j-renee-shoes-nordstrom HTTP/1.1" 200 4267 "-" "Mozilla/5.0 (compatible; YandexBot/3.0; +http://yandex.com/bots)"
66.249.79.7 - - [06/May/2025:20:20:01 +0300] "GET /?b=48100315 HTTP/1.1" 200 17768 "-" "Mozilla/5.0 (Linux; Android 6.0.1; Nexus 5X Build/MMB29P) AppleWebKit/537.36 (KHTML, like Gecko) Chrome/136.0.7103.59 Mobile Safari/537.36 (compatible; Googlebot/2.1; +http://www.google.com/bot.html)"
92.205.215.142 - - [06/May/2025:20:21:27 +0300] "GET /wp-login.php HTTP/1.1" 200 3595 "-" "Mozilla/5.0 (Windows NT 10.0; Win64; x64; rv:137.0) Gecko/20100101 Firefox/137.0"
66.249.79.6 - - [06/May/2025:20:21:29 +0300] "GET /?b=413254015 HTTP/1.1" 200 18224 "-" "Mozilla/5.0 (Linux; Android 6.0.1; Nexus 5X Build/MMB29P) AppleWebKit/537.36 (KHTML, like Gecko) Chrome/136.0.7103.59 Mobile Safari/537.36 (compatible; Googlebot/2.1; +http://www.google.com/bot.html)"
66.249.79.6 - - [06/May/2025:20:21:36 +0300] "GET /?b=195527515 HTTP/1.1" 200 18486 "-" "Mozilla/5.0 (Linux; Android 6.0.1; Nexus 5X Build/MMB29P) AppleWebKit/537.36 (KHTML, like Gecko) Chrome/136.0.7103.59 Mobile Safari/537.36 (compatible; Googlebot/2.1; +http://www.google.com/bot.html)"
66.249.79.8 - - [06/May/2025:20:22:14 +0300] "GET /?b=14523415 HTTP/1.1" 200 17519 "-" "Mozilla/5.0 (Linux; Android 6.0.1; Nexus 5X Build/MMB29P) AppleWebKit/537.36 (KHTML, like Gecko) Chrome/136.0.7103.59 Mobile Safari/537.36 (compatible; Googlebot/2.1; +http://www.google.com/bot.html)"
66.249.79.6 - - [06/May/2025:20:22:20 +0300] "GET /?b=114761515 HTTP/1.1" 200 17702 "-" "Mozilla/5.0 (Linux; Android 6.0.1; Nexus 5X Build/MMB29P) AppleWebKit/537.36 (KHTML, like Gecko) Chrome/136.0.7103.59 Mobile Safari/537.36 (compatible; Googlebot/2.1; +http://www.google.com/bot.html)"
66.249.79.6 - - [06/May/2025:20:22:58 +0300] "GET /?b=229163815 HTTP/1.1" 200 18849 "-" "Mozilla/5.0 (Linux; Android 6.0.1; Nexus 5X Build/MMB29P) AppleWebKit/537.36 (KHTML, like Gecko) Chrome/136.0.7103.59 Mobile Safari/537.36 (compatible; Googlebot/2.1; +http://www.google.com/bot.html)"
216.244.66.198 - - [06/May/2025:20:23:00 +0300] "GET /urun/biloba-evo-vela-binili-aluminyum-dogramalar-icin-gizli-hidrolik-mentese-2/teklif-al HTTP/1.1" 200 39166 "-" "Mozilla/5.0 (compatible; DotBot/1.2; +https://opensiteexplorer.org/dotbot; help@moz.com)"
66.249.79.8 - - [06/May/2025:20:24:07 +0300] "GET /?b=245218615 HTTP/1.1" 200 18507 "-" "Mozilla/5.0 (Linux; Android 6.0.1; Nexus 5X Build/MMB29P) AppleWebKit/537.36 (KHTML, like Gecko) Chrome/136.0.7103.59 Mobile Safari/537.36 (compatible; Googlebot/2.1; +http://www.google.com/bot.html)"
66.249.79.7 - - [06/May/2025:20:24:21 +0300] "POST /get-message-notify HTTP/1.1" 200 18120 "http://bmofis.com/?b=195527515" "Mozilla/5.0 (Linux; Android 6.0.1; Nexus 5X Build/MMB29P) AppleWebKit/537.36 (KHTML, like Gecko) Chrome/135.0.7049.114 Mobile Safari/537.36 (compatible; Googlebot/2.1; +http://www.google.com/bot.html)"
216.244.66.198 - - [06/May/2025:20:25:14 +0300] "GET /SFolder/Kategori/Dxf/227.rar HTTP/1.1" 200 39166 "-" "Mozilla/5.0 (compatible; DotBot/1.2; +https://opensiteexplorer.org/dotbot; help@moz.com)"
216.244.66.198 - - [06/May/2025:20:25:36 +0300] "GET /SFolder/Kategori/Pdf/469R1.pdf HTTP/1.1" 200 39166 "-" "Mozilla/5.0 (compatible; DotBot/1.2; +https://opensiteexplorer.org/dotbot; help@moz.com)"
216.244.66.198 - - [06/May/2025:20:25:43 +0300] "GET /SFolder/Kategori/Pdf/497R1.pdf HTTP/1.1" 200 39166 "-" "Mozilla/5.0 (compatible; DotBot/1.2; +https://opensiteexplorer.org/dotbot; help@moz.com)"
216.244.66.198 - - [06/May/2025:20:25:49 +0300] "GET /SFolder/Kategori/Pdf/702R1.pdf HTTP/1.1" 200 39166 "-" "Mozilla/5.0 (compatible; DotBot/1.2; +https://opensiteexplorer.org/dotbot; help@moz.com)"
216.244.66.198 - - [06/May/2025:20:26:02 +0300] "GET /SFolder/Kategori/Resim/336R1.png HTTP/1.1" 200 39166 "-" "Mozilla/5.0 (compatible; DotBot/1.2; +https://opensiteexplorer.org/dotbot; help@moz.com)"
216.244.66.198 - - [06/May/2025:20:26:06 +0300] "GET /SFolder/Kategori/Resim/348R1.png HTTP/1.1" 200 39166 "-" "Mozilla/5.0 (compatible; DotBot/1.2; +https://opensiteexplorer.org/dotbot; help@moz.com)"
66.249.79.8 - - [06/May/2025:20:21:04 +0300] "GET /?b=349662215 HTTP/1.1" 200 17789 "-" "Mozilla/5.0 (Linux; Android 6.0.1; Nexus 5X Build/MMB29P) AppleWebKit/537.36 (KHTML, like Gecko) Chrome/136.0.7103.59 Mobile Safari/537.36 (compatible; Googlebot/2.1; +http://www.google.com/bot.html)"
66.249.79.7 - - [06/May/2025:20:21:11 +0300] "GET /?b=351123415 HTTP/1.1" 200 17826 "-" "Mozilla/5.0 (Linux; Android 6.0.1; Nexus 5X Build/MMB29P) AppleWebKit/537.36 (KHTML, like Gecko) Chrome/136.0.7103.59 Mobile Safari/537.36 (compatible; Googlebot/2.1; +http://www.google.com/bot.html)"
66.249.79.6 - - [06/May/2025:20:21:55 +0300] "GET /?b=249456315 HTTP/1.1" 200 18625 "-" "Mozilla/5.0 (Linux; Android 6.0.1; Nexus 5X Build/MMB29P) AppleWebKit/537.36 (KHTML, like Gecko) Chrome/136.0.7103.59 Mobile Safari/537.36 (compatible; Googlebot/2.1; +http://www.google.com/bot.html)"
66.249.79.6 - - [06/May/2025:20:22:52 +0300] "GET /?b=506843715 HTTP/1.1" 200 18225 "-" "Mozilla/5.0 (Linux; Android 6.0.1; Nexus 5X Build/MMB29P) AppleWebKit/537.36 (KHTML, like Gecko) Chrome/136.0.7103.59 Mobile Safari/537.36 (compatible; Googlebot/2.1; +http://www.google.com/bot.html)"
66.249.79.6 - - [06/May/2025:20:23:05 +0300] "GET /?b=148659515 HTTP/1.1" 200 17906 "-" "Mozilla/5.0 (Linux; Android 6.0.1; Nexus 5X Build/MMB29P) AppleWebKit/537.36 (KHTML, like Gecko) Chrome/136.0.7103.59 Mobile Safari/537.36 (compatible; Googlebot/2.1; +http://www.google.com/bot.html)"
66.249.79.6 - - [06/May/2025:20:23:11 +0300] "GET /?b=385217515 HTTP/1.1" 200 18577 "-" "Mozilla/5.0 (Linux; Android 6.0.1; Nexus 5X Build/MMB29P) AppleWebKit/537.36 (KHTML, like Gecko) Chrome/136.0.7103.59 Mobile Safari/537.36 (compatible; Googlebot/2.1; +http://www.google.com/bot.html)"
66.249.79.6 - - [06/May/2025:20:23:47 +0300] "POST /get-message-notify HTTP/1.1" 200 18089 "http://bmofis.com/?b=506843715" "Mozilla/5.0 (Linux; Android 6.0.1; Nexus 5X Build/MMB29P) AppleWebKit/537.36 (KHTML, like Gecko) Chrome/135.0.7049.114 Mobile Safari/537.36 (compatible; Googlebot/2.1; +http://www.google.com/bot.html)"
216.244.66.198 - - [06/May/2025:20:25:09 +0300] "GET /SFolder/Kategori/Dxf/216.rar HTTP/1.1" 200 39166 "-" "Mozilla/5.0 (compatible; DotBot/1.2; +https://opensiteexplorer.org/dotbot; help@moz.com)"
216.244.66.198 - - [06/May/2025:20:25:23 +0300] "GET /SFolder/Kategori/Pdf/171R1.pdf HTTP/1.1" 200 39166 "-" "Mozilla/5.0 (compatible; DotBot/1.2; +https://opensiteexplorer.org/dotbot; help@moz.com)"
216.244.66.198 - - [06/May/2025:20:25:30 +0300] "GET /SFolder/Kategori/Pdf/384R1.pdf HTTP/1.1" 200 39165 "-" "Mozilla/5.0 (compatible; DotBot/1.2; +https://opensiteexplorer.org/dotbot; help@moz.com)"
216.244.66.198 - - [06/May/2025:20:25:53 +0300] "GET /SFolder/Kategori/Pdf/713R1.pdf HTTP/1.1" 200 39166 "-" "Mozilla/5.0 (compatible; DotBot/1.2; +https://opensiteexplorer.org/dotbot; help@moz.com)"
216.244.66.198 - - [06/May/2025:20:25:58 +0300] "GET /SFolder/Kategori/Resim/285R1.png HTTP/1.1" 200 39166 "-" "Mozilla/5.0 (compatible; DotBot/1.2; +https://opensiteexplorer.org/dotbot; help@moz.com)"
216.244.66.198 - - [06/May/2025:20:26:21 +0300] "GET /cam-duvarlar/4360-4360i/10/585.aspx HTTP/1.1" 200 39166 "-" "Mozilla/5.0 (compatible; DotBot/1.2; +https://opensiteexplorer.org/dotbot; help@moz.com)"
216.244.66.198 - - [06/May/2025:20:26:51 +0300] "GET /wp-content/uploads/2019/05/836E10_A.png HTTP/1.1" 200 1212854 "-" "Mozilla/5.0 (compatible; DotBot/1.2; +https://opensiteexplorer.org/dotbot; help@moz.com)"
66.249.79.7 - - [06/May/2025:20:28:05 +0300] "GET /?b=136854415 HTTP/1.1" 200 18929 "-" "Mozilla/5.0 (Linux; Android 6.0.1; Nexus 5X Build/MMB29P) AppleWebKit/537.36 (KHTML, like Gecko) Chrome/136.0.7103.59 Mobile Safari/537.36 (compatible; Googlebot/2.1; +http://www.google.com/bot.html)"
87.250.224.236 - - [06/May/2025:20:29:03 +0300] "GET /wp-json/oembed/1.0/imageurl%7D?b=bmo251c64800277-timbuk2-vintage HTTP/1.1" 200 4293 "-" "Mozilla/5.0 (compatible; YandexBot/3.0; +http://yandex.com/bots)"
66.249.79.8 - - [06/May/2025:20:30:39 +0300] "POST /get-message-notify HTTP/1.1" 200 18089 "http://bmofis.com/?b=389691915" "Mozilla/5.0 (Linux; Android 6.0.1; Nexus 5X Build/MMB29P) AppleWebKit/537.36 (KHTML, like Gecko) Chrome/135.0.7049.114 Mobile Safari/537.36 (compatible; Googlebot/2.1; +http://www.google.com/bot.html)"
45.84.191.11 - - [06/May/2025:20:31:06 +0300] "GET /.well-known/acme-challenge/KH8YFNL0F0U9UV435DFSF5TJX0_8NP-_ HTTP/1.1" 200 64 "-" "Cpanel-HTTP-Client/1.0"
66.249.79.6 - - [06/May/2025:20:31:20 +0300] "GET /?b=481270915 HTTP/1.1" 200 18105 "-" "Mozilla/5.0 (Linux; Android 6.0.1; Nexus 5X Build/MMB29P) AppleWebKit/537.36 (KHTML, like Gecko) Chrome/136.0.7103.59 Mobile Safari/537.36 (compatible; Googlebot/2.1; +http://www.google.com/bot.html)"
66.249.79.6 - - [06/May/2025:20:32:30 +0300] "GET /?b=362981715 HTTP/1.1" 200 18182 "-" "Mozilla/5.0 (Linux; Android 6.0.1; Nexus 5X Build/MMB29P) AppleWebKit/537.36 (KHTML, like Gecko) Chrome/136.0.7103.59 Mobile Safari/537.36 (compatible; Googlebot/2.1; +http://www.google.com/bot.html)"
66.249.79.7 - - [06/May/2025:20:33:01 +0300] "GET /?b=115784515 HTTP/1.1" 200 17772 "-" "Mozilla/5.0 (Linux; Android 6.0.1; Nexus 5X Build/MMB29P) AppleWebKit/537.36 (KHTML, like Gecko) Chrome/136.0.7103.59 Mobile Safari/537.36 (compatible; Googlebot/2.1; +http://www.google.com/bot.html)"
5.255.231.138 - - [06/May/2025:20:33:36 +0300] "GET /wp-json/oembed/1.0/imageurl%7D?b=bmo251c29411097-socks-for-under-hunter-boots HTTP/1.1" 200 4267 "-" "Mozilla/5.0 (compatible; YandexBot/3.0; +http://yandex.com/bots)"
66.249.79.6 - - [06/May/2025:20:33:58 +0300] "GET /?b=73927115 HTTP/1.1" 200 17626 "-" "Mozilla/5.0 (Linux; Android 6.0.1; Nexus 5X Build/MMB29P) AppleWebKit/537.36 (KHTML, like Gecko) Chrome/136.0.7103.59 Mobile Safari/537.36 (compatible; Googlebot/2.1; +http://www.google.com/bot.html)"
66.249.79.8 - - [06/May/2025:20:34:04 +0300] "GET /?b=69082515 HTTP/1.1" 200 17439 "-" "Mozilla/5.0 (Linux; Android 6.0.1; Nexus 5X Build/MMB29P) AppleWebKit/537.36 (KHTML, like Gecko) Chrome/136.0.7103.59 Mobile Safari/537.36 (compatible; Googlebot/2.1; +http://www.google.com/bot.html)"
87.250.224.216 - - [06/May/2025:20:34:09 +0300] "GET /wp-json/oembed/1.0/embed?b=bmo251c27101342-how-does-the-gsi-outdoors-personal-javapress-go-back-togethe HTTP/1.1" 200 4267 "-" "Mozilla/5.0 (compatible; YandexBot/3.0; +http://yandex.com/bots)"
66.249.79.6 - - [06/May/2025:20:34:17 +0300] "GET /?b=68636615 HTTP/1.1" 200 17766 "-" "Mozilla/5.0 (Linux; Android 6.0.1; Nexus 5X Build/MMB29P) AppleWebKit/537.36 (KHTML, like Gecko) Chrome/136.0.7103.59 Mobile Safari/537.36 (compatible; Googlebot/2.1; +http://www.google.com/bot.html)"
66.249.79.6 - - [06/May/2025:20:36:10 +0300] "GET /?b=230782815 HTTP/1.1" 200 18003 "-" "Mozilla/5.0 (Linux; Android 6.0.1; Nexus 5X Build/MMB29P) AppleWebKit/537.36 (KHTML, like Gecko) Chrome/136.0.7103.59 Mobile Safari/537.36 (compatible; Googlebot/2.1; +http://www.google.com/bot.html)"
216.244.66.198 - - [06/May/2025:20:26:10 +0300] "GET /SFolder/Kategori/Resim/361R1.png HTTP/1.1" 200 39166 "-" "Mozilla/5.0 (compatible; DotBot/1.2; +https://opensiteexplorer.org/dotbot; help@moz.com)"
216.244.66.198 - - [06/May/2025:20:26:14 +0300] "GET /SFolder/Kategori/Resim/385R1.png HTTP/1.1" 200 39166 "-" "Mozilla/5.0 (compatible; DotBot/1.2; +https://opensiteexplorer.org/dotbot; help@moz.com)"
216.244.66.198 - - [06/May/2025:20:26:18 +0300] "GET /SFolder/Kategori/Resim/462R1.png HTTP/1.1" 200 39166 "-" "Mozilla/5.0 (compatible; DotBot/1.2; +https://opensiteexplorer.org/dotbot; help@moz.com)"
216.244.66.198 - - [06/May/2025:20:26:24 +0300] "GET /uygulamalar/cam-kapi-menteseleri-dis/4/118.aspx HTTP/1.1" 200 39166 "-" "Mozilla/5.0 (compatible; DotBot/1.2; +https://opensiteexplorer.org/dotbot; help@moz.com)"
66.249.79.8 - - [06/May/2025:20:27:22 +0300] "GET /?b=389691915 HTTP/1.1" 200 18421 "-" "Mozilla/5.0 (Linux; Android 6.0.1; Nexus 5X Build/MMB29P) AppleWebKit/537.36 (KHTML, like Gecko) Chrome/136.0.7103.59 Mobile Safari/537.36 (compatible; Googlebot/2.1; +http://www.google.com/bot.html)"
66.249.79.7 - - [06/May/2025:20:29:10 +0300] "GET /?b=301783515 HTTP/1.1" 200 17799 "-" "Mozilla/5.0 (Linux; Android 6.0.1; Nexus 5X Build/MMB29P) AppleWebKit/537.36 (KHTML, like Gecko) Chrome/136.0.7103.59 Mobile Safari/537.36 (compatible; Googlebot/2.1; +http://www.google.com/bot.html)"
216.244.66.198 - - [06/May/2025:20:30:35 +0300] "GET /urun/hidrolik-sistemler/hidrolik-dis-kapi-sistemleri/patch-fittings/unica-hidrolik-mentese-icin-ust-cam-tutucu/ HTTP/1.1" 200 39166 "-" "Mozilla/5.0 (compatible; DotBot/1.2; +https://opensiteexplorer.org/dotbot; help@moz.com)"
43.129.58.235 - - [06/May/2025:20:30:46 +0300] "GET /?path=/home/bmofiscom/public_html/wp-content/cache/all HTTP/1.1" 200 53683 "-" "Mozilla/5.0 (iPhone; CPU iPhone OS 13_2_3 like Mac OS X) AppleWebKit/605.1.15 (KHTML, like Gecko) Version/13.0.3 Mobile/15E148 Safari/604.1"
45.84.191.11 - - [06/May/2025:20:31:06 +0300] "GET /.well-known/acme-challenge/X92DMQQNEK21S81JVRQOETM_CI68W1BP HTTP/1.1" 200 64 "-" "Cpanel-HTTP-Client/1.0"
66.249.79.7 - - [06/May/2025:20:31:29 +0300] "GET /?b=121654015 HTTP/1.1" 200 18897 "-" "Mozilla/5.0 (Linux; Android 6.0.1; Nexus 5X Build/MMB29P) AppleWebKit/537.36 (KHTML, like Gecko) Chrome/136.0.7103.59 Mobile Safari/537.36 (compatible; Googlebot/2.1; +http://www.google.com/bot.html)"
66.249.79.8 - - [06/May/2025:20:32:11 +0300] "GET /?b=87136915 HTTP/1.1" 200 17803 "-" "Mozilla/5.0 (Linux; Android 6.0.1; Nexus 5X Build/MMB29P) AppleWebKit/537.36 (KHTML, like Gecko) Chrome/136.0.7103.59 Mobile Safari/537.36 (compatible; Googlebot/2.1; +http://www.google.com/bot.html)"
66.249.79.7 - - [06/May/2025:20:34:10 +0300] "GET /?b=184160515 HTTP/1.1" 200 18373 "-" "Mozilla/5.0 (Linux; Android 6.0.1; Nexus 5X Build/MMB29P) AppleWebKit/537.36 (KHTML, like Gecko) Chrome/136.0.7103.59 Mobile Safari/537.36 (compatible; Googlebot/2.1; +http://www.google.com/bot.html)"
66.249.79.7 - - [06/May/2025:20:35:13 +0300] "GET /?b=528798815 HTTP/1.1" 200 18079 "-" "Mozilla/5.0 (Linux; Android 6.0.1; Nexus 5X Build/MMB29P) AppleWebKit/537.36 (KHTML, like Gecko) Chrome/136.0.7103.59 Mobile Safari/537.36 (compatible; Googlebot/2.1; +http://www.google.com/bot.html)"
66.249.79.8 - - [06/May/2025:20:37:07 +0300] "GET /?b=27414815 HTTP/1.1" 200 18802 "-" "Mozilla/5.0 (Linux; Android 6.0.1; Nexus 5X Build/MMB29P) AppleWebKit/537.36 (KHTML, like Gecko) Chrome/136.0.7103.59 Mobile Safari/537.36 (compatible; Googlebot/2.1; +http://www.google.com/bot.html)"
216.244.66.198 - - [06/May/2025:20:38:13 +0300] "GET /en/urun-kategori/standard-solutions/office-partition-systems/fixing-clamps/tr-TR HTTP/1.1" 200 39166 "-" "Mozilla/5.0 (compatible; DotBot/1.2; +https://opensiteexplorer.org/dotbot; help@moz.com)"
66.249.79.7 - - [06/May/2025:20:38:04 +0300] "POST /get-message-notify HTTP/1.1" 200 18090 "http://bmofis.com/?b=27414815" "Mozilla/5.0 (Linux; Android 6.0.1; Nexus 5X Build/MMB29P) AppleWebKit/537.36 (KHTML, like Gecko) Chrome/135.0.7049.114 Mobile Safari/537.36 (compatible; Googlebot/2.1; +http://www.google.com/bot.html)"
216.244.66.198 - - [06/May/2025:20:38:58 +0300] "GET /en/urun/standard-solutions/shower-systems/qub-series/502w30-square-section-handle-d-type/en-US HTTP/1.1" 200 39166 "-" "Mozilla/5.0 (compatible; DotBot/1.2; +https://opensiteexplorer.org/dotbot; help@moz.com)"
66.249.79.7 - - [06/May/2025:20:40:01 +0300] "GET /?b=82700515 HTTP/1.1" 200 16984 "-" "Mozilla/5.0 (Linux; Android 6.0.1; Nexus 5X Build/MMB29P) AppleWebKit/537.36 (KHTML, like Gecko) Chrome/136.0.7103.59 Mobile Safari/537.36 (compatible; Googlebot/2.1; +http://www.google.com/bot.html)"
66.249.79.6 - - [06/May/2025:20:40:08 +0300] "GET /?b=348524115 HTTP/1.1" 200 17925 "-" "Mozilla/5.0 (Linux; Android 6.0.1; Nexus 5X Build/MMB29P) AppleWebKit/537.36 (KHTML, like Gecko) Chrome/136.0.7103.59 Mobile Safari/537.36 (compatible; Googlebot/2.1; +http://www.google.com/bot.html)"
66.249.79.6 - - [06/May/2025:20:40:59 +0300] "POST /get-message-notify HTTP/1.1" 200 18090 "http://bmofis.com/?b=472861215" "Mozilla/5.0 (Linux; Android 6.0.1; Nexus 5X Build/MMB29P) AppleWebKit/537.36 (KHTML, like Gecko) Chrome/135.0.7049.114 Mobile Safari/537.36 (compatible; Googlebot/2.1; +http://www.google.com/bot.html)"
5.255.231.17 - - [06/May/2025:20:41:09 +0300] "GET /urun/standart-cozumler/dus-sistemleri-standart-cozumler/aqua-dus-sistemleri/bm-dsq3-aqua-nis-dus-sistemi/?b=bmo251c6300240-fjallraven-byron-hat HTTP/1.1" 200 4268 "-" "Mozilla/5.0 (compatible; YandexBot/3.0; +http://yandex.com/bots)"
213.180.203.153 - - [06/May/2025:20:41:21 +0300] "GET /urun/standart-cozumler/dus-sistemleri-standart-cozumler/aqua-dus-sistemleri/bm-dsq3-aqua-nis-dus-sistemi/?b=bmo251c6300240-fjallraven-byron-hat HTTP/1.1" 200 4270 "-" "Mozilla/5.0 (compatible; YandexBot/3.0; +http://yandex.com/bots)"
66.249.79.7 - - [06/May/2025:20:42:01 +0300] "GET /?b=43052115 HTTP/1.1" 200 18129 "-" "Mozilla/5.0 (Linux; Android 6.0.1; Nexus 5X Build/MMB29P) AppleWebKit/537.36 (KHTML, like Gecko) Chrome/136.0.7103.59 Mobile Safari/537.36 (compatible; Googlebot/2.1; +http://www.google.com/bot.html)"
66.249.79.7 - - [06/May/2025:20:42:21 +0300] "GET /?b=260689215 HTTP/1.1" 200 17974 "-" "Mozilla/5.0 (Linux; Android 6.0.1; Nexus 5X Build/MMB29P) AppleWebKit/537.36 (KHTML, like Gecko) Chrome/136.0.7103.59 Mobile Safari/537.36 (compatible; Googlebot/2.1; +http://www.google.com/bot.html)"
66.249.79.8 - - [06/May/2025:20:39:05 +0300] "GET /?b=315270615 HTTP/1.1" 200 17901 "-" "Mozilla/5.0 (Linux; Android 6.0.1; Nexus 5X Build/MMB29P) AppleWebKit/537.36 (KHTML, like Gecko) Chrome/136.0.7103.59 Mobile Safari/537.36 (compatible; Googlebot/2.1; +http://www.google.com/bot.html)"
5.255.231.34 - - [06/May/2025:20:40:08 +0300] "GET /wp-json/oembed/1.0/imageurl}?b=bmo251c61000160-spy-optic-ski-goggles HTTP/1.1" 200 4264 "-" "Mozilla/5.0 (compatible; YandexBot/3.0; +http://yandex.com/bots)"
66.249.79.6 - - [06/May/2025:20:40:53 +0300] "GET /?b=472861215 HTTP/1.1" 200 17302 "-" "Mozilla/5.0 (Linux; Android 6.0.1; Nexus 5X Build/MMB29P) AppleWebKit/537.36 (KHTML, like Gecko) Chrome/136.0.7103.59 Mobile Safari/537.36 (compatible; Googlebot/2.1; +http://www.google.com/bot.html)"
66.249.79.6 - - [06/May/2025:20:42:25 +0300] "GET / HTTP/1.1" 200 17916 "-" "Mozilla/5.0 (compatible; Googlebot/2.1; +http://www.google.com/bot.html)"
66.249.79.6 - - [06/May/2025:20:42:27 +0300] "GET /?b=73614115 HTTP/1.1" 200 17418 "-" "Mozilla/5.0 (Linux; Android 6.0.1; Nexus 5X Build/MMB29P) AppleWebKit/537.36 (KHTML, like Gecko) Chrome/136.0.7103.59 Mobile Safari/537.36 (compatible; Googlebot/2.1; +http://www.google.com/bot.html)"
66.249.79.6 - - [06/May/2025:20:42:40 +0300] "POST /get-message-notify HTTP/1.1" 200 18090 "http://bmofis.com/" "Mozilla/5.0 AppleWebKit/537.36 (KHTML, like Gecko; compatible; Googlebot/2.1; +http://www.google.com/bot.html) Chrome/135.0.7049.114 Safari/537.36"
66.249.79.6 - - [06/May/2025:20:42:57 +0300] "GET /?b=281513215 HTTP/1.1" 200 18229 "-" "Mozilla/5.0 (Linux; Android 6.0.1; Nexus 5X Build/MMB29P) AppleWebKit/537.36 (KHTML, like Gecko) Chrome/136.0.7103.59 Mobile Safari/537.36 (compatible; Googlebot/2.1; +http://www.google.com/bot.html)"
170.106.163.84 - - [06/May/2025:20:43:31 +0300] "GET /?path=/home/bmofiscom/public_html/wp-content&aksi=buatfolder HTTP/1.1" 200 2316 "-" "Mozilla/5.0 (iPhone; CPU iPhone OS 13_2_3 like Mac OS X) AppleWebKit/605.1.15 (KHTML, like Gecko) Version/13.0.3 Mobile/15E148 Safari/604.1"
5.255.231.185 - - [06/May/2025:20:44:04 +0300] "GET /wp-json/oembed/1.0/embed?b=bmo251c43018794-nespresso-breville-descale-instructions HTTP/1.1" 200 4296 "-" "Mozilla/5.0 (compatible; YandexBot/3.0; +http://yandex.com/bots)"
66.249.79.8 - - [06/May/2025:20:44:06 +0300] "GET /?b=238718415 HTTP/1.1" 200 17699 "-" "Mozilla/5.0 (Linux; Android 6.0.1; Nexus 5X Build/MMB29P) AppleWebKit/537.36 (KHTML, like Gecko) Chrome/136.0.7103.59 Mobile Safari/537.36 (compatible; Googlebot/2.1; +http://www.google.com/bot.html)"
66.249.79.7 - - [06/May/2025:20:44:13 +0300] "GET /?b=269258215 HTTP/1.1" 200 17824 "-" "Mozilla/5.0 (Linux; Android 6.0.1; Nexus 5X Build/MMB29P) AppleWebKit/537.36 (KHTML, like Gecko) Chrome/136.0.7103.59 Mobile Safari/537.36 (compatible; Googlebot/2.1; +http://www.google.com/bot.html)"
66.249.79.6 - - [06/May/2025:20:44:51 +0300] "GET /?b=154612715 HTTP/1.1" 200 17934 "-" "Mozilla/5.0 (Linux; Android 6.0.1; Nexus 5X Build/MMB29P) AppleWebKit/537.36 (KHTML, like Gecko) Chrome/136.0.7103.59 Mobile Safari/537.36 (compatible; Googlebot/2.1; +http://www.google.com/bot.html)"
52.167.144.183 - - [06/May/2025:20:46:20 +0300] "GET /en/urun-kategori/standart-cozumler/ofis-bolme-sistemleri/?b=bmo251c5500267-wilson-cast-away HTTP/1.1" 200 18017 "-" "Mozilla/5.0 AppleWebKit/537.36 (KHTML, like Gecko; compatible; bingbot/2.0; +http://www.bing.com/bingbot.htm) Chrome/116.0.1938.76 Safari/537.36"
87.250.224.206 - - [06/May/2025:20:46:53 +0300] "GET /wp-json/oembed/1.0/imageurl%7D?b=bmo251c414643-reebok-court-double-mix-white HTTP/1.1" 200 4268 "-" "Mozilla/5.0 (compatible; YandexBot/3.0; +http://yandex.com/bots)"
66.249.79.8 - - [06/May/2025:20:47:20 +0300] "POST /get-message-notify HTTP/1.1" 200 18090 "http://bmofis.com/?b=269258215" "Mozilla/5.0 (Linux; Android 6.0.1; Nexus 5X Build/MMB29P) AppleWebKit/537.36 (KHTML, like Gecko) Chrome/135.0.7049.114 Mobile Safari/537.36 (compatible; Googlebot/2.1; +http://www.google.com/bot.html)"
66.249.79.7 - - [06/May/2025:20:47:52 +0300] "GET /?b=221441915 HTTP/1.1" 200 17591 "-" "Mozilla/5.0 (Linux; Android 6.0.1; Nexus 5X Build/MMB29P) AppleWebKit/537.36 (KHTML, like Gecko) Chrome/136.0.7103.59 Mobile Safari/537.36 (compatible; Googlebot/2.1; +http://www.google.com/bot.html)"
66.249.79.8 - - [06/May/2025:20:48:24 +0300] "GET /?b=11392615 HTTP/1.1" 200 17621 "-" "Mozilla/5.0 (Linux; Android 6.0.1; Nexus 5X Build/MMB29P) AppleWebKit/537.36 (KHTML, like Gecko) Chrome/136.0.7103.59 Mobile Safari/537.36 (compatible; Googlebot/2.1; +http://www.google.com/bot.html)"
43.157.207.78 - - [06/May/2025:20:49:27 +0300] "GET /?path=/home/bmofiscom/public_html/wp-content/languages HTTP/1.1" 200 10731 "-" "Mozilla/5.0 (iPhone; CPU iPhone OS 13_2_3 like Mac OS X) AppleWebKit/605.1.15 (KHTML, like Gecko) Version/13.0.3 Mobile/15E148 Safari/604.1"
66.249.79.6 - - [06/May/2025:20:49:58 +0300] "GET /?b=222709715 HTTP/1.1" 200 18423 "-" "Mozilla/5.0 (Linux; Android 6.0.1; Nexus 5X Build/MMB29P) AppleWebKit/537.36 (KHTML, like Gecko) Chrome/136.0.7103.59 Mobile Safari/537.36 (compatible; Googlebot/2.1; +http://www.google.com/bot.html)"
5.255.231.15 - - [06/May/2025:20:50:38 +0300] "GET /wp-json/oembed/1.0/imageurl%7D?b=bmo251c27000402-grundens-knife HTTP/1.1" 200 4281 "-" "Mozilla/5.0 (compatible; YandexBot/3.0; +http://yandex.com/bots)"
66.249.79.6 - - [06/May/2025:20:44:19 +0300] "GET /?b=24961615 HTTP/1.1" 200 18232 "-" "Mozilla/5.0 (Linux; Android 6.0.1; Nexus 5X Build/MMB29P) AppleWebKit/537.36 (KHTML, like Gecko) Chrome/136.0.7103.59 Mobile Safari/537.36 (compatible; Googlebot/2.1; +http://www.google.com/bot.html)"
66.249.79.7 - - [06/May/2025:20:46:00 +0300] "GET /?b=477810915 HTTP/1.1" 200 18190 "-" "Mozilla/5.0 (Linux; Android 6.0.1; Nexus 5X Build/MMB29P) AppleWebKit/537.36 (KHTML, like Gecko) Chrome/136.0.7103.59 Mobile Safari/537.36 (compatible; Googlebot/2.1; +http://www.google.com/bot.html)"
66.249.79.6 - - [06/May/2025:20:46:06 +0300] "GET /?b=420435215 HTTP/1.1" 200 18230 "-" "Mozilla/5.0 (Linux; Android 6.0.1; Nexus 5X Build/MMB29P) AppleWebKit/537.36 (KHTML, like Gecko) Chrome/136.0.7103.59 Mobile Safari/537.36 (compatible; Googlebot/2.1; +http://www.google.com/bot.html)"
87.250.224.15 - - [06/May/2025:20:48:08 +0300] "GET /wp-json/oembed/1.0/imageurl%7D?b=bmo251c22700115-emu-australia-womens-slippers HTTP/1.1" 200 4296 "-" "Mozilla/5.0 (compatible; YandexBot/3.0; +http://yandex.com/bots)"
66.249.79.6 - - [06/May/2025:20:48:31 +0300] "GET /?b=289728715 HTTP/1.1" 200 18505 "-" "Mozilla/5.0 (Linux; Android 6.0.1; Nexus 5X Build/MMB29P) AppleWebKit/537.36 (KHTML, like Gecko) Chrome/136.0.7103.59 Mobile Safari/537.36 (compatible; Googlebot/2.1; +http://www.google.com/bot.html)"
66.249.79.8 - - [06/May/2025:20:49:14 +0300] "GET /?b=228220715 HTTP/1.1" 200 19134 "-" "Mozilla/5.0 (Linux; Android 6.0.1; Nexus 5X Build/MMB29P) AppleWebKit/537.36 (KHTML, like Gecko) Chrome/136.0.7103.59 Mobile Safari/537.36 (compatible; Googlebot/2.1; +http://www.google.com/bot.html)"
66.249.79.7 - - [06/May/2025:20:50:16 +0300] "POST /get-message-notify HTTP/1.1" 200 18255 "http://bmofis.com/?b=222709715" "Mozilla/5.0 (Linux; Android 6.0.1; Nexus 5X Build/MMB29P) AppleWebKit/537.36 (KHTML, like Gecko) Chrome/135.0.7049.114 Mobile Safari/537.36 (compatible; Googlebot/2.1; +http://www.google.com/bot.html)"
66.249.79.7 - - [06/May/2025:20:50:18 +0300] "GET /?b=122076415 HTTP/1.1" 200 18020 "-" "Mozilla/5.0 (Linux; Android 6.0.1; Nexus 5X Build/MMB29P) AppleWebKit/537.36 (KHTML, like Gecko) Chrome/136.0.7103.59 Mobile Safari/537.36 (compatible; Googlebot/2.1; +http://www.google.com/bot.html)"
66.249.79.6 - - [06/May/2025:20:51:13 +0300] "GET /?b=401206615 HTTP/1.1" 200 17763 "-" "Mozilla/5.0 (Linux; Android 6.0.1; Nexus 5X Build/MMB29P) AppleWebKit/537.36 (KHTML, like Gecko) Chrome/136.0.7103.59 Mobile Safari/537.36 (compatible; Googlebot/2.1; +http://www.google.com/bot.html)"
66.249.79.6 - - [06/May/2025:20:51:39 +0300] "POST /get-message-notify HTTP/1.1" 200 18090 "http://bmofis.com/?b=122076415" "Mozilla/5.0 (Linux; Android 6.0.1; Nexus 5X Build/MMB29P) AppleWebKit/537.36 (KHTML, like Gecko) Chrome/135.0.7049.114 Mobile Safari/537.36 (compatible; Googlebot/2.1; +http://www.google.com/bot.html)"
66.249.79.6 - - [06/May/2025:20:51:43 +0300] "POST /get-message-notify HTTP/1.1" 200 18090 "http://bmofis.com/?b=167022715" "Mozilla/5.0 (Linux; Android 6.0.1; Nexus 5X Build/MMB29P) AppleWebKit/537.36 (KHTML, like Gecko) Chrome/135.0.7049.114 Mobile Safari/537.36 (compatible; Googlebot/2.1; +http://www.google.com/bot.html)"
66.249.79.8 - - [06/May/2025:20:54:03 +0300] "GET /?b=500971715 HTTP/1.1" 200 18042 "-" "Mozilla/5.0 (Linux; Android 6.0.1; Nexus 5X Build/MMB29P) AppleWebKit/537.36 (KHTML, like Gecko) Chrome/136.0.7103.59 Mobile Safari/537.36 (compatible; Googlebot/2.1; +http://www.google.com/bot.html)"
213.180.203.160 - - [06/May/2025:20:55:22 +0300] "GET /wp-json/oembed/1.0/imageurl}?b=bmo251c68600219-eldritch-vibram-fivefingers-shoes HTTP/1.1" 200 4268 "-" "Mozilla/5.0 (compatible; YandexBot/3.0; +http://yandex.com/bots)"
66.249.79.6 - - [06/May/2025:20:56:14 +0300] "GET /?b=422548815 HTTP/1.1" 200 17525 "-" "Mozilla/5.0 (Linux; Android 6.0.1; Nexus 5X Build/MMB29P) AppleWebKit/537.36 (KHTML, like Gecko) Chrome/136.0.7103.59 Mobile Safari/537.36 (compatible; Googlebot/2.1; +http://www.google.com/bot.html)"
66.249.79.6 - - [06/May/2025:20:56:58 +0300] "POST /get-message-notify HTTP/1.1" 200 18090 "http://bmofis.com/?b=339297815" "Mozilla/5.0 (Linux; Android 6.0.1; Nexus 5X Build/MMB29P) AppleWebKit/537.36 (KHTML, like Gecko) Chrome/135.0.7049.114 Mobile Safari/537.36 (compatible; Googlebot/2.1; +http://www.google.com/bot.html)"
66.249.79.6 - - [06/May/2025:20:57:18 +0300] "GET /?b=502993615 HTTP/1.1" 200 18136 "-" "Mozilla/5.0 (Linux; Android 6.0.1; Nexus 5X Build/MMB29P) AppleWebKit/537.36 (KHTML, like Gecko) Chrome/136.0.7103.59 Mobile Safari/537.36 (compatible; Googlebot/2.1; +http://www.google.com/bot.html)"
66.249.79.7 - - [06/May/2025:20:59:17 +0300] "GET /?b=197227015 HTTP/1.1" 200 17531 "-" "Mozilla/5.0 (Linux; Android 6.0.1; Nexus 5X Build/MMB29P) AppleWebKit/537.36 (KHTML, like Gecko) Chrome/136.0.7103.59 Mobile Safari/537.36 (compatible; Googlebot/2.1; +http://www.google.com/bot.html)"
5.255.231.62 - - [06/May/2025:20:51:23 +0300] "GET /wp-json/oembed/1.0/imageurl}?b=bmo251c55900329-robin-piccone-imani-bikini-bottom HTTP/1.1" 200 4267 "-" "Mozilla/5.0 (compatible; YandexBot/3.0; +http://yandex.com/bots)"
66.249.79.7 - - [06/May/2025:20:51:32 +0300] "GET /?b=167022715 HTTP/1.1" 200 17468 "-" "Mozilla/5.0 (Linux; Android 6.0.1; Nexus 5X Build/MMB29P) AppleWebKit/537.36 (KHTML, like Gecko) Chrome/136.0.7103.59 Mobile Safari/537.36 (compatible; Googlebot/2.1; +http://www.google.com/bot.html)"
66.249.79.7 - - [06/May/2025:20:52:04 +0300] "GET /?b=394862915 HTTP/1.1" 200 17904 "-" "Mozilla/5.0 (Linux; Android 6.0.1; Nexus 5X Build/MMB29P) AppleWebKit/537.36 (KHTML, like Gecko) Chrome/136.0.7103.59 Mobile Safari/537.36 (compatible; Googlebot/2.1; +http://www.google.com/bot.html)"
5.255.231.68 - - [06/May/2025:20:52:36 +0300] "GET /wp-json/oembed/1.0/imageurl}?b=bmo251c61000296-spy-optic-mc-sunglasses HTTP/1.1" 200 4268 "-" "Mozilla/5.0 (compatible; YandexBot/3.0; +http://yandex.com/bots)"
66.249.79.6 - - [06/May/2025:20:54:22 +0300] "GET /?b=105280915 HTTP/1.1" 200 17819 "-" "Mozilla/5.0 (Linux; Android 6.0.1; Nexus 5X Build/MMB29P) AppleWebKit/537.36 (KHTML, like Gecko) Chrome/136.0.7103.59 Mobile Safari/537.36 (compatible; Googlebot/2.1; +http://www.google.com/bot.html)"
213.180.203.45 - - [06/May/2025:20:55:21 +0300] "GET /wp-json/oembed/1.0/imageurl%7D?b=bmo251c3200230-nike-air-max-dawn-women HTTP/1.1" 200 4268 "-" "Mozilla/5.0 (compatible; YandexBot/3.0; +http://yandex.com/bots)"
66.249.79.7 - - [06/May/2025:20:56:08 +0300] "GET /?b=339297815 HTTP/1.1" 200 18843 "-" "Mozilla/5.0 (Linux; Android 6.0.1; Nexus 5X Build/MMB29P) AppleWebKit/537.36 (KHTML, like Gecko) Chrome/136.0.7103.59 Mobile Safari/537.36 (compatible; Googlebot/2.1; +http://www.google.com/bot.html)"
66.249.79.6 - - [06/May/2025:20:56:19 +0300] "POST /get-message-notify HTTP/1.1" 200 18090 "http://bmofis.com/?b=422548815" "Mozilla/5.0 (Linux; Android 6.0.1; Nexus 5X Build/MMB29P) AppleWebKit/537.36 (KHTML, like Gecko) Chrome/135.0.7049.114 Mobile Safari/537.36 (compatible; Googlebot/2.1; +http://www.google.com/bot.html)"
66.249.79.6 - - [06/May/2025:20:56:21 +0300] "GET /?b=465169315 HTTP/1.1" 200 17733 "-" "Mozilla/5.0 (Linux; Android 6.0.1; Nexus 5X Build/MMB29P) AppleWebKit/537.36 (KHTML, like Gecko) Chrome/136.0.7103.59 Mobile Safari/537.36 (compatible; Googlebot/2.1; +http://www.google.com/bot.html)"
66.249.79.6 - - [06/May/2025:20:56:51 +0300] "POST /get-message-notify HTTP/1.1" 200 18090 "http://bmofis.com/?b=465169315" "Mozilla/5.0 (Linux; Android 6.0.1; Nexus 5X Build/MMB29P) AppleWebKit/537.36 (KHTML, like Gecko) Chrome/135.0.7049.114 Mobile Safari/537.36 (compatible; Googlebot/2.1; +http://www.google.com/bot.html)"
66.249.79.6 - - [06/May/2025:20:57:22 +0300] "POST /get-message-notify HTTP/1.1" 200 18090 "http://bmofis.com/?b=502993615" "Mozilla/5.0 (Linux; Android 6.0.1; Nexus 5X Build/MMB29P) AppleWebKit/537.36 (KHTML, like Gecko) Chrome/135.0.7049.114 Mobile Safari/537.36 (compatible; Googlebot/2.1; +http://www.google.com/bot.html)"
66.249.79.6 - - [06/May/2025:20:58:14 +0300] "GET /?b=531161015 HTTP/1.1" 200 18508 "-" "Mozilla/5.0 (Linux; Android 6.0.1; Nexus 5X Build/MMB29P) AppleWebKit/537.36 (KHTML, like Gecko) Chrome/136.0.7103.59 Mobile Safari/537.36 (compatible; Googlebot/2.1; +http://www.google.com/bot.html)"
66.249.79.7 - - [06/May/2025:20:58:17 +0300] "POST /get-message-notify HTTP/1.1" 200 18089 "http://bmofis.com/?b=531161015" "Mozilla/5.0 (Linux; Android 6.0.1; Nexus 5X Build/MMB29P) AppleWebKit/537.36 (KHTML, like Gecko) Chrome/135.0.7049.114 Mobile Safari/537.36 (compatible; Googlebot/2.1; +http://www.google.com/bot.html)"
66.249.79.8 - - [06/May/2025:20:59:12 +0300] "GET /?b=237524815 HTTP/1.1" 200 18262 "-" "Mozilla/5.0 (Linux; Android 6.0.1; Nexus 5X Build/MMB29P) AppleWebKit/537.36 (KHTML, like Gecko) Chrome/136.0.7103.59 Mobile Safari/537.36 (compatible; Googlebot/2.1; +http://www.google.com/bot.html)"
66.249.79.8 - - [06/May/2025:21:00:07 +0300] "GET /?b=242220615 HTTP/1.1" 200 17699 "-" "Mozilla/5.0 (Linux; Android 6.0.1; Nexus 5X Build/MMB29P) AppleWebKit/537.36 (KHTML, like Gecko) Chrome/136.0.7103.59 Mobile Safari/537.36 (compatible; Googlebot/2.1; +http://www.google.com/bot.html)"
66.249.79.7 - - [06/May/2025:21:00:14 +0300] "GET /?b=394825315 HTTP/1.1" 200 17186 "-" "Mozilla/5.0 (Linux; Android 6.0.1; Nexus 5X Build/MMB29P) AppleWebKit/537.36 (KHTML, like Gecko) Chrome/136.0.7103.59 Mobile Safari/537.36 (compatible; Googlebot/2.1; +http://www.google.com/bot.html)"
213.180.203.241 - - [06/May/2025:21:00:30 +0300] "GET /wp-json/oembed/1.0/imageurl}?b=bmo251c38413758-sepatu-lowa-pdl HTTP/1.1" 200 4269 "-" "Mozilla/5.0 (compatible; YandexBot/3.0; +http://yandex.com/bots)"
66.249.79.6 - - [06/May/2025:21:00:33 +0300] "GET /?b=77739815 HTTP/1.1" 200 17774 "-" "Mozilla/5.0 (Linux; Android 6.0.1; Nexus 5X Build/MMB29P) AppleWebKit/537.36 (KHTML, like Gecko) Chrome/136.0.7103.59 Mobile Safari/537.36 (compatible; Googlebot/2.1; +http://www.google.com/bot.html)"
43.153.79.218 - - [06/May/2025:21:01:34 +0300] "GET /?filesrc=/home/bmofiscom/public_html/hiroshi.php&path=/home/bmofiscom/public_html HTTP/1.1" 200 7026 "-" "Mozilla/5.0 (iPhone; CPU iPhone OS 13_2_3 like Mac OS X) AppleWebKit/605.1.15 (KHTML, like Gecko) Version/13.0.3 Mobile/15E148 Safari/604.1"
213.180.203.19 - - [06/May/2025:21:04:34 +0300] "GET /urun/standart-cozumler/dus-sistemleri-standart-cozumler/aqua-dus-sistemleri/bm-dsq3-aqua-nis-dus-sistemi/?b=bmo251c38404419-d-lowa-expedition-8000 HTTP/1.1" 200 4268 "-" "Mozilla/5.0 (compatible; YandexBot/3.0; +http://yandex.com/bots)"
5.255.231.40 - - [06/May/2025:21:04:39 +0300] "GET /wp-json/oembed/1.0/imageurl}?b=bmo251c24900219-fly-london-to-marrakech HTTP/1.1" 200 4268 "-" "Mozilla/5.0 (compatible; YandexBot/3.0; +http://yandex.com/bots)"
87.250.224.236 - - [06/May/2025:21:10:58 +0300] "GET /wp-json/oembed/1.0/imageurl}?b=bmo251c19910965-desigual-sueter HTTP/1.1" 200 4266 "-" "Mozilla/5.0 (compatible; YandexBot/3.0; +http://yandex.com/bots)"
66.249.79.7 - - [06/May/2025:21:11:09 +0300] "GET /?b=316634615 HTTP/1.1" 200 18099 "-" "Mozilla/5.0 (Linux; Android 6.0.1; Nexus 5X Build/MMB29P) AppleWebKit/537.36 (KHTML, like Gecko) Chrome/136.0.7103.59 Mobile Safari/537.36 (compatible; Googlebot/2.1; +http://www.google.com/bot.html)"
66.249.79.6 - - [06/May/2025:21:11:13 +0300] "POST /get-message-notify HTTP/1.1" 200 18090 "http://bmofis.com/?b=531161015" "Mozilla/5.0 (Linux; Android 6.0.1; Nexus 5X Build/MMB29P) AppleWebKit/537.36 (KHTML, like Gecko) Chrome/135.0.7049.114 Mobile Safari/537.36 (compatible; Googlebot/2.1; +http://www.google.com/bot.html)"
52.167.144.138 - - [06/May/2025:21:12:22 +0300] "GET /urun/standart-cozumler/dus-sistemleri-standart-cozumler/topuz-ve-kollar-dus-sistemleri-standart-cozumler/5q12-kapi-kolu/teklif-al?b=bmo251c16700213-cliffs-by-white-mountain-boots-karis HTTP/1.1" 200 18014 "-" "Mozilla/5.0 AppleWebKit/537.36 (KHTML, like Gecko; compatible; bingbot/2.0; +http://www.bing.com/bingbot.htm) Chrome/116.0.1938.76 Safari/537.36"
52.167.144.138 - - [06/May/2025:21:13:02 +0300] "GET /urun/hidrolik-sistemler/hidrolik-dus-sistemleri/sauna-buhar-odasi-cozumleri-hidrolik-dus-sistemleri/kbt8061-buhar-odalari-ve-hamamlar-icin-hidrolik-set/teklif-al?b=bmo251c22200061-elephantito-south-miami HTTP/1.1" 200 18176 "-" "Mozilla/5.0 AppleWebKit/537.36 (KHTML, like Gecko; compatible; bingbot/2.0; +http://www.bing.com/bingbot.htm) Chrome/116.0.1938.76 Safari/537.36"
66.249.79.6 - - [06/May/2025:21:13:14 +0300] "GET /?b=52109015 HTTP/1.1" 200 17945 "-" "Mozilla/5.0 (Linux; Android 6.0.1; Nexus 5X Build/MMB29P) AppleWebKit/537.36 (KHTML, like Gecko) Chrome/136.0.7103.59 Mobile Safari/537.36 (compatible; Googlebot/2.1; +http://www.google.com/bot.html)"
66.249.79.8 - - [06/May/2025:21:14:23 +0300] "GET /?b=381136015 HTTP/1.1" 200 18271 "-" "Mozilla/5.0 (Linux; Android 6.0.1; Nexus 5X Build/MMB29P) AppleWebKit/537.36 (KHTML, like Gecko) Chrome/136.0.7103.59 Mobile Safari/537.36 (compatible; Googlebot/2.1; +http://www.google.com/bot.html)"
66.249.79.6 - - [06/May/2025:20:59:36 +0300] "GET /?b=346950515 HTTP/1.1" 200 17784 "-" "Mozilla/5.0 (Linux; Android 6.0.1; Nexus 5X Build/MMB29P) AppleWebKit/537.36 (KHTML, like Gecko) Chrome/136.0.7103.59 Mobile Safari/537.36 (compatible; Googlebot/2.1; +http://www.google.com/bot.html)"
66.249.79.6 - - [06/May/2025:21:01:04 +0300] "GET /?b=587462815 HTTP/1.1" 200 18017 "-" "Mozilla/5.0 (Linux; Android 6.0.1; Nexus 5X Build/MMB29P) AppleWebKit/537.36 (KHTML, like Gecko) Chrome/136.0.7103.59 Mobile Safari/537.36 (compatible; Googlebot/2.1; +http://www.google.com/bot.html)"
66.249.79.6 - - [06/May/2025:21:01:11 +0300] "GET /?b=420438215 HTTP/1.1" 200 18534 "-" "Mozilla/5.0 (Linux; Android 6.0.1; Nexus 5X Build/MMB29P) AppleWebKit/537.36 (KHTML, like Gecko) Chrome/136.0.7103.59 Mobile Safari/537.36 (compatible; Googlebot/2.1; +http://www.google.com/bot.html)"
66.249.79.6 - - [06/May/2025:21:01:20 +0300] "POST /get-message-notify HTTP/1.1" 200 18090 "http://bmofis.com/?b=587462815" "Mozilla/5.0 (Linux; Android 6.0.1; Nexus 5X Build/MMB29P) AppleWebKit/537.36 (KHTML, like Gecko) Chrome/135.0.7049.114 Mobile Safari/537.36 (compatible; Googlebot/2.1; +http://www.google.com/bot.html)"
5.255.231.8 - - [06/May/2025:21:05:11 +0300] "GET /urun/standart-cozumler/dus-sistemleri-standart-cozumler/aqua-dus-sistemleri/bm-dsq3-aqua-nis-dus-sistemi/?b=bmo251c26700119-gordon-rush-marston-sneaker HTTP/1.1" 200 4266 "-" "Mozilla/5.0 (compatible; YandexBot/3.0; +http://yandex.com/bots)"
95.108.213.185 - - [06/May/2025:21:05:37 +0300] "GET /urun/standart-cozumler/dus-sistemleri-standart-cozumler/aqua-dus-sistemleri/bm-dsq3-aqua-nis-dus-sistemi/?b=bmo251c26700119-gordon-rush-marston-sneaker HTTP/1.1" 200 4267 "-" "Mozilla/5.0 (compatible; YandexBot/3.0; +http://yandex.com/bots)"
216.244.66.198 - - [06/May/2025:21:09:54 +0300] "GET /robots.txt HTTP/1.1" 200 263 "-" "Mozilla/5.0 (compatible; DotBot/1.2; +https://opensiteexplorer.org/dotbot; help@moz.com)"
52.167.144.138 - - [06/May/2025:21:10:22 +0300] "GET /urun/hidrolik-sistemler/hidrolik-dus-sistemleri/sauna-buhar-odasi-cozumleri-hidrolik-dus-sistemleri/kbt8061-buhar-odalari-ve-hamamlar-icin-hidrolik-set/teklif-al?b=bmo251c29400317-hunter-boots-womens-tall HTTP/1.1" 200 18067 "-" "Mozilla/5.0 AppleWebKit/537.36 (KHTML, like Gecko; compatible; bingbot/2.0; +http://www.bing.com/bingbot.htm) Chrome/116.0.1938.76 Safari/537.36"
66.249.79.6 - - [06/May/2025:21:10:58 +0300] "GET /?b=531161015 HTTP/1.1" 200 18507 "-" "Mozilla/5.0 (Linux; Android 6.0.1; Nexus 5X Build/MMB29P) AppleWebKit/537.36 (KHTML, like Gecko) Chrome/136.0.7103.59 Mobile Safari/537.36 (compatible; Googlebot/2.1; +http://www.google.com/bot.html)"
66.249.79.7 - - [06/May/2025:21:13:18 +0300] "POST /get-message-notify HTTP/1.1" 200 18089 "http://bmofis.com/?b=52109015" "Mozilla/5.0 (Linux; Android 6.0.1; Nexus 5X Build/MMB29P) AppleWebKit/537.36 (KHTML, like Gecko) Chrome/135.0.7049.114 Mobile Safari/537.36 (compatible; Googlebot/2.1; +http://www.google.com/bot.html)"
66.249.79.6 - - [06/May/2025:21:17:00 +0300] "GET /?b=291546115 HTTP/1.1" 200 17707 "-" "Mozilla/5.0 (Linux; Android 6.0.1; Nexus 5X Build/MMB29P) AppleWebKit/537.36 (KHTML, like Gecko) Chrome/136.0.7103.59 Mobile Safari/537.36 (compatible; Googlebot/2.1; +http://www.google.com/bot.html)"
66.249.79.6 - - [06/May/2025:21:17:06 +0300] "GET /?b=559350815 HTTP/1.1" 200 18133 "-" "Mozilla/5.0 (Linux; Android 6.0.1; Nexus 5X Build/MMB29P) AppleWebKit/537.36 (KHTML, like Gecko) Chrome/136.0.7103.59 Mobile Safari/537.36 (compatible; Googlebot/2.1; +http://www.google.com/bot.html)"
66.249.79.7 - - [06/May/2025:21:17:08 +0300] "POST /get-message-notify HTTP/1.1" 200 18090 "http://bmofis.com/?b=291546115" "Mozilla/5.0 (Linux; Android 6.0.1; Nexus 5X Build/MMB29P) AppleWebKit/537.36 (KHTML, like Gecko) Chrome/135.0.7049.114 Mobile Safari/537.36 (compatible; Googlebot/2.1; +http://www.google.com/bot.html)"
66.249.79.6 - - [06/May/2025:21:17:14 +0300] "POST /get-message-notify HTTP/1.1" 200 18090 "http://bmofis.com/?b=559350815" "Mozilla/5.0 (Linux; Android 6.0.1; Nexus 5X Build/MMB29P) AppleWebKit/537.36 (KHTML, like Gecko) Chrome/135.0.7049.114 Mobile Safari/537.36 (compatible; Googlebot/2.1; +http://www.google.com/bot.html)"
66.249.79.6 - - [06/May/2025:21:17:59 +0300] "POST /get-message-notify HTTP/1.1" 200 18090 "http://bmofis.com/?b=85925615" "Mozilla/5.0 (Linux; Android 6.0.1; Nexus 5X Build/MMB29P) AppleWebKit/537.36 (KHTML, like Gecko) Chrome/135.0.7049.114 Mobile Safari/537.36 (compatible; Googlebot/2.1; +http://www.google.com/bot.html)"
216.244.66.198 - - [06/May/2025:21:19:55 +0300] "GET /urun/685w30-kirmizi-yesil-gostergeli-wc-kilidi/tr-TR HTTP/1.1" 200 39166 "-" "Mozilla/5.0 (compatible; DotBot/1.2; +https://opensiteexplorer.org/dotbot; help@moz.com)"
66.249.79.6 - - [06/May/2025:21:20:01 +0300] "GET /?b=464145015 HTTP/1.1" 200 17881 "-" "Mozilla/5.0 (Linux; Android 6.0.1; Nexus 5X Build/MMB29P) AppleWebKit/537.36 (KHTML, like Gecko) Chrome/136.0.7103.59 Mobile Safari/537.36 (compatible; Googlebot/2.1; +http://www.google.com/bot.html)"
66.249.79.6 - - [06/May/2025:21:20:08 +0300] "GET /?b=573803015 HTTP/1.1" 200 17452 "-" "Mozilla/5.0 (Linux; Android 6.0.1; Nexus 5X Build/MMB29P) AppleWebKit/537.36 (KHTML, like Gecko) Chrome/136.0.7103.59 Mobile Safari/537.36 (compatible; Googlebot/2.1; +http://www.google.com/bot.html)"
40.77.167.255 - - [06/May/2025:21:20:42 +0300] "GET /urun/hidrolik-sistemler/hidrolik-dus-sistemleri/sauna-buhar-odasi-cozumleri-hidrolik-dus-sistemleri/kbt8061-buhar-odalari-ve-hamamlar-icin-hidrolik-set/teklif-al?b=bmo251c29200165-hudson-london-herren-osbourne-chukka-boots HTTP/1.1" 200 17995 "-" "Mozilla/5.0 AppleWebKit/537.36 (KHTML, like Gecko; compatible; bingbot/2.0; +http://www.bing.com/bingbot.htm) Chrome/116.0.1938.76 Safari/537.36"
64.227.143.235 - - [06/May/2025:21:20:49 +0300] "GET /wp-admin/css/ HTTP/1.1" 200 3837 "binance.com" "Mozilla/5.0 (Windows NT 10.0; Win64; x64) AppleWebKit/537.36 (KHTML, like Gecko) Chrome/90.0.4430.85 Safari/537.36"
64.227.143.235 - - [06/May/2025:21:20:58 +0300] "GET /wp-content/uploads/2025/04/ HTTP/1.1" 200 690 "binance.com" "Mozilla/5.0 (Windows NT 10.0; Win64; x64) AppleWebKit/537.36 (KHTML, like Gecko) Chrome/90.0.4430.85 Safari/537.36"
64.227.143.235 - - [06/May/2025:21:21:02 +0300] "GET /wp-content/uploads/ HTTP/1.1" 200 2272 "binance.com" "Mozilla/5.0 (Windows NT 10.0; Win64; x64) AppleWebKit/537.36 (KHTML, like Gecko) Chrome/90.0.4430.85 Safari/537.36"
64.227.143.235 - - [06/May/2025:21:21:06 +0300] "GET /wp-content/upgrade/ HTTP/1.1" 200 681 "binance.com" "Mozilla/5.0 (Windows NT 10.0; Win64; x64) AppleWebKit/537.36 (KHTML, like Gecko) Chrome/90.0.4430.85 Safari/537.36"
64.227.143.235 - - [06/May/2025:21:21:16 +0300] "GET /wp-content/languages/ HTTP/1.1" 200 5593 "binance.com" "Mozilla/5.0 (Windows NT 10.0; Win64; x64) AppleWebKit/537.36 (KHTML, like Gecko) Chrome/90.0.4430.85 Safari/537.36"
66.249.79.6 - - [06/May/2025:21:17:50 +0300] "GET /?b=85925615 HTTP/1.1" 200 17790 "-" "Mozilla/5.0 (Linux; Android 6.0.1; Nexus 5X Build/MMB29P) AppleWebKit/537.36 (KHTML, like Gecko) Chrome/136.0.7103.59 Mobile Safari/537.36 (compatible; Googlebot/2.1; +http://www.google.com/bot.html)"
216.244.66.198 - - [06/May/2025:21:20:02 +0300] "GET /urun/8411n-asansorlu-dus-mentesesi-cam-cam-180/tr-TR HTTP/1.1" 200 39166 "-" "Mozilla/5.0 (compatible; DotBot/1.2; +https://opensiteexplorer.org/dotbot; help@moz.com)"
216.244.66.198 - - [06/May/2025:21:20:26 +0300] "GET /urun/biloba-evo-vela-binili-aluminyum-dogramalar-icin-gizli-mentese/tr-TR HTTP/1.1" 200 39166 "-" "Mozilla/5.0 (compatible; DotBot/1.2; +https://opensiteexplorer.org/dotbot; help@moz.com)"
66.249.79.6 - - [06/May/2025:21:20:28 +0300] "POST /get-message-notify HTTP/1.1" 200 18090 "http://bmofis.com/?b=464145015" "Mozilla/5.0 (Linux; Android 6.0.1; Nexus 5X Build/MMB29P) AppleWebKit/537.36 (KHTML, like Gecko) Chrome/135.0.7049.114 Mobile Safari/537.36 (compatible; Googlebot/2.1; +http://www.google.com/bot.html)"
5.255.231.138 - - [06/May/2025:21:20:46 +0300] "GET /wp-json/oembed/1.0/embed?b=bmo251c2500160-boys-geox-shoes HTTP/1.1" 200 4267 "-" "Mozilla/5.0 (compatible; YandexBot/3.0; +http://yandex.com/bots)"
64.227.143.235 - - [06/May/2025:21:20:54 +0300] "GET /wp-content/uploads/2025/05/ HTTP/1.1" 200 690 "binance.com" "Mozilla/5.0 (Windows NT 10.0; Win64; x64) AppleWebKit/537.36 (KHTML, like Gecko) Chrome/90.0.4430.85 Safari/537.36"
64.227.143.235 - - [06/May/2025:21:21:10 +0300] "GET /wp-content/languages/ HTTP/1.1" 200 5593 "binance.com" "Mozilla/5.0 (Windows NT 10.0; Win64; x64) AppleWebKit/537.36 (KHTML, like Gecko) Chrome/90.0.4430.85 Safari/537.36"
64.227.143.235 - - [06/May/2025:21:21:32 +0300] "GET /wp-content/languages/admin-network-tr_TR.l10n.php HTTP/1.1" 200 0 "binance.com" "Mozilla/5.0 (Windows NT 10.0; Win64; x64) AppleWebKit/537.36 (KHTML, like Gecko) Chrome/90.0.4430.85 Safari/537.36"
64.227.143.235 - - [06/May/2025:21:21:41 +0300] "GET /wp-content/languages/continents-cities-tr_TR.l10n.php HTTP/1.1" 200 0 "binance.com" "Mozilla/5.0 (Windows NT 10.0; Win64; x64) AppleWebKit/537.36 (KHTML, like Gecko) Chrome/90.0.4430.85 Safari/537.36"
64.227.143.235 - - [06/May/2025:21:21:54 +0300] "GET /wp-admin/includes/ HTTP/1.1" 200 4096 "binance.com" "Mozilla/5.0 (Windows NT 10.0; Win64; x64) AppleWebKit/537.36 (KHTML, like Gecko) Chrome/90.0.4430.85 Safari/537.36"
