Current File : /home/bmofiscom/access-logs/bmofis.com
186.227.207.161 - - [06/May/2025:15:11:05 +0300] "POST /xmlrpc.php HTTP/1.1" 200 3595 "http://www.bmofis.com" "Mozilla/5.0 (Windows NT 10.0; Win64; x64) AppleWebKit/537.36 (KHTML, like Gecko) Chrome/115.0.5790.102 Safari/537.36"
213.180.203.241 - - [06/May/2025:15:11:57 +0300] "GET /robots.txt HTTP/1.1" 200 263 "-" "Mozilla/5.0 (compatible; YandexBot/3.0; +http://yandex.com/bots)"
216.244.66.198 - - [06/May/2025:15:20:38 +0300] "GET /robots.txt HTTP/1.1" 200 263 "-" "Mozilla/5.0 (compatible; DotBot/1.2; +https://opensiteexplorer.org/dotbot; help@moz.com)"
40.77.167.149 - - [06/May/2025:15:23:02 +0300] "GET /urun/hidrolik-sistemler/hidrolik-dis-kapi-sistemleri/menteseler-hidrolik-dis-kapi-sistemleri/triloba-150kg-kapasiteli-hidrolik-mentese-alt-mentese/teklif-al?b=bmo251c60002920-old-boy-sissy-gay-boys-%D0%B3%D0%BE%D0%BB%D1%8B%D0%B5-%D0%B8-%D1%82%D0%BE%D0%BB%D1%81%D1%82%D1%8B%D0%B5 HTTP/1.1" 200 3568 "-" "Mozilla/5.0 AppleWebKit/537.36 (KHTML, like Gecko; compatible; bingbot/2.0; +http://www.bing.com/bingbot.htm) Chrome/116.0.1938.76 Safari/537.36"
82.165.88.219 - - [06/May/2025:15:23:37 +0300] "GET /wp-config.php-orig HTTP/1.1" 200 39166 "-" "-"
5.255.231.70 - - [06/May/2025:15:13:51 +0300] "GET /robots.txt HTTP/1.1" 200 263 "-" "Mozilla/5.0 (compatible; YandexBot/3.0; +http://yandex.com/bots)"
206.189.89.99 - - [06/May/2025:15:14:22 +0300] "POST /xmlrpc.php HTTP/1.1" 200 4265 "http://bmofis.com" "Mozilla/5.0 (Windows NT 11.0; Win64; x64) AppleWebKit/537.36 (KHTML, like Gecko) Chrome/126.0.0.0 Safari/537.36"
186.64.114.40 - - [06/May/2025:15:19:00 +0300] "POST /xmlrpc.php HTTP/1.1" 200 3594 "http://www.bmofis.com" "Mozilla/5.0 (Windows NT 11.0; Win64; x64; rv:126.0) Gecko/20100101 Firefox/126.0"
213.180.203.19 - - [06/May/2025:15:20:46 +0300] "GET /wp-json/oembed/1.0/embed?b=bmo251c9000338-shoe-carnival-basketball-shoes HTTP/1.1" 200 4266 "-" "Mozilla/5.0 (compatible; YandexBot/3.0; +http://yandex.com/bots)"
142.44.138.99 - - [06/May/2025:15:22:17 +0300] "POST /xmlrpc.php HTTP/1.1" 200 4266 "http://bmofis.com" "Mozilla/5.0 (Windows NT 10.0; Win64; x64) AppleWebKit/537.36 (KHTML, like Gecko) Chrome/113.0.5672.93 Safari/537.36"
74.208.57.77 - - [06/May/2025:15:23:39 +0300] "GET /wp-config.php_orig HTTP/1.1" 200 39166 "-" "-"
5.255.231.40 - - [06/May/2025:15:26:24 +0300] "GET /?b=bmo251c56200368-heb-rockport-texas HTTP/1.1" 200 4265 "-" "Mozilla/5.0 (compatible; YandexBot/3.0; +http://yandex.com/bots)"
213.180.203.92 - - [06/May/2025:15:27:26 +0300] "GET /?b=bmo251c56200368-heb-rockport-texas HTTP/1.1" 200 4265 "-" "Mozilla/5.0 (compatible; YandexBot/3.0; +http://yandex.com/bots)"
5.255.231.8 - - [06/May/2025:15:28:08 +0300] "GET /wp-json/oembed/1.0/imageurl%7D?b=bmo251c42302861-naked-%26-famous-denim-men%27s-japan-2 HTTP/1.1" 200 4265 "-" "Mozilla/5.0 (compatible; YandexBot/3.0; +http://yandex.com/bots)"
87.250.224.236 - - [06/May/2025:15:29:25 +0300] "GET /wp-json/oembed/1.0/imageurl}?b=bmo251c400364-reebok-galaxy-1 HTTP/1.1" 200 4279 "-" "Mozilla/5.0 (compatible; YandexBot/3.0; +http://yandex.com/bots)"
87.250.224.216 - - [06/May/2025:15:30:36 +0300] "GET /wp-json/oembed/1.0/imageurl%7D?b=bmo251c14600645-c9-champion-long-sleeve-black HTTP/1.1" 200 4265 "-" "Mozilla/5.0 (compatible; YandexBot/3.0; +http://yandex.com/bots)"
216.244.66.198 - - [06/May/2025:15:30:53 +0300] "GET /urun/683w02-binili-cam-kapi-kilidi-barelsiz-kullanim/teklif-al HTTP/1.1" 200 39166 "-" "Mozilla/5.0 (compatible; DotBot/1.2; +https://opensiteexplorer.org/dotbot; help@moz.com)"
216.244.66.198 - - [06/May/2025:15:31:00 +0300] "GET /urun/biloba-evo-hidrolik-cam-kapi-mentesesi-cam-cam-90da-durmaz/en-US HTTP/1.1" 200 39166 "-" "Mozilla/5.0 (compatible; DotBot/1.2; +https://opensiteexplorer.org/dotbot; help@moz.com)"
23.239.27.53 - - [06/May/2025:15:34:25 +0300] "POST /xmlrpc.php HTTP/1.1" 200 3567 "http://bmofis.com" "Mozilla/5.0 (Windows NT 10.0; Win64; x64; rv:129.0) Gecko/20100101 Firefox/129.0"
67.223.118.151 - - [06/May/2025:15:38:56 +0300] "POST /xmlrpc.php HTTP/1.1" 200 3567 "http://www.bmofis.com" "Mozilla/5.0 (Windows NT 11.0; Win64; x64) AppleWebKit/537.36 (KHTML, like Gecko) Chrome/126.0.0.0 Safari/537.36 Edg/126.0.0.0"
62.60.160.33 - - [06/May/2025:15:26:53 +0300] "POST /xmlrpc.php HTTP/1.1" 200 3568 "http://www.bmofis.com" "Mozilla/5.0 (Windows NT 10.0; Win64; x64; rv:125.0.1) Gecko/20100101 Firefox/125.0.1"
5.255.231.138 - - [06/May/2025:15:29:26 +0300] "GET /wp-json/oembed/1.0/embed?b=bmo251c33900064-kari-traa-maud HTTP/1.1" 200 4265 "-" "Mozilla/5.0 (compatible; YandexBot/3.0; +http://yandex.com/bots)"
173.249.144.88 - - [06/May/2025:15:30:07 +0300] "POST /xmlrpc.php HTTP/1.1" 200 3568 "http://bmofis.com" "Mozilla/5.0 (Macintosh; Intel Mac OS X 10_15_7) AppleWebKit/537.36 (KHTML, like Gecko) Chrome/115.0.5790.102 Safari/537.36"
51.77.247.142 - - [06/May/2025:15:42:13 +0300] "POST /xmlrpc.php HTTP/1.1" 200 3568 "http://bmofis.com" "Mozilla/5.0 (Windows NT 11.0; Win64; x64; rv:126.0) Gecko/20100101 Firefox/126.0"
216.244.66.198 - - [06/May/2025:15:45:50 +0300] "GET /en/urun/standard-solutions/sliding-systems/fluido-system/fluido-sliding-system-70kg/tr-TR HTTP/1.1" 200 39166 "-" "Mozilla/5.0 (compatible; DotBot/1.2; +https://opensiteexplorer.org/dotbot; help@moz.com)"
216.244.66.198 - - [06/May/2025:15:45:58 +0300] "GET /urun/standart-cozumler/ofis-bolme-sistemleri/sabitleme-kelepceleri/4041-sikma-kolu-cam-deliksiz-6-15mm/tr-TR HTTP/1.1" 200 39166 "-" "Mozilla/5.0 (compatible; DotBot/1.2; +https://opensiteexplorer.org/dotbot; help@moz.com)"
195.26.245.159 - - [06/May/2025:15:46:54 +0300] "POST /xmlrpc.php HTTP/1.1" 200 4271 "http://www.bmofis.com" "Mozilla/5.0 (Windows NT 11.0; Win64; x64) AppleWebKit/537.36 (KHTML, like Gecko) Chrome/126.0.0.0 Safari/537.36 Edg/126.0.0.0"
5.255.231.17 - - [06/May/2025:15:58:56 +0300] "GET /wp-json/oembed/1.0/imageurl%7D?b=bmo251c8700307-2003-nhl-all-star-jersey HTTP/1.1" 200 4267 "-" "Mozilla/5.0 (compatible; YandexBot/3.0; +http://yandex.com/bots)"
216.244.66.198 - - [06/May/2025:15:45:54 +0300] "GET /urun/standart-cozumler/dus-sistemleri-standart-cozumler/topuz-ve-kollar-dus-sistemleri-standart-cozumler/5c00-kapi-kolu/tr-TR HTTP/1.1" 200 39166 "-" "Mozilla/5.0 (compatible; DotBot/1.2; +https://opensiteexplorer.org/dotbot; help@moz.com)"
5.255.231.34 - - [06/May/2025:15:46:57 +0300] "GET /wp-json/oembed/1.0/imageurl%7D?b=bmo251c42301963-famous-male-actor-naked-oops HTTP/1.1" 200 4266 "-" "Mozilla/5.0 (compatible; YandexBot/3.0; +http://yandex.com/bots)"
81.12.53.206 - - [06/May/2025:15:54:52 +0300] "POST /xmlrpc.php HTTP/1.1" 200 4265 "http://www.bmofis.com" "Mozilla/5.0 (Windows NT 10.0; Win64; x64) AppleWebKit/537.36 (KHTML, like Gecko) Chrome/115.0.5790.171 Safari/537.36 Edg/115.0.1901.203"
52.167.144.223 - - [06/May/2025:15:56:02 +0300] "GET /urun/slash-hidrolik-dus-kabini-duvar-ve-sabit-cam-arasi-kose-seti-bir-kanat-bir-sabit/?b=bmo251c47700014-ada-county-trash-collection-schedule HTTP/1.1" 200 17801 "-" "Mozilla/5.0 AppleWebKit/537.36 (KHTML, like Gecko; compatible; bingbot/2.0; +http://www.bing.com/bingbot.htm) Chrome/116.0.1938.76 Safari/537.36"
198.54.120.87 - - [06/May/2025:15:58:14 +0300] "POST /xmlrpc.php HTTP/1.1" 200 3642 "http://bmofis.com" "Mozilla/5.0 (Windows NT 11.0; Win64; x64) AppleWebKit/537.36 (KHTML, like Gecko) Chrome/126.0.0.0 Safari/537.36 Edg/126.0.0.0"
5.255.231.185 - - [06/May/2025:16:01:05 +0300] "GET /wp-json/oembed/1.0/imageurl%7D?b=bmo251c50200179-honda-power-equipment HTTP/1.1" 200 4271 "-" "Mozilla/5.0 (compatible; YandexBot/3.0; +http://yandex.com/bots)"
143.198.5.144 - - [06/May/2025:16:02:03 +0300] "GET / HTTP/1.1" 200 4266 "-" "python-requests/2.25.1"
185.8.173.159 - - [06/May/2025:16:03:05 +0300] "POST /xmlrpc.php HTTP/1.1" 200 3571 "http://www.bmofis.com" "Mozilla/5.0 (Windows NT 10.0; Win64; x64; rv:129.0) Gecko/20100101 Firefox/129.0"
87.250.224.206 - - [06/May/2025:16:03:57 +0300] "GET /wp-json/oembed/1.0/imageurl%7D?b=bmo251c55304912-rieker-cizme-prodaja HTTP/1.1" 200 4267 "-" "Mozilla/5.0 (compatible; YandexBot/3.0; +http://yandex.com/bots)"
216.244.66.198 - - [06/May/2025:16:07:32 +0300] "GET /robots.txt HTTP/1.1" 200 263 "-" "Mozilla/5.0 (compatible; DotBot/1.2; +https://opensiteexplorer.org/dotbot; help@moz.com)"
87.250.224.15 - - [06/May/2025:16:14:25 +0300] "GET /wp-json/oembed/1.0/embed?b=bmo251c48706837-macy-betsey-johnson HTTP/1.1" 200 4265 "-" "Mozilla/5.0 (compatible; YandexBot/3.0; +http://yandex.com/bots)"
5.255.231.15 - - [06/May/2025:16:16:42 +0300] "GET /wp-json/oembed/1.0/imageurl%7D?b=bmo251c64800271-timbuk2-tuck-eco-pack HTTP/1.1" 200 4266 "-" "Mozilla/5.0 (compatible; YandexBot/3.0; +http://yandex.com/bots)"
216.244.66.198 - - [06/May/2025:16:16:56 +0300] "GET /urun/pcc12-3-polikarbon-derz-citasi-90-kose-10mm/teklif-al HTTP/1.1" 200 39166 "-" "Mozilla/5.0 (compatible; DotBot/1.2; +https://opensiteexplorer.org/dotbot; help@moz.com)"
216.244.66.198 - - [06/May/2025:16:17:34 +0300] "GET /urun/8501-yayli-dus-mentesesi-duvar-cam-asimetrik-montaj-plakali/ HTTP/1.1" 200 39163 "-" "Mozilla/5.0 (compatible; DotBot/1.2; +https://opensiteexplorer.org/dotbot; help@moz.com)"
216.244.66.198 - - [06/May/2025:16:17:38 +0300] "GET /urun/biloba-8011-hidrolik-cam-kapi-mentesesi-duvar-cam-asimetrik-montaj-plakali/teklif-al HTTP/1.1" 200 39166 "-" "Mozilla/5.0 (compatible; DotBot/1.2; +https://opensiteexplorer.org/dotbot; help@moz.com)"
196.251.80.141 - - [06/May/2025:16:20:01 +0300] "GET / HTTP/1.1" 200 39166 "-" "Mozilla/5.0 (Windows NT 10.0; Win64; x64) AppleWebKit/537.36 (KHTML, like Gecko) Chrome/89.0.4389.114 Safari/537.36"
196.251.80.141 - - [06/May/2025:16:20:03 +0300] "GET / HTTP/1.1" 200 39166 "-" "Mozilla/5.0 (Windows NT 10.0; Win64; x64) AppleWebKit/537.36 (KHTML, like Gecko) Chrome/89.0.4389.114 Safari/537.36"
196.251.80.141 - - [06/May/2025:16:20:04 +0300] "GET /wp-includes/wlwmanifest.xml HTTP/1.1" 200 39166 "-" "Mozilla/5.0 (Windows NT 10.0; Win64; x64) AppleWebKit/537.36 (KHTML, like Gecko) Chrome/89.0.4389.114 Safari/537.36"
196.251.80.141 - - [06/May/2025:16:20:05 +0300] "GET /xmlrpc.php?rsd HTTP/1.1" 200 39166 "-" "Mozilla/5.0 (Windows NT 10.0; Win64; x64) AppleWebKit/537.36 (KHTML, like Gecko) Chrome/89.0.4389.114 Safari/537.36"
196.251.80.141 - - [06/May/2025:16:20:06 +0300] "GET / HTTP/1.1" 200 39166 "-" "Mozilla/5.0 (Windows NT 10.0; Win64; x64) AppleWebKit/537.36 (KHTML, like Gecko) Chrome/89.0.4389.114 Safari/537.36"
196.251.80.141 - - [06/May/2025:16:20:08 +0300] "GET /blog/wp-includes/wlwmanifest.xml HTTP/1.1" 200 39166 "-" "Mozilla/5.0 (Windows NT 10.0; Win64; x64) AppleWebKit/537.36 (KHTML, like Gecko) Chrome/89.0.4389.114 Safari/537.36"
196.251.80.141 - - [06/May/2025:16:20:09 +0300] "GET /web/wp-includes/wlwmanifest.xml HTTP/1.1" 200 39166 "-" "Mozilla/5.0 (Windows NT 10.0; Win64; x64) AppleWebKit/537.36 (KHTML, like Gecko) Chrome/89.0.4389.114 Safari/537.36"
196.251.80.141 - - [06/May/2025:16:20:10 +0300] "GET /wordpress/wp-includes/wlwmanifest.xml HTTP/1.1" 200 39166 "-" "Mozilla/5.0 (Windows NT 10.0; Win64; x64) AppleWebKit/537.36 (KHTML, like Gecko) Chrome/89.0.4389.114 Safari/537.36"
196.251.80.141 - - [06/May/2025:16:20:13 +0300] "GET /website/wp-includes/wlwmanifest.xml HTTP/1.1" 200 39166 "-" "Mozilla/5.0 (Windows NT 10.0; Win64; x64) AppleWebKit/537.36 (KHTML, like Gecko) Chrome/89.0.4389.114 Safari/537.36"
196.251.80.141 - - [06/May/2025:16:20:18 +0300] "GET /wp/wp-includes/wlwmanifest.xml HTTP/1.1" 200 39166 "-" "Mozilla/5.0 (Windows NT 10.0; Win64; x64) AppleWebKit/537.36 (KHTML, like Gecko) Chrome/89.0.4389.114 Safari/537.36"
196.251.80.141 - - [06/May/2025:16:20:19 +0300] "GET /news/wp-includes/wlwmanifest.xml HTTP/1.1" 200 39166 "-" "Mozilla/5.0 (Windows NT 10.0; Win64; x64) AppleWebKit/537.36 (KHTML, like Gecko) Chrome/89.0.4389.114 Safari/537.36"
196.251.80.141 - - [06/May/2025:16:20:21 +0300] "GET /2020/wp-includes/wlwmanifest.xml HTTP/1.1" 200 39166 "-" "Mozilla/5.0 (Windows NT 10.0; Win64; x64) AppleWebKit/537.36 (KHTML, like Gecko) Chrome/89.0.4389.114 Safari/537.36"
196.251.80.141 - - [06/May/2025:16:20:22 +0300] "GET /2019/wp-includes/wlwmanifest.xml HTTP/1.1" 200 39166 "-" "Mozilla/5.0 (Windows NT 10.0; Win64; x64) AppleWebKit/537.36 (KHTML, like Gecko) Chrome/89.0.4389.114 Safari/537.36"
196.251.80.141 - - [06/May/2025:16:20:25 +0300] "GET /shop/wp-includes/wlwmanifest.xml HTTP/1.1" 200 39166 "-" "Mozilla/5.0 (Windows NT 10.0; Win64; x64) AppleWebKit/537.36 (KHTML, like Gecko) Chrome/89.0.4389.114 Safari/537.36"
196.251.80.141 - - [06/May/2025:16:20:27 +0300] "GET /wp1/wp-includes/wlwmanifest.xml HTTP/1.1" 200 39166 "-" "Mozilla/5.0 (Windows NT 10.0; Win64; x64) AppleWebKit/537.36 (KHTML, like Gecko) Chrome/89.0.4389.114 Safari/537.36"
196.251.80.141 - - [06/May/2025:16:20:29 +0300] "GET /test/wp-includes/wlwmanifest.xml HTTP/1.1" 200 39165 "-" "Mozilla/5.0 (Windows NT 10.0; Win64; x64) AppleWebKit/537.36 (KHTML, like Gecko) Chrome/89.0.4389.114 Safari/537.36"
196.251.80.141 - - [06/May/2025:16:20:30 +0300] "GET /wp2/wp-includes/wlwmanifest.xml HTTP/1.1" 200 39165 "-" "Mozilla/5.0 (Windows NT 10.0; Win64; x64) AppleWebKit/537.36 (KHTML, like Gecko) Chrome/89.0.4389.114 Safari/537.36"
196.251.80.141 - - [06/May/2025:16:20:32 +0300] "GET /site/wp-includes/wlwmanifest.xml HTTP/1.1" 200 39165 "-" "Mozilla/5.0 (Windows NT 10.0; Win64; x64) AppleWebKit/537.36 (KHTML, like Gecko) Chrome/89.0.4389.114 Safari/537.36"
196.251.80.141 - - [06/May/2025:16:20:33 +0300] "GET /cms/wp-includes/wlwmanifest.xml HTTP/1.1" 200 39165 "-" "Mozilla/5.0 (Windows NT 10.0; Win64; x64) AppleWebKit/537.36 (KHTML, like Gecko) Chrome/89.0.4389.114 Safari/537.36"
196.251.80.141 - - [06/May/2025:16:20:34 +0300] "GET /sito/wp-includes/wlwmanifest.xml HTTP/1.1" 200 39165 "-" "Mozilla/5.0 (Windows NT 10.0; Win64; x64) AppleWebKit/537.36 (KHTML, like Gecko) Chrome/89.0.4389.114 Safari/537.36"
213.180.203.19 - - [06/May/2025:16:20:37 +0300] "GET /wp-json/oembed/1.0/imageurl%7D?b=bmo251c41300428-miraclesuit-illusionists-palma-one-piece-swimsuit HTTP/1.1" 200 4266 "-" "Mozilla/5.0 (compatible; YandexBot/3.0; +http://yandex.com/bots)"
216.244.66.198 - - [06/May/2025:16:21:05 +0300] "GET /SFolder/Kategori/Resim/321R1.png HTTP/1.1" 200 39166 "-" "Mozilla/5.0 (compatible; DotBot/1.2; +https://opensiteexplorer.org/dotbot; help@moz.com)"
216.244.66.198 - - [06/May/2025:16:21:18 +0300] "GET /SFolder/Kategori/Resim/482R1.png HTTP/1.1" 200 39166 "-" "Mozilla/5.0 (compatible; DotBot/1.2; +https://opensiteexplorer.org/dotbot; help@moz.com)"
216.244.66.198 - - [06/May/2025:16:21:21 +0300] "GET /SFolder/Kategori/Resim/499R1.png HTTP/1.1" 200 39166 "-" "Mozilla/5.0 (compatible; DotBot/1.2; +https://opensiteexplorer.org/dotbot; help@moz.com)"
5.255.231.40 - - [06/May/2025:16:27:39 +0300] "GET /wp-json/oembed/1.0/imageurl}?b=bmo251c39900056-marc-joseph-new-york-ferris-ballet-flat HTTP/1.1" 200 4266 "-" "Mozilla/5.0 (compatible; YandexBot/3.0; +http://yandex.com/bots)"
87.250.224.75 - - [06/May/2025:16:28:47 +0300] "GET /wp-json/oembed/1.0/imageurl}?b=bmo251c68600093-vibram-fivefingers-v-train HTTP/1.1" 200 4265 "-" "Mozilla/5.0 (compatible; YandexBot/3.0; +http://yandex.com/bots)"
5.255.231.54 - - [06/May/2025:16:30:26 +0300] "GET /wp-json/oembed/1.0/imageurl}?b=bmo251c62700421-tamaris-sandalen-braun HTTP/1.1" 200 4266 "-" "Mozilla/5.0 (compatible; YandexBot/3.0; +http://yandex.com/bots)"
216.244.66.198 - - [06/May/2025:16:16:50 +0300] "GET /urun/biloba-8015-hidrolik-cam-kapi-mentesesi-cam-cama/ HTTP/1.1" 200 39166 "-" "Mozilla/5.0 (compatible; DotBot/1.2; +https://opensiteexplorer.org/dotbot; help@moz.com)"
5.255.231.62 - - [06/May/2025:16:19:21 +0300] "GET /?b=bmo251c33700250-karen-kane-dresses-belk HTTP/1.1" 200 4266 "-" "Mozilla/5.0 (compatible; YandexBot/3.0; +http://yandex.com/bots)"
5.255.231.68 - - [06/May/2025:16:19:21 +0300] "GET /wp-json/oembed/1.0/embed?b=bmo251c27500340-heartloom-carla-coat HTTP/1.1" 200 4269 "-" "Mozilla/5.0 (compatible; YandexBot/3.0; +http://yandex.com/bots)"
213.180.203.241 - - [06/May/2025:16:20:06 +0300] "GET /wp-json/oembed/1.0/imageurl}?b=bmo251c38301560-not-all-who-wander-are-lost-betekenis HTTP/1.1" 200 4266 "-" "Mozilla/5.0 (compatible; YandexBot/3.0; +http://yandex.com/bots)"
216.244.66.198 - - [06/May/2025:16:20:55 +0300] "GET /SFolder/Kategori/Pdf/284R1.pdf HTTP/1.1" 200 39166 "-" "Mozilla/5.0 (compatible; DotBot/1.2; +https://opensiteexplorer.org/dotbot; help@moz.com)"
216.244.66.198 - - [06/May/2025:16:20:58 +0300] "GET /SFolder/Kategori/Resim/195R1.png HTTP/1.1" 200 39166 "-" "Mozilla/5.0 (compatible; DotBot/1.2; +https://opensiteexplorer.org/dotbot; help@moz.com)"
216.244.66.198 - - [06/May/2025:16:21:01 +0300] "GET /SFolder/Kategori/Resim/302R1.png HTTP/1.1" 200 39166 "-" "Mozilla/5.0 (compatible; DotBot/1.2; +https://opensiteexplorer.org/dotbot; help@moz.com)"
216.244.66.198 - - [06/May/2025:16:21:08 +0300] "GET /SFolder/Kategori/Resim/386R1.png HTTP/1.1" 200 39166 "-" "Mozilla/5.0 (compatible; DotBot/1.2; +https://opensiteexplorer.org/dotbot; help@moz.com)"
216.244.66.198 - - [06/May/2025:16:21:11 +0300] "GET /SFolder/Kategori/Resim/403R1.png HTTP/1.1" 200 39166 "-" "Mozilla/5.0 (compatible; DotBot/1.2; +https://opensiteexplorer.org/dotbot; help@moz.com)"
216.244.66.198 - - [06/May/2025:16:21:15 +0300] "GET /SFolder/Kategori/Resim/480R1.png HTTP/1.1" 200 39166 "-" "Mozilla/5.0 (compatible; DotBot/1.2; +https://opensiteexplorer.org/dotbot; help@moz.com)"
216.244.66.198 - - [06/May/2025:16:21:25 +0300] "GET /SFolder/Kategori/Resim/513R1.png HTTP/1.1" 200 39166 "-" "Mozilla/5.0 (compatible; DotBot/1.2; +https://opensiteexplorer.org/dotbot; help@moz.com)"
213.180.203.156 - - [06/May/2025:16:29:37 +0300] "GET /wp-json/oembed/1.0/imageurl%7D?b=bmo251c53124948-marks-and-spencer-blandford-opening-times HTTP/1.1" 200 4266 "-" "Mozilla/5.0 (compatible; YandexBot/3.0; +http://yandex.com/bots)"
66.249.68.32 - - [06/May/2025:16:30:10 +0300] "GET /pics_webp/common/pc/user_black.svg.webp HTTP/1.1" 200 17922 "-" "Googlebot-Image/1.0"
5.255.231.117 - - [06/May/2025:16:30:12 +0300] "GET /wp-json/oembed/1.0/imageurl}?b=bmo251c39900056-marc-joseph-new-york-ferris-ballet-flat HTTP/1.1" 200 4266 "-" "Mozilla/5.0 (compatible; YandexBot/3.0; +http://yandex.com/bots)"
87.250.224.35 - - [06/May/2025:16:31:41 +0300] "GET /wp-json/oembed/1.0/imageurl}?b=bmo251c14200083-burton-custom-camber HTTP/1.1" 200 4265 "-" "Mozilla/5.0 (compatible; YandexBot/3.0; +http://yandex.com/bots)"
216.244.66.198 - - [06/May/2025:16:32:30 +0300] "GET /urun/standart-cozumler/dus-sistemleri-standart-cozumler/topuz-ve-kollar-dus-sistemleri-standart-cozumler/5410-kapi-topuzu/ HTTP/1.1" 200 39166 "-" "Mozilla/5.0 (compatible; DotBot/1.2; +https://opensiteexplorer.org/dotbot; help@moz.com)"
5.255.231.8 - - [06/May/2025:16:32:33 +0300] "GET /wp-json/oembed/1.0/imageurl}?b=bmo251c59800006-signature-by-levi-strauss-%26-co-gold-label-hat HTTP/1.1" 200 4266 "-" "Mozilla/5.0 (compatible; YandexBot/3.0; +http://yandex.com/bots)"
95.108.213.95 - - [06/May/2025:16:32:51 +0300] "GET /wp-json/oembed/1.0/imageurl}?b=bmo251c59800006-signature-by-levi-strauss-%26-co-gold-label-hat HTTP/1.1" 200 4266 "-" "Mozilla/5.0 (compatible; YandexBot/3.0; +http://yandex.com/bots)"
5.255.231.9 - - [06/May/2025:16:32:53 +0300] "GET /wp-json/oembed/1.0/imageurl%7D?b=bmo251c50300332-falke-germany-1895 HTTP/1.1" 200 4266 "-" "Mozilla/5.0 (compatible; YandexBot/3.0; +http://yandex.com/bots)"
5.255.231.106 - - [06/May/2025:16:32:58 +0300] "GET /wp-json/oembed/1.0/embed?b=bmo251c9800123-adidas-skateboarding-collaboration HTTP/1.1" 200 4266 "-" "Mozilla/5.0 (compatible; YandexBot/3.0; +http://yandex.com/bots)"
213.180.203.153 - - [06/May/2025:16:34:20 +0300] "GET /wp-json/oembed/1.0/imageurl}?b=bmo251c62100496-susana-monaco-jessie HTTP/1.1" 200 4266 "-" "Mozilla/5.0 (compatible; YandexBot/3.0; +http://yandex.com/bots)"
216.244.66.198 - - [06/May/2025:16:34:36 +0300] "GET /urun/standart-cozumler/kol-ve-kilitler/dusey-kilit/602e10-kapi-kolu/teklif-al HTTP/1.1" 200 39166 "-" "Mozilla/5.0 (compatible; DotBot/1.2; +https://opensiteexplorer.org/dotbot; help@moz.com)"
213.180.203.45 - - [06/May/2025:16:35:17 +0300] "GET /wp-json/oembed/1.0/imageurl}?b=bmo251c40400306-mavi-matt-relaxed-straight-leg-jeans HTTP/1.1" 200 4266 "-" "Mozilla/5.0 (compatible; YandexBot/3.0; +http://yandex.com/bots)"
216.244.66.198 - - [06/May/2025:16:35:28 +0300] "GET /en/urun/standard-solutions/shower-systems/knob-and-arms/bm-dt205-aqua-door-knob/en-US HTTP/1.1" 200 39166 "-" "Mozilla/5.0 (compatible; DotBot/1.2; +https://opensiteexplorer.org/dotbot; help@moz.com)"
213.180.203.160 - - [06/May/2025:16:35:34 +0300] "GET /wp-json/oembed/1.0/embed?b=bmo251c29500222-hurley-shorts-womens HTTP/1.1" 200 4266 "-" "Mozilla/5.0 (compatible; YandexBot/3.0; +http://yandex.com/bots)"
95.108.213.185 - - [06/May/2025:16:35:37 +0300] "GET /wp-json/oembed/1.0/embed?b=bmo251c26600149-good-man-brand-shadow-plaid HTTP/1.1" 200 4266 "-" "Mozilla/5.0 (compatible; YandexBot/3.0; +http://yandex.com/bots)"
5.255.231.138 - - [06/May/2025:16:35:47 +0300] "GET /urun/standart-cozumler/dus-sistemleri-standart-cozumler/aqua-dus-sistemleri/bm-dsq3-aqua-nis-dus-sistemi/?b=bmo251c55000338-ray-ban-junior-new-wayfarer HTTP/1.1" 200 4266 "-" "Mozilla/5.0 (compatible; YandexBot/3.0; +http://yandex.com/bots)"
213.180.203.92 - - [06/May/2025:16:41:06 +0300] "GET /wp-json/oembed/1.0/imageurl%7D?b=bmo251c33500032-kamik-men%27s-nationplus-boot HTTP/1.1" 200 4266 "-" "Mozilla/5.0 (compatible; YandexBot/3.0; +http://yandex.com/bots)"
213.180.203.156 - - [06/May/2025:16:41:39 +0300] "GET /wp-json/oembed/1.0/embed?b=bmo251c69500373-volcom-pipe-pro-2023 HTTP/1.1" 200 4266 "-" "Mozilla/5.0 (compatible; YandexBot/3.0; +http://yandex.com/bots)"
87.250.224.35 - - [06/May/2025:16:42:45 +0300] "GET /wp-json/oembed/1.0/embed?b=bmo251c38900075-lulus-fashion-lounge HTTP/1.1" 200 4266 "-" "Mozilla/5.0 (compatible; YandexBot/3.0; +http://yandex.com/bots)"
95.108.213.95 - - [06/May/2025:16:43:18 +0300] "GET /wp-json/oembed/1.0/imageurl%7D?b=bmo251c51400376-hue-art-definition HTTP/1.1" 200 4266 "-" "Mozilla/5.0 (compatible; YandexBot/3.0; +http://yandex.com/bots)"
213.180.203.45 - - [06/May/2025:16:44:51 +0300] "GET /wp-json/oembed/1.0/embed?b=bmo251c2400298-abercrombie-%26-fitch-sweaters HTTP/1.1" 200 4265 "-" "Mozilla/5.0 (compatible; YandexBot/3.0; +http://yandex.com/bots)"
5.255.231.17 - - [06/May/2025:16:45:06 +0300] "GET /wp-json/oembed/1.0/imageurl}?b=bmo251c9800572-adidas-men%27s-skateboarding-blackbird-sweatpants HTTP/1.1" 200 4266 "-" "Mozilla/5.0 (compatible; YandexBot/3.0; +http://yandex.com/bots)"
87.250.224.236 - - [06/May/2025:16:34:54 +0300] "GET /wp-json/oembed/1.0/imageurl}?b=bmo251c40400306-mavi-matt-relaxed-straight-leg-jeans HTTP/1.1" 200 4266 "-" "Mozilla/5.0 (compatible; YandexBot/3.0; +http://yandex.com/bots)"
66.249.68.32 - - [06/May/2025:16:35:12 +0300] "GET /post-?b=bmo251c64600052-fortntie-tiem-shop HTTP/1.1" 200 17592 "-" "Mozilla/5.0 (Linux; Android 6.0.1; Nexus 5X Build/MMB29P) AppleWebKit/537.36 (KHTML, like Gecko) Chrome/136.0.7103.59 Mobile Safari/537.36 (compatible; Googlebot/2.1; +http://www.google.com/bot.html)"
5.255.231.166 - - [06/May/2025:16:36:32 +0300] "GET /urun/standart-cozumler/dus-sistemleri-standart-cozumler/aqua-dus-sistemleri/bm-dsq3-aqua-nis-dus-sistemi/?b=bmo251c55000338-ray-ban-junior-new-wayfarer HTTP/1.1" 200 4265 "-" "Mozilla/5.0 (compatible; YandexBot/3.0; +http://yandex.com/bots)"
87.250.224.216 - - [06/May/2025:16:39:01 +0300] "GET /wp-json/oembed/1.0/imageurl%7D?b=bmo251c38700503-luli-fama-lola-hatler-top-black HTTP/1.1" 200 4271 "-" "Mozilla/5.0 (compatible; YandexBot/3.0; +http://yandex.com/bots)"
5.255.231.70 - - [06/May/2025:16:39:22 +0300] "GET /wp-json/oembed/1.0/imageurl%7D?b=bmo251c38700503-luli-fama-lola-hatler-top-black HTTP/1.1" 200 4267 "-" "Mozilla/5.0 (compatible; YandexBot/3.0; +http://yandex.com/bots)"
5.255.231.34 - - [06/May/2025:16:41:20 +0300] "GET /wp-json/oembed/1.0/imageurl}?b=bmo251c50000164-ellis-brooklyn-myth-fragrantica HTTP/1.1" 200 4266 "-" "Mozilla/5.0 (compatible; YandexBot/3.0; +http://yandex.com/bots)"
87.250.224.75 - - [06/May/2025:16:41:37 +0300] "GET /wp-json/oembed/1.0/imageurl}?b=bmo251c50000164-ellis-brooklyn-myth-fragrantica HTTP/1.1" 200 4266 "-" "Mozilla/5.0 (compatible; YandexBot/3.0; +http://yandex.com/bots)"
5.255.231.117 - - [06/May/2025:16:41:40 +0300] "GET /wp-json/oembed/1.0/embed?b=bmo251c53300267-matelas-merinos-160x200 HTTP/1.1" 200 4266 "-" "Mozilla/5.0 (compatible; YandexBot/3.0; +http://yandex.com/bots)"
5.255.231.54 - - [06/May/2025:16:42:34 +0300] "GET /wp-json/oembed/1.0/embed?b=bmo251c7600285-mammut-photics HTTP/1.1" 200 4266 "-" "Mozilla/5.0 (compatible; YandexBot/3.0; +http://yandex.com/bots)"
5.255.231.9 - - [06/May/2025:16:43:32 +0300] "GET /wp-json/oembed/1.0/embed?b=bmo251c70100031-wayf-song HTTP/1.1" 200 4266 "-" "Mozilla/5.0 (compatible; YandexBot/3.0; +http://yandex.com/bots)"
5.255.231.106 - - [06/May/2025:16:44:25 +0300] "GET /wp-json/oembed/1.0/embed?b=bmo251c71000224-baby-xtratuf-boots HTTP/1.1" 200 4266 "-" "Mozilla/5.0 (compatible; YandexBot/3.0; +http://yandex.com/bots)"
213.180.203.153 - - [06/May/2025:16:44:27 +0300] "GET /wp-json/oembed/1.0/imageurl}?b=bmo251c38700313-how-to-soak-luli-fama-bathing-suits-in-vinegar HTTP/1.1" 200 4266 "-" "Mozilla/5.0 (compatible; YandexBot/3.0; +http://yandex.com/bots)"
213.180.203.160 - - [06/May/2025:16:45:22 +0300] "GET /wp-json/oembed/1.0/imageurl}?b=bmo251c9800572-adidas-men%27s-skateboarding-blackbird-sweatpants HTTP/1.1" 200 4266 "-" "Mozilla/5.0 (compatible; YandexBot/3.0; +http://yandex.com/bots)"
188.58.72.147 - - [06/May/2025:16:46:09 +0300] "GET / HTTP/1.1" 200 4266 "https://www.linkedin.com/" "Mozilla/5.0 (iPhone; CPU iPhone OS 18_4_1 like Mac OS X) AppleWebKit/605.1.15 (KHTML, like Gecko) Mobile/15E148 [LinkedInApp]/9.31.802"
5.255.231.166 - - [06/May/2025:16:50:28 +0300] "GET /?b=bmo251c34225962-white-mother-of-pearl-necklace-kendra-scott HTTP/1.1" 200 4266 "-" "Mozilla/5.0 (compatible; YandexBot/3.0; +http://yandex.com/bots)"
5.255.231.70 - - [06/May/2025:17:02:10 +0300] "GET /wp-json/oembed/1.0/imageurl%7D?b=bmo251c66400149-twelvelittle-diaper-bag-amazon HTTP/1.1" 200 4267 "-" "Mozilla/5.0 (compatible; YandexBot/3.0; +http://yandex.com/bots)"
40.77.167.47 - - [06/May/2025:17:03:42 +0300] "GET /en/?b=bmo251c5700086-cuando-sale-la-3-temporada-de-ginny-y-georgia HTTP/1.1" 200 18138 "-" "Mozilla/5.0 AppleWebKit/537.36 (KHTML, like Gecko; compatible; bingbot/2.0; +http://www.bing.com/bingbot.htm) Chrome/116.0.1938.76 Safari/537.36"
87.250.224.75 - - [06/May/2025:17:03:57 +0300] "GET /wp-json/oembed/1.0/imageurl%7D?b=bmo251c55600238-california-sun-the-rivieras-tab HTTP/1.1" 200 4291 "-" "Mozilla/5.0 (compatible; YandexBot/3.0; +http://yandex.com/bots)"
87.250.224.206 - - [06/May/2025:17:02:03 +0300] "GET /wp-json/oembed/1.0/imageurl}?b=bmo251c19600083-dc-shoes-womens-high-tops HTTP/1.1" 200 4293 "-" "Mozilla/5.0 (compatible; YandexBot/3.0; +http://yandex.com/bots)"
213.180.203.92 - - [06/May/2025:17:02:47 +0300] "GET /wp-json/oembed/1.0/imageurl}?b=bmo251c19600083-dc-shoes-womens-high-tops HTTP/1.1" 200 4266 "-" "Mozilla/5.0 (compatible; YandexBot/3.0; +http://yandex.com/bots)"
216.244.66.198 - - [06/May/2025:17:05:31 +0300] "GET /robots.txt HTTP/1.1" 200 263 "-" "Mozilla/5.0 (compatible; DotBot/1.2; +https://opensiteexplorer.org/dotbot; help@moz.com)"
5.255.231.185 - - [06/May/2025:16:49:49 +0300] "GET /?b=bmo251c34225962-white-mother-of-pearl-necklace-kendra-scott HTTP/1.1" 200 4266 "-" "Mozilla/5.0 (compatible; YandexBot/3.0; +http://yandex.com/bots)"
95.108.213.185 - - [06/May/2025:16:49:58 +0300] "GET /wp-json/oembed/1.0/embed?b=bmo251c42100010-moshno HTTP/1.1" 200 4266 "-" "Mozilla/5.0 (compatible; YandexBot/3.0; +http://yandex.com/bots)"
23.178.112.213 - - [06/May/2025:17:01:31 +0300] "GET /.well-known/acme-challenge/wz7_BxaMuQ_T0QRi_RI3oSfgj-HQ2L5eVVGF2l49MD8 HTTP/1.1" 404 1251 "-" "Mozilla/5.0 (compatible; Let's Encrypt validation server; +https://www.letsencrypt.org)"
23.178.112.213 - - [06/May/2025:17:01:31 +0300] "GET /.well-known/acme-challenge/WGhJ1YVtxiVfcEahgHy6X9Ep8mobrgPkudxezKYIIoo HTTP/1.1" 404 1251 "-" "Mozilla/5.0 (compatible; Let's Encrypt validation server; +https://www.letsencrypt.org)"
213.180.203.156 - - [06/May/2025:17:07:33 +0300] "GET /wp-json/oembed/1.0/imageurl%7D?b=bmo251c40300255-matt-and-nat-elle HTTP/1.1" 200 4291 "-" "Mozilla/5.0 (compatible; YandexBot/3.0; +http://yandex.com/bots)"
5.255.231.54 - - [06/May/2025:17:10:49 +0300] "GET /wp-json/oembed/1.0/imageurl}?b=bmo251c16600539-clergerie-birdie HTTP/1.1" 200 4273 "-" "Mozilla/5.0 (compatible; YandexBot/3.0; +http://yandex.com/bots)"
87.250.224.15 - - [06/May/2025:17:15:30 +0300] "GET /wp-json/oembed/1.0/imageurl%7D?b=bmo251c45900256-pacsafe-30l HTTP/1.1" 200 4266 "-" "Mozilla/5.0 (compatible; YandexBot/3.0; +http://yandex.com/bots)"
216.244.66.198 - - [06/May/2025:17:15:40 +0300] "GET /urun/5510-boru-kol/en-US HTTP/1.1" 200 39166 "-" "Mozilla/5.0 (compatible; DotBot/1.2; +https://opensiteexplorer.org/dotbot; help@moz.com)"
216.244.66.198 - - [06/May/2025:17:15:49 +0300] "GET /urun/flo-surme-sistem-bf01/tr-TR HTTP/1.1" 200 39166 "-" "Mozilla/5.0 (compatible; DotBot/1.2; +https://opensiteexplorer.org/dotbot; help@moz.com)"
216.244.66.198 - - [06/May/2025:17:16:09 +0300] "GET /urun/8501-yayli-dus-mentesesi-duvar-cam-asimetrik-montaj-plakali/en-US HTTP/1.1" 200 39166 "-" "Mozilla/5.0 (compatible; DotBot/1.2; +https://opensiteexplorer.org/dotbot; help@moz.com)"
216.244.66.198 - - [06/May/2025:17:16:17 +0300] "GET /urun/8501r-ayarlanabilir-yayli-dus-mentesesi-duvar-cam-asimetrik-montaj-plakali/teklif-al HTTP/1.1" 200 39166 "-" "Mozilla/5.0 (compatible; DotBot/1.2; +https://opensiteexplorer.org/dotbot; help@moz.com)"
216.244.66.198 - - [06/May/2025:17:16:36 +0300] "GET /urun/biloba-unica-pivot-kullanima-uygun-hidrolik-mentese/teklif-al HTTP/1.1" 200 39166 "-" "Mozilla/5.0 (compatible; DotBot/1.2; +https://opensiteexplorer.org/dotbot; help@moz.com)"
216.244.66.198 - - [06/May/2025:17:16:45 +0300] "GET /urun/slash-hidrolik-dus-kabini-iki-sabit-cam-arasi-tek-kanat/en-US HTTP/1.1" 200 39166 "-" "Mozilla/5.0 (compatible; DotBot/1.2; +https://opensiteexplorer.org/dotbot; help@moz.com)"
216.244.66.198 - - [06/May/2025:17:18:18 +0300] "GET /SFolder/Haber/Pdf/135R1.pdf HTTP/1.1" 200 39165 "-" "Mozilla/5.0 (compatible; DotBot/1.2; +https://opensiteexplorer.org/dotbot; help@moz.com)"
216.244.66.198 - - [06/May/2025:17:18:26 +0300] "GET /SFolder/Kategori/Dxf/343.rar HTTP/1.1" 200 39165 "-" "Mozilla/5.0 (compatible; DotBot/1.2; +https://opensiteexplorer.org/dotbot; help@moz.com)"
216.244.66.198 - - [06/May/2025:17:18:31 +0300] "GET /SFolder/Kategori/Dxf/346.rar HTTP/1.1" 200 39165 "-" "Mozilla/5.0 (compatible; DotBot/1.2; +https://opensiteexplorer.org/dotbot; help@moz.com)"
216.244.66.198 - - [06/May/2025:17:18:42 +0300] "GET /SFolder/Kategori/Pdf/388R1.pdf HTTP/1.1" 200 39166 "-" "Mozilla/5.0 (compatible; DotBot/1.2; +https://opensiteexplorer.org/dotbot; help@moz.com)"
216.244.66.198 - - [06/May/2025:17:18:46 +0300] "GET /SFolder/Kategori/Pdf/761R1.pdf HTTP/1.1" 200 39166 "-" "Mozilla/5.0 (compatible; DotBot/1.2; +https://opensiteexplorer.org/dotbot; help@moz.com)"
216.244.66.198 - - [06/May/2025:17:18:49 +0300] "GET /SFolder/Kategori/Resim/293R1.png HTTP/1.1" 200 39166 "-" "Mozilla/5.0 (compatible; DotBot/1.2; +https://opensiteexplorer.org/dotbot; help@moz.com)"
216.244.66.198 - - [06/May/2025:17:18:57 +0300] "GET /SFolder/Kategori/Resim/408R1.png HTTP/1.1" 200 39166 "-" "Mozilla/5.0 (compatible; DotBot/1.2; +https://opensiteexplorer.org/dotbot; help@moz.com)"
5.255.231.15 - - [06/May/2025:17:19:15 +0300] "GET /wp-json/oembed/1.0/imageurl}?b=bmo251c38700196-luli-fama-costa-del-sol HTTP/1.1" 200 4266 "-" "Mozilla/5.0 (compatible; YandexBot/3.0; +http://yandex.com/bots)"
5.255.231.117 - - [06/May/2025:17:07:36 +0300] "GET /wp-json/oembed/1.0/imageurl%7D?b=bmo251c7000536-ecco-biom-hybrid-2-golf-shoes HTTP/1.1" 200 4265 "-" "Mozilla/5.0 (compatible; YandexBot/3.0; +http://yandex.com/bots)"
216.244.66.198 - - [06/May/2025:17:15:29 +0300] "GET /urun/1730-italyan-mil-yuvali-menteseler-icin-alt-pim/tr-TR HTTP/1.1" 200 39166 "-" "Mozilla/5.0 (compatible; DotBot/1.2; +https://opensiteexplorer.org/dotbot; help@moz.com)"
216.244.66.198 - - [06/May/2025:17:15:35 +0300] "GET /urun/4nb1a-paslanmaz-gomme-vida-ve-somun-8-15mm/tr-TR HTTP/1.1" 200 39166 "-" "Mozilla/5.0 (compatible; DotBot/1.2; +https://opensiteexplorer.org/dotbot; help@moz.com)"
216.244.66.198 - - [06/May/2025:17:15:45 +0300] "GET /urun/biloba-8015-hidrolik-cam-kapi-mentesesi-cam-cama/tr-TR HTTP/1.1" 200 39166 "-" "Mozilla/5.0 (compatible; DotBot/1.2; +https://opensiteexplorer.org/dotbot; help@moz.com)"
216.244.66.198 - - [06/May/2025:17:15:53 +0300] "GET /urun/kapi-kolu-olan-yatay-kilit-binili-kapilar-icin/ HTTP/1.1" 200 39166 "-" "Mozilla/5.0 (compatible; DotBot/1.2; +https://opensiteexplorer.org/dotbot; help@moz.com)"
216.244.66.198 - - [06/May/2025:17:15:56 +0300] "GET /urun/pcc14-3-polikarbon-derz-citasi-iki-yollu-10mm/tr-TR HTTP/1.1" 200 39166 "-" "Mozilla/5.0 (compatible; DotBot/1.2; +https://opensiteexplorer.org/dotbot; help@moz.com)"
216.244.66.198 - - [06/May/2025:17:16:00 +0300] "GET /urun/surgu-dilli-kilit/teklif-al HTTP/1.1" 200 39166 "-" "Mozilla/5.0 (compatible; DotBot/1.2; +https://opensiteexplorer.org/dotbot; help@moz.com)"
216.244.66.198 - - [06/May/2025:17:16:24 +0300] "GET /urun/8506r-ayarlanabilir-yayli-dus-mentesesi-cam-cama-90/tr-TR HTTP/1.1" 200 39166 "-" "Mozilla/5.0 (compatible; DotBot/1.2; +https://opensiteexplorer.org/dotbot; help@moz.com)"
216.244.66.198 - - [06/May/2025:17:16:30 +0300] "GET /urun/biloba-8011-hidrolik-cam-kapi-mentesesi-duvar-cam-asimetrik-montaj-plakali/en-US HTTP/1.1" 200 39166 "-" "Mozilla/5.0 (compatible; DotBot/1.2; +https://opensiteexplorer.org/dotbot; help@moz.com)"
216.244.66.198 - - [06/May/2025:17:16:41 +0300] "GET /urun/slash-hidrolik-dus-kabini-iki-sabit-cam-arasi-tek-kanat/ HTTP/1.1" 200 39166 "-" "Mozilla/5.0 (compatible; DotBot/1.2; +https://opensiteexplorer.org/dotbot; help@moz.com)"
216.244.66.198 - - [06/May/2025:17:18:22 +0300] "GET /SFolder/Kategori/Dxf/218.rar HTTP/1.1" 200 39165 "-" "Mozilla/5.0 (compatible; DotBot/1.2; +https://opensiteexplorer.org/dotbot; help@moz.com)"
216.244.66.198 - - [06/May/2025:17:18:35 +0300] "GET /SFolder/Kategori/Pdf/243R1.pdf HTTP/1.1" 200 39166 "-" "Mozilla/5.0 (compatible; DotBot/1.2; +https://opensiteexplorer.org/dotbot; help@moz.com)"
216.244.66.198 - - [06/May/2025:17:18:39 +0300] "GET /SFolder/Kategori/Pdf/278R1.pdf HTTP/1.1" 200 39166 "-" "Mozilla/5.0 (compatible; DotBot/1.2; +https://opensiteexplorer.org/dotbot; help@moz.com)"
216.244.66.198 - - [06/May/2025:17:18:53 +0300] "GET /SFolder/Kategori/Resim/374R1.png HTTP/1.1" 200 39166 "-" "Mozilla/5.0 (compatible; DotBot/1.2; +https://opensiteexplorer.org/dotbot; help@moz.com)"
216.244.66.198 - - [06/May/2025:17:19:00 +0300] "GET /SFolder/Kategori/Resim/436R1.png HTTP/1.1" 200 39166 "-" "Mozilla/5.0 (compatible; DotBot/1.2; +https://opensiteexplorer.org/dotbot; help@moz.com)"
216.244.66.198 - - [06/May/2025:17:20:06 +0300] "GET /urun/hidrolik-sistemler/hidrolik-dis-kapi-sistemleri/menteseler-hidrolik-dis-kapi-sistemleri/triloba-hidrolik-mentese-alt-cam-detay-elemani/teklif-al HTTP/1.1" 200 39166 "-" "Mozilla/5.0 (compatible; DotBot/1.2; +https://opensiteexplorer.org/dotbot; help@moz.com)"
45.84.191.11 - - [06/May/2025:17:31:05 +0300] "GET /.well-known/acme-challenge/Y9H7CYE8NCXX5K6--MVA8QDX0U2-DWL1 HTTP/1.1" 200 64 "-" "Cpanel-HTTP-Client/1.0"
45.84.191.11 - - [06/May/2025:17:31:05 +0300] "GET /.well-known/acme-challenge/ZJ9RN39AP1L6JDZWSQFVGF3F-AK_8S2- HTTP/1.1" 200 64 "-" "Cpanel-HTTP-Client/1.0"
5.255.231.68 - - [06/May/2025:17:31:28 +0300] "GET /wp-json/oembed/1.0/imageurl%7D?b=bmo251c54002241-mtg-pact-cycle HTTP/1.1" 200 4266 "-" "Mozilla/5.0 (compatible; YandexBot/3.0; +http://yandex.com/bots)"
216.244.66.198 - - [06/May/2025:17:35:39 +0300] "GET /en/urun/standard-solutions/shower-systems/knob-and-arms/5h01-h-type-handle-2/en-US HTTP/1.1" 200 39166 "-" "Mozilla/5.0 (compatible; DotBot/1.2; +https://opensiteexplorer.org/dotbot; help@moz.com)"
216.244.66.198 - - [06/May/2025:17:35:43 +0300] "GET /en/urun/standard-solutions/sliding-systems/fluido-system/fluido-softclose-2/teklif-al HTTP/1.1" 200 39166 "-" "Mozilla/5.0 (compatible; DotBot/1.2; +https://opensiteexplorer.org/dotbot; help@moz.com)"
5.255.231.62 - - [06/May/2025:17:30:47 +0300] "GET /urun/standart-cozumler/dus-sistemleri-standart-cozumler/aqua-dus-sistemleri/bm-dsq3-aqua-nis-dus-sistemi/?b=bmo251c47300022-pf-flyers-discount-code HTTP/1.1" 200 4265 "-" "Mozilla/5.0 (compatible; YandexBot/3.0; +http://yandex.com/bots)"
216.244.66.198 - - [06/May/2025:17:35:47 +0300] "GET /urun/standart-cozumler/dus-sistemleri-standart-cozumler/topuz-ve-kollar-dus-sistemleri-standart-cozumler/5a00-ala-kapi-kulpu/tr-TR HTTP/1.1" 200 39166 "-" "Mozilla/5.0 (compatible; DotBot/1.2; +https://opensiteexplorer.org/dotbot; help@moz.com)"
216.244.66.198 - - [06/May/2025:17:51:20 +0300] "GET /robots.txt HTTP/1.1" 200 263 "-" "Mozilla/5.0 (compatible; DotBot/1.2; +https://opensiteexplorer.org/dotbot; help@moz.com)"
213.180.203.241 - - [06/May/2025:17:49:18 +0300] "GET /wp-json/oembed/1.0/embed?b=bmo251c36100461-harrington-light-laura-ashley HTTP/1.1" 200 4266 "-" "Mozilla/5.0 (compatible; YandexBot/3.0; +http://yandex.com/bots)"
43.157.250.210 - - [06/May/2025:17:53:25 +0300] "GET / HTTP/1.1" 200 4266 "-" "Mozilla/5.0 (iPhone; CPU iPhone OS 13_2_3 like Mac OS X) AppleWebKit/605.1.15 (KHTML, like Gecko) Version/13.0.3 Mobile/15E148 Safari/604.1"
213.180.203.19 - - [06/May/2025:18:01:27 +0300] "GET /wp-json/oembed/1.0/imageurl}?b=bmo251c71000213-xtratuf-promo-code-2023 HTTP/1.1" 200 4268 "-" "Mozilla/5.0 (compatible; YandexBot/3.0; +http://yandex.com/bots)"
216.244.66.198 - - [06/May/2025:18:03:26 +0300] "GET /SFolder/Kategori/Dxf/732.rar HTTP/1.1" 200 39166 "-" "Mozilla/5.0 (compatible; DotBot/1.2; +https://opensiteexplorer.org/dotbot; help@moz.com)"
216.244.66.198 - - [06/May/2025:18:03:35 +0300] "GET /SFolder/Kategori/Pdf/316R1.pdf HTTP/1.1" 200 39165 "-" "Mozilla/5.0 (compatible; DotBot/1.2; +https://opensiteexplorer.org/dotbot; help@moz.com)"
216.244.66.198 - - [06/May/2025:18:03:39 +0300] "GET /SFolder/Kategori/Pdf/396R1.pdf HTTP/1.1" 200 39165 "-" "Mozilla/5.0 (compatible; DotBot/1.2; +https://opensiteexplorer.org/dotbot; help@moz.com)"
216.244.66.198 - - [06/May/2025:18:03:42 +0300] "GET /SFolder/Kategori/Pdf/397R1.pdf HTTP/1.1" 200 39165 "-" "Mozilla/5.0 (compatible; DotBot/1.2; +https://opensiteexplorer.org/dotbot; help@moz.com)"
216.244.66.198 - - [06/May/2025:18:03:54 +0300] "GET /SFolder/Kategori/Resim/254R1.png HTTP/1.1" 200 39165 "-" "Mozilla/5.0 (compatible; DotBot/1.2; +https://opensiteexplorer.org/dotbot; help@moz.com)"
216.244.66.198 - - [06/May/2025:18:03:58 +0300] "GET /SFolder/Kategori/Resim/465R1.png HTTP/1.1" 200 39166 "-" "Mozilla/5.0 (compatible; DotBot/1.2; +https://opensiteexplorer.org/dotbot; help@moz.com)"
216.244.66.198 - - [06/May/2025:18:04:06 +0300] "GET /SFolder/Kategori/Resim/492R1.png HTTP/1.1" 200 39166 "-" "Mozilla/5.0 (compatible; DotBot/1.2; +https://opensiteexplorer.org/dotbot; help@moz.com)"
216.244.66.198 - - [06/May/2025:18:04:13 +0300] "GET /SFolder/Kategori/Resim/520R1.png HTTP/1.1" 200 39166 "-" "Mozilla/5.0 (compatible; DotBot/1.2; +https://opensiteexplorer.org/dotbot; help@moz.com)"
216.244.66.198 - - [06/May/2025:18:03:15 +0300] "GET /SFolder/Kategori/Dxf/148.rar HTTP/1.1" 200 39166 "-" "Mozilla/5.0 (compatible; DotBot/1.2; +https://opensiteexplorer.org/dotbot; help@moz.com)"
216.244.66.198 - - [06/May/2025:18:03:21 +0300] "GET /SFolder/Kategori/Dxf/194.rar HTTP/1.1" 200 39166 "-" "Mozilla/5.0 (compatible; DotBot/1.2; +https://opensiteexplorer.org/dotbot; help@moz.com)"
216.244.66.198 - - [06/May/2025:18:03:31 +0300] "GET /SFolder/Kategori/Pdf/143R1.pdf HTTP/1.1" 200 39165 "-" "Mozilla/5.0 (compatible; DotBot/1.2; +https://opensiteexplorer.org/dotbot; help@moz.com)"
216.244.66.198 - - [06/May/2025:18:03:45 +0300] "GET /SFolder/Kategori/Resim/145R1.png HTTP/1.1" 200 39165 "-" "Mozilla/5.0 (compatible; DotBot/1.2; +https://opensiteexplorer.org/dotbot; help@moz.com)"
216.244.66.198 - - [06/May/2025:18:03:50 +0300] "GET /SFolder/Kategori/Resim/176R1.png HTTP/1.1" 200 39165 "-" "Mozilla/5.0 (compatible; DotBot/1.2; +https://opensiteexplorer.org/dotbot; help@moz.com)"
216.244.66.198 - - [06/May/2025:18:04:27 +0300] "GET /SFolder/Kategori/Resim/731R1.png HTTP/1.1" 200 39166 "-" "Mozilla/5.0 (compatible; DotBot/1.2; +https://opensiteexplorer.org/dotbot; help@moz.com)"
216.244.66.198 - - [06/May/2025:18:04:33 +0300] "GET /kilitler-ve-kollar/icona-serisi/10/799.aspx HTTP/1.1" 200 39166 "-" "Mozilla/5.0 (compatible; DotBot/1.2; +https://opensiteexplorer.org/dotbot; help@moz.com)"
5.255.231.40 - - [06/May/2025:18:06:45 +0300] "GET /wp-json/oembed/1.0/imageurl%7D?b=bmo251c36901723-why-di-people-put-lemon-in-apple-jelly HTTP/1.1" 200 4292 "-" "Mozilla/5.0 (compatible; YandexBot/3.0; +http://yandex.com/bots)"
43.157.82.252 - - [06/May/2025:18:06:54 +0300] "GET /?filesrc=/home/bmofiscom/public_html/admin.php&path=/home/bmofiscom/public_html HTTP/1.1" 200 6415 "-" "Mozilla/5.0 (iPhone; CPU iPhone OS 13_2_3 like Mac OS X) AppleWebKit/605.1.15 (KHTML, like Gecko) Version/13.0.3 Mobile/15E148 Safari/604.1"
5.255.231.8 - - [06/May/2025:18:07:12 +0300] "GET /urun/standart-cozumler/dus-sistemleri-standart-cozumler/aqua-dus-sistemleri/bm-dsq3-aqua-nis-dus-sistemi/?b=bmo251c54900115-raen-optics-vale HTTP/1.1" 200 4267 "-" "Mozilla/5.0 (compatible; YandexBot/3.0; +http://yandex.com/bots)"
87.250.224.35 - - [06/May/2025:18:07:43 +0300] "GET /urun/standart-cozumler/dus-sistemleri-standart-cozumler/aqua-dus-sistemleri/bm-dsq3-aqua-nis-dus-sistemi/?b=bmo251c54900115-raen-optics-vale HTTP/1.1" 200 4267 "-" "Mozilla/5.0 (compatible; YandexBot/3.0; +http://yandex.com/bots)"
216.244.66.198 - - [06/May/2025:18:04:19 +0300] "GET /SFolder/Kategori/Resim/704R1.png HTTP/1.1" 200 39166 "-" "Mozilla/5.0 (compatible; DotBot/1.2; +https://opensiteexplorer.org/dotbot; help@moz.com)"
216.244.66.198 - - [06/May/2025:18:05:07 +0300] "GET /otomatik-menteseler/8705/10/627.aspx HTTP/1.1" 200 39166 "-" "Mozilla/5.0 (compatible; DotBot/1.2; +https://opensiteexplorer.org/dotbot; help@moz.com)"
87.250.224.236 - - [06/May/2025:18:07:53 +0300] "GET /wp-json/oembed/1.0/imageurl%7D?b=bmo251c67400300-universal-standard-essential-cashmere-crew HTTP/1.1" 200 4267 "-" "Mozilla/5.0 (compatible; YandexBot/3.0; +http://yandex.com/bots)"
43.159.128.237 - - [06/May/2025:18:18:29 +0300] "GET /?filesrc=/home/bmofiscom/public_html/license.txt&path=/home/bmofiscom/public_html HTTP/1.1" 200 10684 "-" "Mozilla/5.0 (iPhone; CPU iPhone OS 13_2_3 like Mac OS X) AppleWebKit/605.1.15 (KHTML, like Gecko) Version/13.0.3 Mobile/15E148 Safari/604.1"
87.250.224.216 - - [06/May/2025:18:21:21 +0300] "GET /wp-json/oembed/1.0/imageurl%7D?b=bmo251c10500688-altra-running-shoes-amazon HTTP/1.1" 200 4267 "-" "Mozilla/5.0 (compatible; YandexBot/3.0; +http://yandex.com/bots)"
58.49.233.126 - - [06/May/2025:18:27:30 +0300] "GET / HTTP/1.1" 200 4267 "-" "Mozilla/5.0 (iPhone; CPU iPhone OS 13_2_3 like Mac OS X) AppleWebKit/605.1.15 (KHTML, like Gecko) Version/13.0.3 Mobile/15E148 Safari/604.1"
5.255.231.17 - - [06/May/2025:18:27:53 +0300] "GET /wp-json/oembed/1.0/imageurl}?b=bmo251c41300442-miraclesuit-jenna HTTP/1.1" 200 4267 "-" "Mozilla/5.0 (compatible; YandexBot/3.0; +http://yandex.com/bots)"
5.255.231.138 - - [06/May/2025:18:14:05 +0300] "GET /?b=bmo251c17600184-dsw-converse-kids HTTP/1.1" 200 4267 "-" "Mozilla/5.0 (compatible; YandexBot/3.0; +http://yandex.com/bots)"
95.108.213.95 - - [06/May/2025:18:14:18 +0300] "GET /?b=bmo251c17600184-dsw-converse-kids HTTP/1.1" 200 4267 "-" "Mozilla/5.0 (compatible; YandexBot/3.0; +http://yandex.com/bots)"
216.244.66.198 - - [06/May/2025:18:15:44 +0300] "GET /urun/standart-cozumler/kol-ve-kilitler/dusey-kilit/600e10-kapi-kolu/ HTTP/1.1" 200 39166 "-" "Mozilla/5.0 (compatible; DotBot/1.2; +https://opensiteexplorer.org/dotbot; help@moz.com)"
5.255.231.34 - - [06/May/2025:18:26:43 +0300] "GET /wp-json/oembed/1.0/imageurl%7D?b=bmo251c70901260-xero-shoes-amuri-z-trek-amazon HTTP/1.1" 200 4267 "-" "Mozilla/5.0 (compatible; YandexBot/3.0; +http://yandex.com/bots)"
170.106.163.48 - - [06/May/2025:18:27:24 +0300] "GET /?filesrc=/home/bmofiscom/public_html/wp-trackback.php&path=/home/bmofiscom/public_html HTTP/1.1" 200 4239 "-" "Mozilla/5.0 (iPhone; CPU iPhone OS 13_2_3 like Mac OS X) AppleWebKit/605.1.15 (KHTML, like Gecko) Version/13.0.3 Mobile/15E148 Safari/604.1"
156.228.112.217 - - [06/May/2025:18:28:13 +0300] "GET /vendor/phpunit/phpunit/LICENSE HTTP/1.1" 200 4268 "-" "Mozilla/5.0 (Windows NT 10.0; Win64; x64) AppleWebKit/537.36 (KHTML, like Gecko) Chrome/106.0.0.0 Safari/537.36"
156.228.112.217 - - [06/May/2025:18:28:14 +0300] "GET /vendor/phpunit/phpunit/src/Util/PHP/ HTTP/1.1" 200 4268 "-" "Mozilla/5.0 (Windows NT 10.0; Win64; x64) AppleWebKit/537.36 (KHTML, like Gecko) Chrome/106.0.0.0 Safari/537.36"
156.228.112.217 - - [06/May/2025:18:28:16 +0300] "GET /wp-login.php HTTP/1.1" 200 4268 "-" "Mozilla/5.0 (Windows NT 10.0; Win64; x64) AppleWebKit/537.36 (KHTML, like Gecko) Chrome/106.0.0.0 Safari/537.36"
5.255.231.185 - - [06/May/2025:18:28:27 +0300] "GET /wp-json/oembed/1.0/imageurl}?b=bmo251c34200131-kendra-scott-charm-bracelet HTTP/1.1" 200 4267 "-" "Mozilla/5.0 (compatible; YandexBot/3.0; +http://yandex.com/bots)"
87.250.224.206 - - [06/May/2025:18:30:02 +0300] "GET /wp-json/oembed/1.0/imageurl%7D?b=bmo251c1903352-columbia-pullover-jacket HTTP/1.1" 200 4267 "-" "Mozilla/5.0 (compatible; YandexBot/3.0; +http://yandex.com/bots)"
87.250.224.15 - - [06/May/2025:18:30:27 +0300] "GET /wp-json/oembed/1.0/embed?b=bmo251c45000293-onia-zoe-top HTTP/1.1" 200 4267 "-" "Mozilla/5.0 (compatible; YandexBot/3.0; +http://yandex.com/bots)"
5.255.231.9 - - [06/May/2025:18:33:48 +0300] "GET /urun/standart-cozumler/dus-sistemleri-standart-cozumler/aqua-dus-sistemleri/bm-dsq3-aqua-nis-dus-sistemi/?b=bmo251c42300025-famous-women%27s-naked HTTP/1.1" 200 4267 "-" "Mozilla/5.0 (compatible; YandexBot/3.0; +http://yandex.com/bots)"
142.132.217.182 - - [06/May/2025:18:37:48 +0300] "GET /wp-content/plugins/wpshop/readme.txt HTTP/1.1" 200 4292 "-" "python-requests/2.32.3"
216.244.66.198 - - [06/May/2025:18:38:37 +0300] "GET /robots.txt HTTP/1.1" 200 263 "-" "Mozilla/5.0 (compatible; DotBot/1.2; +https://opensiteexplorer.org/dotbot; help@moz.com)"
40.77.167.144 - - [06/May/2025:18:35:42 +0300] "GET /urun/pcc17-3-iki-yollu-aluminyum-birlesim-profili-8-1238mm/?b=bmo251c29300066-premium-too-100-human-hair HTTP/1.1" 200 18351 "-" "Mozilla/5.0 AppleWebKit/537.36 (KHTML, like Gecko; compatible; bingbot/2.0; +http://www.bing.com/bingbot.htm) Chrome/116.0.1938.76 Safari/537.36"
142.132.217.182 - - [06/May/2025:18:35:58 +0300] "GET /wp-content/plugins/peprodev-ups/readme.txt HTTP/1.1" 200 4267 "-" "python-requests/2.32.3"
43.157.207.78 - - [06/May/2025:18:37:14 +0300] "GET /?filesrc=/home/bmofiscom/public_html/xmlrpc.php&path=/home/bmofiscom/public_html HTTP/1.1" 200 3774 "-" "Mozilla/5.0 (iPhone; CPU iPhone OS 13_2_3 like Mac OS X) AppleWebKit/605.1.15 (KHTML, like Gecko) Version/13.0.3 Mobile/15E148 Safari/604.1"
194.145.227.125 - - [06/May/2025:18:37:29 +0300] "GET /assets/plugins/jQuery-File-Upload/server/php/index.php?file=tf2rghf.jpg HTTP/1.1" 200 39166 "-" "ALittle Client"
5.255.231.15 - - [06/May/2025:18:41:22 +0300] "GET /wp-json/oembed/1.0/imageurl%7D?b=bmo251c1800413-skechers-goodyear-shoes HTTP/1.1" 200 4267 "-" "Mozilla/5.0 (compatible; YandexBot/3.0; +http://yandex.com/bots)"
5.255.231.62 - - [06/May/2025:18:41:45 +0300] "GET /wp-json/oembed/1.0/embed?b=bmo251c62000187-superga-australia HTTP/1.1" 200 4266 "-" "Mozilla/5.0 (compatible; YandexBot/3.0; +http://yandex.com/bots)"
5.255.231.106 - - [06/May/2025:18:43:31 +0300] "GET /wp-json/oembed/1.0/imageurl%7D?b=bmo251c53100446-marks-%26-spencer-london HTTP/1.1" 200 4267 "-" "Mozilla/5.0 (compatible; YandexBot/3.0; +http://yandex.com/bots)"
66.249.79.6 - - [06/May/2025:18:46:05 +0300] "GET /?b=138104915 HTTP/1.1" 200 17963 "-" "Mozilla/5.0 (Linux; Android 6.0.1; Nexus 5X Build/MMB29P) AppleWebKit/537.36 (KHTML, like Gecko) Chrome/136.0.7103.59 Mobile Safari/537.36 (compatible; Googlebot/2.1; +http://www.google.com/bot.html)"
66.249.79.8 - - [06/May/2025:18:48:08 +0300] "GET /?b=7153915 HTTP/1.1" 200 17728 "-" "Mozilla/5.0 (Linux; Android 6.0.1; Nexus 5X Build/MMB29P) AppleWebKit/537.36 (KHTML, like Gecko) Chrome/136.0.7103.59 Mobile Safari/537.36 (compatible; Googlebot/2.1; +http://www.google.com/bot.html)"
216.244.66.198 - - [06/May/2025:18:48:23 +0300] "GET /SFolder/Galeri/2169R4.png HTTP/1.1" 200 39165 "-" "Mozilla/5.0 (compatible; DotBot/1.2; +https://opensiteexplorer.org/dotbot; help@moz.com)"
66.249.79.7 - - [06/May/2025:18:48:27 +0300] "POST /get-message-notify HTTP/1.1" 200 18090 "http://bmofis.com/?b=7153915" "Mozilla/5.0 (Linux; Android 6.0.1; Nexus 5X Build/MMB29P) AppleWebKit/537.36 (KHTML, like Gecko) Chrome/135.0.7049.114 Mobile Safari/537.36 (compatible; Googlebot/2.1; +http://www.google.com/bot.html)"
216.244.66.198 - - [06/May/2025:18:48:30 +0300] "GET /urun/8655-dar-kapi-kasalar-icin-cam-cama-mentese/tr-TR HTTP/1.1" 200 39165 "-" "Mozilla/5.0 (compatible; DotBot/1.2; +https://opensiteexplorer.org/dotbot; help@moz.com)"
216.244.66.198 - - [06/May/2025:18:48:41 +0300] "GET /urun/biloba-unica-slim-hidrolik-cam-kapi-mentesesi/ HTTP/1.1" 200 39166 "-" "Mozilla/5.0 (compatible; DotBot/1.2; +https://opensiteexplorer.org/dotbot; help@moz.com)"
