216.244.66.198 - - [06/May/2025:18:48:46 +0300] "GET /urun/bilobina-centrale-hidrolik-dus-mentesesi-cam-cama-2/ HTTP/1.1" 200 39166 "-" "Mozilla/5.0 (compatible; DotBot/1.2; +https://opensiteexplorer.org/dotbot; help@moz.com)"
216.244.66.198 - - [06/May/2025:18:48:50 +0300] "GET /urun/flexa-yatay-kilit-topuz-serbest-mesgul/teklif-al HTTP/1.1" 200 39166 "-" "Mozilla/5.0 (compatible; DotBot/1.2; +https://opensiteexplorer.org/dotbot; help@moz.com)"
216.244.66.198 - - [06/May/2025:18:48:54 +0300] "GET /urun/triloba-hidrolik-mentese-ust-cam-detay-elemani/tr-TR HTTP/1.1" 200 39166 "-" "Mozilla/5.0 (compatible; DotBot/1.2; +https://opensiteexplorer.org/dotbot; help@moz.com)"
66.249.79.6 - - [06/May/2025:18:49:21 +0300] "GET /?b=142897715 HTTP/1.1" 200 18072 "-" "Mozilla/5.0 (Linux; Android 6.0.1; Nexus 5X Build/MMB29P) AppleWebKit/537.36 (KHTML, like Gecko) Chrome/136.0.7103.59 Mobile Safari/537.36 (compatible; Googlebot/2.1; +http://www.google.com/bot.html)"
66.249.79.6 - - [06/May/2025:18:50:11 +0300] "GET /?b=522937115 HTTP/1.1" 200 17947 "-" "Mozilla/5.0 (Linux; Android 6.0.1; Nexus 5X Build/MMB29P) AppleWebKit/537.36 (KHTML, like Gecko) Chrome/136.0.7103.59 Mobile Safari/537.36 (compatible; Googlebot/2.1; +http://www.google.com/bot.html)"
66.249.79.6 - - [06/May/2025:18:50:19 +0300] "GET /?b=491836715 HTTP/1.1" 200 18164 "-" "Mozilla/5.0 (Linux; Android 6.0.1; Nexus 5X Build/MMB29P) AppleWebKit/537.36 (KHTML, like Gecko) Chrome/136.0.7103.59 Mobile Safari/537.36 (compatible; Googlebot/2.1; +http://www.google.com/bot.html)"
5.255.231.68 - - [06/May/2025:18:50:27 +0300] "GET /wp-json/oembed/1.0/imageurl%7D?b=bmo251c48500001-brigitte-bardot HTTP/1.1" 200 4267 "-" "Mozilla/5.0 (compatible; YandexBot/3.0; +http://yandex.com/bots)"
66.249.79.6 - - [06/May/2025:18:50:44 +0300] "POST /get-message-notify HTTP/1.1" 200 18089 "http://bmofis.com/?b=491836715" "Mozilla/5.0 (Linux; Android 6.0.1; Nexus 5X Build/MMB29P) AppleWebKit/537.36 (KHTML, like Gecko) Chrome/135.0.7049.114 Mobile Safari/537.36 (compatible; Googlebot/2.1; +http://www.google.com/bot.html)"
213.180.203.153 - - [06/May/2025:18:51:01 +0300] "GET /wp-json/oembed/1.0/imageurl%7D?b=bmo251c48500001-brigitte-bardot HTTP/1.1" 200 4266 "-" "Mozilla/5.0 (compatible; YandexBot/3.0; +http://yandex.com/bots)"
66.249.79.6 - - [06/May/2025:18:46:45 +0300] "POST /get-message-notify HTTP/1.1" 200 18089 "http://bmofis.com/?b=138104915" "Mozilla/5.0 (Linux; Android 6.0.1; Nexus 5X Build/MMB29P) AppleWebKit/537.36 (KHTML, like Gecko) Chrome/135.0.7049.114 Mobile Safari/537.36 (compatible; Googlebot/2.1; +http://www.google.com/bot.html)"
66.249.79.6 - - [06/May/2025:18:46:49 +0300] "GET /pics_webp/common/pc/user_black.svg.webp HTTP/1.1" 200 17966 "-" "Googlebot-Image/1.0"
66.249.79.6 - - [06/May/2025:18:46:50 +0300] "GET /pics_webp/common/pc/cart_black.svg.webp HTTP/1.1" 200 17535 "-" "Googlebot-Image/1.0"
43.167.241.46 - - [06/May/2025:18:46:59 +0300] "GET /?path=/home/bmofiscom/public_html/wp-content HTTP/1.1" 200 3298 "-" "Mozilla/5.0 (iPhone; CPU iPhone OS 13_2_3 like Mac OS X) AppleWebKit/605.1.15 (KHTML, like Gecko) Version/13.0.3 Mobile/15E148 Safari/604.1"
216.244.66.198 - - [06/May/2025:18:48:36 +0300] "GET /urun/biloba-unica-pivot-kullanima-uygun-hidrolik-mentese-3/ HTTP/1.1" 200 39166 "-" "Mozilla/5.0 (compatible; DotBot/1.2; +https://opensiteexplorer.org/dotbot; help@moz.com)"
66.249.79.6 - - [06/May/2025:18:48:59 +0300] "GET /?b=78448115 HTTP/1.1" 200 18302 "-" "Mozilla/5.0 (Linux; Android 6.0.1; Nexus 5X Build/MMB29P) AppleWebKit/537.36 (KHTML, like Gecko) Chrome/136.0.7103.59 Mobile Safari/537.36 (compatible; Googlebot/2.1; +http://www.google.com/bot.html)"
66.249.79.6 - - [06/May/2025:18:49:17 +0300] "POST /get-message-notify HTTP/1.1" 200 18089 "http://bmofis.com/?b=78448115" "Mozilla/5.0 (Linux; Android 6.0.1; Nexus 5X Build/MMB29P) AppleWebKit/537.36 (KHTML, like Gecko) Chrome/135.0.7049.114 Mobile Safari/537.36 (compatible; Googlebot/2.1; +http://www.google.com/bot.html)"
216.244.66.198 - - [06/May/2025:18:49:21 +0300] "GET /urun/8507r-ayarlanabilir-yayli-dus-mentesesi-cam-cama-135/en-US HTTP/1.1" 200 39166 "-" "Mozilla/5.0 (compatible; DotBot/1.2; +https://opensiteexplorer.org/dotbot; help@moz.com)"
66.249.79.6 - - [06/May/2025:18:49:23 +0300] "GET /%E4%BA%BA%E6%B0%97%E5%95%86%E5%93%81%E3%81%AE%E4%B8%AD%E5%8F%A4%E5%93%81%E3%83%BB%E6%96%B0%E5%93%81%E3%83%BB%E6%9C%AA%E4%BD%BF%E7%94%A8%E5%93%81%201000050135836-12_2048x.jpg?v=%20%E3%82%A2%E3%82%AF%E3%82%BB%E3%82%B5%E3%83%AA%E3%83%BC HTTP/1.1" 200 3595 "-" "Googlebot-Image/1.0"
216.244.66.198 - - [06/May/2025:18:49:30 +0300] "GET /urun/bilobina-centrale-hidrolik-dus-mentesesi-cam-cama-2/en-US HTTP/1.1" 200 39166 "-" "Mozilla/5.0 (compatible; DotBot/1.2; +https://opensiteexplorer.org/dotbot; help@moz.com)"
216.244.66.198 - - [06/May/2025:18:49:37 +0300] "GET /urun/triloba-hidrolik-mentese-ust-cam-detay-elemani-2/teklif-al HTTP/1.1" 200 39166 "-" "Mozilla/5.0 (compatible; DotBot/1.2; +https://opensiteexplorer.org/dotbot; help@moz.com)"
66.249.79.8 - - [06/May/2025:18:50:04 +0300] "POST /get-message-notify HTTP/1.1" 200 18089 "http://bmofis.com/?b=142897715" "Mozilla/5.0 (Linux; Android 6.0.1; Nexus 5X Build/MMB29P) AppleWebKit/537.36 (KHTML, like Gecko) Chrome/135.0.7049.114 Mobile Safari/537.36 (compatible; Googlebot/2.1; +http://www.google.com/bot.html)"
66.249.79.8 - - [06/May/2025:18:52:01 +0300] "GET /?b=557142315 HTTP/1.1" 200 18131 "-" "Mozilla/5.0 (Linux; Android 6.0.1; Nexus 5X Build/MMB29P) AppleWebKit/537.36 (KHTML, like Gecko) Chrome/136.0.7103.59 Mobile Safari/537.36 (compatible; Googlebot/2.1; +http://www.google.com/bot.html)"
66.249.79.6 - - [06/May/2025:18:53:27 +0300] "POST /get-message-notify HTTP/1.1" 200 18090 "http://bmofis.com/?b=557142315" "Mozilla/5.0 (Linux; Android 6.0.1; Nexus 5X Build/MMB29P) AppleWebKit/537.36 (KHTML, like Gecko) Chrome/135.0.7049.114 Mobile Safari/537.36 (compatible; Googlebot/2.1; +http://www.google.com/bot.html)"
66.249.79.8 - - [06/May/2025:18:54:04 +0300] "GET /?b=234086115 HTTP/1.1" 200 17394 "-" "Mozilla/5.0 (Linux; Android 6.0.1; Nexus 5X Build/MMB29P) AppleWebKit/537.36 (KHTML, like Gecko) Chrome/136.0.7103.59 Mobile Safari/537.36 (compatible; Googlebot/2.1; +http://www.google.com/bot.html)"
66.249.79.7 - - [06/May/2025:18:54:12 +0300] "GET /?b=518152715 HTTP/1.1" 200 18145 "-" "Mozilla/5.0 (Linux; Android 6.0.1; Nexus 5X Build/MMB29P) AppleWebKit/537.36 (KHTML, like Gecko) Chrome/136.0.7103.59 Mobile Safari/537.36 (compatible; Googlebot/2.1; +http://www.google.com/bot.html)"
66.249.79.6 - - [06/May/2025:18:55:10 +0300] "GET /?b=273191215 HTTP/1.1" 200 17550 "-" "Mozilla/5.0 (Linux; Android 6.0.1; Nexus 5X Build/MMB29P) AppleWebKit/537.36 (KHTML, like Gecko) Chrome/136.0.7103.59 Mobile Safari/537.36 (compatible; Googlebot/2.1; +http://www.google.com/bot.html)"
66.249.79.6 - - [06/May/2025:18:55:18 +0300] "GET /?b=401713415 HTTP/1.1" 200 18106 "-" "Mozilla/5.0 (Linux; Android 6.0.1; Nexus 5X Build/MMB29P) AppleWebKit/537.36 (KHTML, like Gecko) Chrome/136.0.7103.59 Mobile Safari/537.36 (compatible; Googlebot/2.1; +http://www.google.com/bot.html)"
43.166.7.113 - - [06/May/2025:18:56:33 +0300] "GET /?filesrc=/home/bmofiscom/public_html/about.php&path=/home/bmofiscom/public_html HTTP/1.1" 200 7077 "-" "Mozilla/5.0 (iPhone; CPU iPhone OS 13_2_3 like Mac OS X) AppleWebKit/605.1.15 (KHTML, like Gecko) Version/13.0.3 Mobile/15E148 Safari/604.1"
66.249.79.6 - - [06/May/2025:18:57:14 +0300] "GET /?b=322682815 HTTP/1.1" 200 18395 "-" "Mozilla/5.0 (Linux; Android 6.0.1; Nexus 5X Build/MMB29P) AppleWebKit/537.36 (KHTML, like Gecko) Chrome/136.0.7103.59 Mobile Safari/537.36 (compatible; Googlebot/2.1; +http://www.google.com/bot.html)"
66.249.79.6 - - [06/May/2025:18:57:58 +0300] "GET /?b=56601615 HTTP/1.1" 200 18194 "-" "Mozilla/5.0 (Linux; Android 6.0.1; Nexus 5X Build/MMB29P) AppleWebKit/537.36 (KHTML, like Gecko) Chrome/136.0.7103.59 Mobile Safari/537.36 (compatible; Googlebot/2.1; +http://www.google.com/bot.html)"
66.249.79.6 - - [06/May/2025:18:58:06 +0300] "GET /?b=568517915 HTTP/1.1" 200 18414 "-" "Mozilla/5.0 (Linux; Android 6.0.1; Nexus 5X Build/MMB29P) AppleWebKit/537.36 (KHTML, like Gecko) Chrome/136.0.7103.59 Mobile Safari/537.36 (compatible; Googlebot/2.1; +http://www.google.com/bot.html)"
66.249.79.6 - - [06/May/2025:18:58:13 +0300] "GET /?b=214985915 HTTP/1.1" 200 18273 "-" "Mozilla/5.0 (Linux; Android 6.0.1; Nexus 5X Build/MMB29P) AppleWebKit/537.36 (KHTML, like Gecko) Chrome/136.0.7103.59 Mobile Safari/537.36 (compatible; Googlebot/2.1; +http://www.google.com/bot.html)"
66.249.79.6 - - [06/May/2025:18:58:21 +0300] "GET /?b=508183015 HTTP/1.1" 200 18293 "-" "Mozilla/5.0 (Linux; Android 6.0.1; Nexus 5X Build/MMB29P) AppleWebKit/537.36 (KHTML, like Gecko) Chrome/136.0.7103.59 Mobile Safari/537.36 (compatible; Googlebot/2.1; +http://www.google.com/bot.html)"
66.249.79.6 - - [06/May/2025:18:59:34 +0300] "GET /?b=551358815 HTTP/1.1" 200 18170 "-" "Mozilla/5.0 (Linux; Android 6.0.1; Nexus 5X Build/MMB29P) AppleWebKit/537.36 (KHTML, like Gecko) Chrome/136.0.7103.59 Mobile Safari/537.36 (compatible; Googlebot/2.1; +http://www.google.com/bot.html)"
66.249.79.6 - - [06/May/2025:19:00:54 +0300] "GET /?b=402093515 HTTP/1.1" 200 18042 "-" "Mozilla/5.0 (Linux; Android 6.0.1; Nexus 5X Build/MMB29P) AppleWebKit/537.36 (KHTML, like Gecko) Chrome/136.0.7103.59 Mobile Safari/537.36 (compatible; Googlebot/2.1; +http://www.google.com/bot.html)"
66.249.79.7 - - [06/May/2025:19:01:43 +0300] "POST /get-message-notify HTTP/1.1" 200 18090 "http://bmofis.com/?b=214985915" "Mozilla/5.0 (Linux; Android 6.0.1; Nexus 5X Build/MMB29P) AppleWebKit/537.36 (KHTML, like Gecko) Chrome/135.0.7049.114 Mobile Safari/537.36 (compatible; Googlebot/2.1; +http://www.google.com/bot.html)"
66.249.79.8 - - [06/May/2025:19:02:22 +0300] "GET /?b=267950615 HTTP/1.1" 200 17655 "-" "Mozilla/5.0 (Linux; Android 6.0.1; Nexus 5X Build/MMB29P) AppleWebKit/537.36 (KHTML, like Gecko) Chrome/136.0.7103.59 Mobile Safari/537.36 (compatible; Googlebot/2.1; +http://www.google.com/bot.html)"
66.249.79.6 - - [06/May/2025:18:51:10 +0300] "GET /?b=294563315 HTTP/1.1" 200 17496 "-" "Mozilla/5.0 (Linux; Android 6.0.1; Nexus 5X Build/MMB29P) AppleWebKit/537.36 (KHTML, like Gecko) Chrome/136.0.7103.59 Mobile Safari/537.36 (compatible; Googlebot/2.1; +http://www.google.com/bot.html)"
216.244.66.198 - - [06/May/2025:18:51:41 +0300] "GET /SFolder/Kategori/Pdf/379R1.pdf HTTP/1.1" 200 39166 "-" "Mozilla/5.0 (compatible; DotBot/1.2; +https://opensiteexplorer.org/dotbot; help@moz.com)"
66.249.79.6 - - [06/May/2025:18:52:51 +0300] "GET /?b=341259415 HTTP/1.1" 200 18037 "-" "Mozilla/5.0 (Linux; Android 6.0.1; Nexus 5X Build/MMB29P) AppleWebKit/537.36 (KHTML, like Gecko) Chrome/136.0.7103.59 Mobile Safari/537.36 (compatible; Googlebot/2.1; +http://www.google.com/bot.html)"
66.249.79.6 - - [06/May/2025:18:52:59 +0300] "GET /?b=41415415 HTTP/1.1" 200 18055 "-" "Mozilla/5.0 (Linux; Android 6.0.1; Nexus 5X Build/MMB29P) AppleWebKit/537.36 (KHTML, like Gecko) Chrome/136.0.7103.59 Mobile Safari/537.36 (compatible; Googlebot/2.1; +http://www.google.com/bot.html)"
213.180.203.241 - - [06/May/2025:18:53:30 +0300] "GET /wp-json/oembed/1.0/imageurl}?b=bmo251c15800105-chicago-skates-bullet-deluxe-speed-men%27s-skates HTTP/1.1" 200 4267 "-" "Mozilla/5.0 (compatible; YandexBot/3.0; +http://yandex.com/bots)"
66.249.79.7 - - [06/May/2025:18:55:03 +0300] "GET /?b=242382915 HTTP/1.1" 200 17620 "-" "Mozilla/5.0 (Linux; Android 6.0.1; Nexus 5X Build/MMB29P) AppleWebKit/537.36 (KHTML, like Gecko) Chrome/136.0.7103.59 Mobile Safari/537.36 (compatible; Googlebot/2.1; +http://www.google.com/bot.html)"
66.249.79.6 - - [06/May/2025:18:56:37 +0300] "GET /?b=483293715 HTTP/1.1" 200 17380 "-" "Mozilla/5.0 (Linux; Android 6.0.1; Nexus 5X Build/MMB29P) AppleWebKit/537.36 (KHTML, like Gecko) Chrome/136.0.7103.59 Mobile Safari/537.36 (compatible; Googlebot/2.1; +http://www.google.com/bot.html)"
66.249.79.6 - - [06/May/2025:18:57:00 +0300] "GET /?b=8402215 HTTP/1.1" 200 17864 "-" "Mozilla/5.0 (Linux; Android 6.0.1; Nexus 5X Build/MMB29P) AppleWebKit/537.36 (KHTML, like Gecko) Chrome/136.0.7103.59 Mobile Safari/537.36 (compatible; Googlebot/2.1; +http://www.google.com/bot.html)"
66.249.79.6 - - [06/May/2025:18:57:07 +0300] "GET /?b=207597215 HTTP/1.1" 200 17700 "-" "Mozilla/5.0 (Linux; Android 6.0.1; Nexus 5X Build/MMB29P) AppleWebKit/537.36 (KHTML, like Gecko) Chrome/136.0.7103.59 Mobile Safari/537.36 (compatible; Googlebot/2.1; +http://www.google.com/bot.html)"
66.249.79.6 - - [06/May/2025:18:57:22 +0300] "GET /?b=113610615 HTTP/1.1" 200 17928 "-" "Mozilla/5.0 (Linux; Android 6.0.1; Nexus 5X Build/MMB29P) AppleWebKit/537.36 (KHTML, like Gecko) Chrome/136.0.7103.59 Mobile Safari/537.36 (compatible; Googlebot/2.1; +http://www.google.com/bot.html)"
213.180.203.19 - - [06/May/2025:18:57:49 +0300] "GET /wp-json/oembed/1.0/imageurl}?b=bmo251c65700290-travismathew-b-bahamas-hat-men%27s HTTP/1.1" 200 4266 "-" "Mozilla/5.0 (compatible; YandexBot/3.0; +http://yandex.com/bots)"
213.180.203.45 - - [06/May/2025:18:58:12 +0300] "GET /urun/standart-cozumler/dus-sistemleri-standart-cozumler/aqua-dus-sistemleri/bm-dsq3-aqua-nis-dus-sistemi/?b=bmo251c54900074-raen-optics-munroe-sunglasses HTTP/1.1" 200 4267 "-" "Mozilla/5.0 (compatible; YandexBot/3.0; +http://yandex.com/bots)"
66.249.79.7 - - [06/May/2025:19:01:17 +0300] "GET /?b=571020115 HTTP/1.1" 200 17391 "-" "Mozilla/5.0 (Linux; Android 6.0.1; Nexus 5X Build/MMB29P) AppleWebKit/537.36 (KHTML, like Gecko) Chrome/136.0.7103.59 Mobile Safari/537.36 (compatible; Googlebot/2.1; +http://www.google.com/bot.html)"
66.249.79.7 - - [06/May/2025:19:02:59 +0300] "GET /?b=193643715 HTTP/1.1" 200 17943 "-" "Mozilla/5.0 (Linux; Android 6.0.1; Nexus 5X Build/MMB29P) AppleWebKit/537.36 (KHTML, like Gecko) Chrome/136.0.7103.59 Mobile Safari/537.36 (compatible; Googlebot/2.1; +http://www.google.com/bot.html)"
66.249.79.7 - - [06/May/2025:19:04:04 +0300] "GET /?b=54562115 HTTP/1.1" 200 18269 "-" "Mozilla/5.0 (Linux; Android 6.0.1; Nexus 5X Build/MMB29P) AppleWebKit/537.36 (KHTML, like Gecko) Chrome/136.0.7103.59 Mobile Safari/537.36 (compatible; Googlebot/2.1; +http://www.google.com/bot.html)"
66.249.79.7 - - [06/May/2025:19:05:10 +0300] "GET /?b=426100415 HTTP/1.1" 200 17743 "-" "Mozilla/5.0 (Linux; Android 6.0.1; Nexus 5X Build/MMB29P) AppleWebKit/537.36 (KHTML, like Gecko) Chrome/136.0.7103.59 Mobile Safari/537.36 (compatible; Googlebot/2.1; +http://www.google.com/bot.html)"
66.249.79.7 - - [06/May/2025:19:05:17 +0300] "GET /?b=128611515 HTTP/1.1" 200 17970 "-" "Mozilla/5.0 (Linux; Android 6.0.1; Nexus 5X Build/MMB29P) AppleWebKit/537.36 (KHTML, like Gecko) Chrome/136.0.7103.59 Mobile Safari/537.36 (compatible; Googlebot/2.1; +http://www.google.com/bot.html)"
43.153.27.244 - - [06/May/2025:19:05:53 +0300] "GET /?path=/home/bmofiscom/public_html/wp-content&aksi=buatfile HTTP/1.1" 200 3298 "-" "Mozilla/5.0 (iPhone; CPU iPhone OS 13_2_3 like Mac OS X) AppleWebKit/605.1.15 (KHTML, like Gecko) Version/13.0.3 Mobile/15E148 Safari/604.1"
66.249.79.6 - - [06/May/2025:19:07:27 +0300] "GET /?b=158363015 HTTP/1.1" 200 17976 "-" "Mozilla/5.0 (Linux; Android 6.0.1; Nexus 5X Build/MMB29P) AppleWebKit/537.36 (KHTML, like Gecko) Chrome/136.0.7103.59 Mobile Safari/537.36 (compatible; Googlebot/2.1; +http://www.google.com/bot.html)"
66.249.79.6 - - [06/May/2025:19:08:04 +0300] "GET /?b=441146115 HTTP/1.1" 200 18403 "-" "Mozilla/5.0 (Linux; Android 6.0.1; Nexus 5X Build/MMB29P) AppleWebKit/537.36 (KHTML, like Gecko) Chrome/136.0.7103.59 Mobile Safari/537.36 (compatible; Googlebot/2.1; +http://www.google.com/bot.html)"
66.249.79.7 - - [06/May/2025:19:08:11 +0300] "GET /?b=504829415 HTTP/1.1" 200 17534 "-" "Mozilla/5.0 (Linux; Android 6.0.1; Nexus 5X Build/MMB29P) AppleWebKit/537.36 (KHTML, like Gecko) Chrome/136.0.7103.59 Mobile Safari/537.36 (compatible; Googlebot/2.1; +http://www.google.com/bot.html)"
66.249.79.6 - - [06/May/2025:19:08:19 +0300] "GET /?b=52894315 HTTP/1.1" 200 18425 "-" "Mozilla/5.0 (Linux; Android 6.0.1; Nexus 5X Build/MMB29P) AppleWebKit/537.36 (KHTML, like Gecko) Chrome/136.0.7103.59 Mobile Safari/537.36 (compatible; Googlebot/2.1; +http://www.google.com/bot.html)"
66.249.79.6 - - [06/May/2025:19:09:03 +0300] "GET /?b=60764715 HTTP/1.1" 200 18114 "-" "Mozilla/5.0 (Linux; Android 6.0.1; Nexus 5X Build/MMB29P) AppleWebKit/537.36 (KHTML, like Gecko) Chrome/136.0.7103.59 Mobile Safari/537.36 (compatible; Googlebot/2.1; +http://www.google.com/bot.html)"
66.249.79.7 - - [06/May/2025:19:09:25 +0300] "GET /?b=191699215 HTTP/1.1" 200 18946 "-" "Mozilla/5.0 (Linux; Android 6.0.1; Nexus 5X Build/MMB29P) AppleWebKit/537.36 (KHTML, like Gecko) Chrome/136.0.7103.59 Mobile Safari/537.36 (compatible; Googlebot/2.1; +http://www.google.com/bot.html)"
66.249.79.8 - - [06/May/2025:19:10:01 +0300] "GET /?b=417426215 HTTP/1.1" 200 18674 "-" "Mozilla/5.0 (Linux; Android 6.0.1; Nexus 5X Build/MMB29P) AppleWebKit/537.36 (KHTML, like Gecko) Chrome/136.0.7103.59 Mobile Safari/537.36 (compatible; Googlebot/2.1; +http://www.google.com/bot.html)"
66.249.79.6 - - [06/May/2025:19:10:09 +0300] "GET /?b=480806215 HTTP/1.1" 200 17550 "-" "Mozilla/5.0 (Linux; Android 6.0.1; Nexus 5X Build/MMB29P) AppleWebKit/537.36 (KHTML, like Gecko) Chrome/136.0.7103.59 Mobile Safari/537.36 (compatible; Googlebot/2.1; +http://www.google.com/bot.html)"
66.249.79.7 - - [06/May/2025:19:11:07 +0300] "GET /?b=308099015 HTTP/1.1" 200 17926 "-" "Mozilla/5.0 (Linux; Android 6.0.1; Nexus 5X Build/MMB29P) AppleWebKit/537.36 (KHTML, like Gecko) Chrome/136.0.7103.59 Mobile Safari/537.36 (compatible; Googlebot/2.1; +http://www.google.com/bot.html)"
66.249.79.7 - - [06/May/2025:19:11:14 +0300] "GET /?b=151444315 HTTP/1.1" 200 17993 "-" "Mozilla/5.0 (Linux; Android 6.0.1; Nexus 5X Build/MMB29P) AppleWebKit/537.36 (KHTML, like Gecko) Chrome/136.0.7103.59 Mobile Safari/537.36 (compatible; Googlebot/2.1; +http://www.google.com/bot.html)"
66.249.79.6 - - [06/May/2025:19:11:49 +0300] "POST /get-message-notify HTTP/1.1" 200 18090 "http://bmofis.com/?b=483293715" "Mozilla/5.0 (Linux; Android 6.0.1; Nexus 5X Build/MMB29P) AppleWebKit/537.36 (KHTML, like Gecko) Chrome/135.0.7049.114 Mobile Safari/537.36 (compatible; Googlebot/2.1; +http://www.google.com/bot.html)"
5.255.231.8 - - [06/May/2025:19:11:57 +0300] "GET /robots.txt HTTP/1.1" 200 263 "-" "Mozilla/5.0 (compatible; YandexBot/3.0; +http://yandex.com/bots)"
66.249.79.6 - - [06/May/2025:19:13:03 +0300] "GET /?b=592053415 HTTP/1.1" 200 17251 "-" "Mozilla/5.0 (Linux; Android 6.0.1; Nexus 5X Build/MMB29P) AppleWebKit/537.36 (KHTML, like Gecko) Chrome/136.0.7103.59 Mobile Safari/537.36 (compatible; Googlebot/2.1; +http://www.google.com/bot.html)"
87.250.224.236 - - [06/May/2025:19:14:41 +0300] "GET /wp-json/oembed/1.0/imageurl}?b=bmo251c39600053-manduka-mat-cleaner HTTP/1.1" 200 4280 "-" "Mozilla/5.0 (compatible; YandexBot/3.0; +http://yandex.com/bots)"
66.249.79.7 - - [06/May/2025:19:14:59 +0300] "GET /?b=352812015 HTTP/1.1" 200 17870 "-" "Mozilla/5.0 (Linux; Android 6.0.1; Nexus 5X Build/MMB29P) AppleWebKit/537.36 (KHTML, like Gecko) Chrome/136.0.7103.59 Mobile Safari/537.36 (compatible; Googlebot/2.1; +http://www.google.com/bot.html)"
66.249.79.6 - - [06/May/2025:19:15:58 +0300] "GET /?b=356809415 HTTP/1.1" 200 17812 "-" "Mozilla/5.0 (Linux; Android 6.0.1; Nexus 5X Build/MMB29P) AppleWebKit/537.36 (KHTML, like Gecko) Chrome/136.0.7103.59 Mobile Safari/537.36 (compatible; Googlebot/2.1; +http://www.google.com/bot.html)"
5.255.231.166 - - [06/May/2025:19:16:15 +0300] "GET /wp-json/oembed/1.0/imageurl%7D?b=bmo251c48500467-bardot-verona-sequin-dress HTTP/1.1" 200 4269 "-" "Mozilla/5.0 (compatible; YandexBot/3.0; +http://yandex.com/bots)"
52.167.144.156 - - [06/May/2025:19:16:22 +0300] "GET /urun/hidrolik-sistemler/hidrolik-dus-sistemleri/sauna-buhar-odasi-cozumleri-hidrolik-dus-sistemleri/kbt8061-buhar-odalari-ve-hamamlar-icin-hidrolik-set/teklif-al?b=bmo251c10700032-nike-ambush-black HTTP/1.1" 200 17844 "-" "Mozilla/5.0 AppleWebKit/537.36 (KHTML, like Gecko; compatible; bingbot/2.0; +http://www.bing.com/bingbot.htm) Chrome/116.0.1938.76 Safari/537.36"
66.249.79.7 - - [06/May/2025:19:17:25 +0300] "GET /?b=479527815 HTTP/1.1" 200 17968 "-" "Mozilla/5.0 (Linux; Android 6.0.1; Nexus 5X Build/MMB29P) AppleWebKit/537.36 (KHTML, like Gecko) Chrome/136.0.7103.59 Mobile Safari/537.36 (compatible; Googlebot/2.1; +http://www.google.com/bot.html)"
66.249.79.6 - - [06/May/2025:19:17:32 +0300] "GET /?b=390657815 HTTP/1.1" 200 18523 "-" "Mozilla/5.0 (Linux; Android 6.0.1; Nexus 5X Build/MMB29P) AppleWebKit/537.36 (KHTML, like Gecko) Chrome/136.0.7103.59 Mobile Safari/537.36 (compatible; Googlebot/2.1; +http://www.google.com/bot.html)"
5.255.231.70 - - [06/May/2025:19:17:35 +0300] "GET /wp-json/oembed/1.0/imageurl%7D?b=bmo251c600462-high-top-converse-glitter HTTP/1.1" 200 4273 "-" "Mozilla/5.0 (compatible; YandexBot/3.0; +http://yandex.com/bots)"
66.249.79.6 - - [06/May/2025:19:17:55 +0300] "GET /?b=96555715 HTTP/1.1" 200 17587 "-" "Mozilla/5.0 (Linux; Android 6.0.1; Nexus 5X Build/MMB29P) AppleWebKit/537.36 (KHTML, like Gecko) Chrome/136.0.7103.59 Mobile Safari/537.36 (compatible; Googlebot/2.1; +http://www.google.com/bot.html)"
66.249.79.7 - - [06/May/2025:19:18:09 +0300] "GET /?b=470718815 HTTP/1.1" 200 17613 "-" "Mozilla/5.0 (Linux; Android 6.0.1; Nexus 5X Build/MMB29P) AppleWebKit/537.36 (KHTML, like Gecko) Chrome/136.0.7103.59 Mobile Safari/537.36 (compatible; Googlebot/2.1; +http://www.google.com/bot.html)"
66.249.79.6 - - [06/May/2025:19:19:08 +0300] "GET /?b=372856415 HTTP/1.1" 200 18006 "-" "Mozilla/5.0 (Linux; Android 6.0.1; Nexus 5X Build/MMB29P) AppleWebKit/537.36 (KHTML, like Gecko) Chrome/136.0.7103.59 Mobile Safari/537.36 (compatible; Googlebot/2.1; +http://www.google.com/bot.html)"
213.180.203.160 - - [06/May/2025:19:06:01 +0300] "GET /urun-kategori/loq/?b=bmo251c31414551-jansport-chevron-shadow HTTP/1.1" 200 4293 "-" "Mozilla/5.0 (compatible; YandexBot/3.0; +http://yandex.com/bots)"
66.249.79.8 - - [06/May/2025:19:06:51 +0300] "GET /?b=127333215 HTTP/1.1" 200 18505 "-" "Mozilla/5.0 (Linux; Android 6.0.1; Nexus 5X Build/MMB29P) AppleWebKit/537.36 (KHTML, like Gecko) Chrome/136.0.7103.59 Mobile Safari/537.36 (compatible; Googlebot/2.1; +http://www.google.com/bot.html)"
5.255.231.40 - - [06/May/2025:19:07:21 +0300] "GET /wp-json/oembed/1.0/imageurl}?b=bmo251c55800272-robert-graham-swim-shorts HTTP/1.1" 200 4293 "-" "Mozilla/5.0 (compatible; YandexBot/3.0; +http://yandex.com/bots)"
43.135.134.127 - - [06/May/2025:19:08:48 +0300] "GET / HTTP/1.1" 200 4266 "-" "Mozilla/5.0 (iPhone; CPU iPhone OS 13_2_3 like Mac OS X) AppleWebKit/605.1.15 (KHTML, like Gecko) Version/13.0.3 Mobile/15E148 Safari/604.1"
66.249.79.6 - - [06/May/2025:19:08:55 +0300] "GET /?b=231663515 HTTP/1.1" 200 17973 "-" "Mozilla/5.0 (Linux; Android 6.0.1; Nexus 5X Build/MMB29P) AppleWebKit/537.36 (KHTML, like Gecko) Chrome/136.0.7103.59 Mobile Safari/537.36 (compatible; Googlebot/2.1; +http://www.google.com/bot.html)"
66.249.79.6 - - [06/May/2025:19:10:16 +0300] "GET /?b=58257215 HTTP/1.1" 200 18725 "-" "Mozilla/5.0 (Linux; Android 6.0.1; Nexus 5X Build/MMB29P) AppleWebKit/537.36 (KHTML, like Gecko) Chrome/136.0.7103.59 Mobile Safari/537.36 (compatible; Googlebot/2.1; +http://www.google.com/bot.html)"
93.183.124.212 - - [06/May/2025:19:12:21 +0300] "GET / HTTP/1.0" 200 33535 "-" "Mozilla/5.0 (Windows NT 6.3; Win64; x64) AppleWebKit/537.36 (KHTML, like Gecko) Chrome/75.0.3770.100 Safari/537.36"
66.249.79.6 - - [06/May/2025:19:13:11 +0300] "GET /?b=118244315 HTTP/1.1" 200 17687 "-" "Mozilla/5.0 (Linux; Android 6.0.1; Nexus 5X Build/MMB29P) AppleWebKit/537.36 (KHTML, like Gecko) Chrome/136.0.7103.59 Mobile Safari/537.36 (compatible; Googlebot/2.1; +http://www.google.com/bot.html)"
95.108.213.185 - - [06/May/2025:19:13:51 +0300] "GET /robots.txt HTTP/1.1" 200 263 "-" "Mozilla/5.0 (compatible; YandexBot/3.0; +http://yandex.com/bots)"
52.167.144.156 - - [06/May/2025:19:14:42 +0300] "GET /urun/hidrolik-sistemler/hidrolik-dus-sistemleri/sauna-buhar-odasi-cozumleri-hidrolik-dus-sistemleri/kbt8061-buhar-odalari-ve-hamamlar-icin-hidrolik-set/teklif-al?b=bmo251c57610429-sam-edelman-uk-shop HTTP/1.1" 200 18119 "-" "Mozilla/5.0 AppleWebKit/537.36 (KHTML, like Gecko; compatible; bingbot/2.0; +http://www.bing.com/bingbot.htm) Chrome/116.0.1938.76 Safari/537.36"
66.249.79.6 - - [06/May/2025:19:15:27 +0300] "GET /?b=39810315 HTTP/1.1" 200 18072 "-" "Mozilla/5.0 (Linux; Android 6.0.1; Nexus 5X Build/MMB29P) AppleWebKit/537.36 (KHTML, like Gecko) Chrome/136.0.7103.59 Mobile Safari/537.36 (compatible; Googlebot/2.1; +http://www.google.com/bot.html)"
66.249.79.7 - - [06/May/2025:19:16:05 +0300] "GET /?b=467771715 HTTP/1.1" 200 17918 "-" "Mozilla/5.0 (Linux; Android 6.0.1; Nexus 5X Build/MMB29P) AppleWebKit/537.36 (KHTML, like Gecko) Chrome/136.0.7103.59 Mobile Safari/537.36 (compatible; Googlebot/2.1; +http://www.google.com/bot.html)"
43.159.152.184 - - [06/May/2025:19:16:33 +0300] "GET /?path=/home/bmofiscom/public_html/wp-content/bmofi HTTP/1.1" 200 2711 "-" "Mozilla/5.0 (iPhone; CPU iPhone OS 13_2_3 like Mac OS X) AppleWebKit/605.1.15 (KHTML, like Gecko) Version/13.0.3 Mobile/15E148 Safari/604.1"
66.249.79.8 - - [06/May/2025:19:18:02 +0300] "GET /?b=446637815 HTTP/1.1" 200 17914 "-" "Mozilla/5.0 (Linux; Android 6.0.1; Nexus 5X Build/MMB29P) AppleWebKit/537.36 (KHTML, like Gecko) Chrome/136.0.7103.59 Mobile Safari/537.36 (compatible; Googlebot/2.1; +http://www.google.com/bot.html)"
66.249.79.6 - - [06/May/2025:19:18:31 +0300] "GET /?b=50724915 HTTP/1.1" 200 17978 "-" "Mozilla/5.0 (Linux; Android 6.0.1; Nexus 5X Build/MMB29P) AppleWebKit/537.36 (KHTML, like Gecko) Chrome/136.0.7103.59 Mobile Safari/537.36 (compatible; Googlebot/2.1; +http://www.google.com/bot.html)"
66.249.79.6 - - [06/May/2025:19:19:30 +0300] "GET /?b=189287815 HTTP/1.1" 200 17850 "-" "Mozilla/5.0 (Linux; Android 6.0.1; Nexus 5X Build/MMB29P) AppleWebKit/537.36 (KHTML, like Gecko) Chrome/136.0.7103.59 Mobile Safari/537.36 (compatible; Googlebot/2.1; +http://www.google.com/bot.html)"
66.249.79.6 - - [06/May/2025:19:19:52 +0300] "GET /?b=348102015 HTTP/1.1" 200 17620 "-" "Mozilla/5.0 (Linux; Android 6.0.1; Nexus 5X Build/MMB29P) AppleWebKit/537.36 (KHTML, like Gecko) Chrome/136.0.7103.59 Mobile Safari/537.36 (compatible; Googlebot/2.1; +http://www.google.com/bot.html)"
66.249.79.6 - - [06/May/2025:19:19:59 +0300] "GET /?b=229059115 HTTP/1.1" 200 18064 "-" "Mozilla/5.0 (Linux; Android 6.0.1; Nexus 5X Build/MMB29P) AppleWebKit/537.36 (KHTML, like Gecko) Chrome/136.0.7103.59 Mobile Safari/537.36 (compatible; Googlebot/2.1; +http://www.google.com/bot.html)"
66.249.68.32 - - [06/May/2025:19:20:09 +0300] "GET /favicon.ico HTTP/1.1" 404 1251 "-" "Googlebot-Image/1.0"
66.249.79.7 - - [06/May/2025:19:22:02 +0300] "GET /?b=527796115 HTTP/1.1" 200 18972 "-" "Mozilla/5.0 (Linux; Android 6.0.1; Nexus 5X Build/MMB29P) AppleWebKit/537.36 (KHTML, like Gecko) Chrome/136.0.7103.59 Mobile Safari/537.36 (compatible; Googlebot/2.1; +http://www.google.com/bot.html)"
66.249.79.7 - - [06/May/2025:19:23:08 +0300] "GET /?b=562901315 HTTP/1.1" 200 18653 "-" "Mozilla/5.0 (Linux; Android 6.0.1; Nexus 5X Build/MMB29P) AppleWebKit/537.36 (KHTML, like Gecko) Chrome/136.0.7103.59 Mobile Safari/537.36 (compatible; Googlebot/2.1; +http://www.google.com/bot.html)"
66.249.79.6 - - [06/May/2025:19:24:07 +0300] "GET /?b=565006315 HTTP/1.1" 200 17854 "-" "Mozilla/5.0 (Linux; Android 6.0.1; Nexus 5X Build/MMB29P) AppleWebKit/537.36 (KHTML, like Gecko) Chrome/136.0.7103.59 Mobile Safari/537.36 (compatible; Googlebot/2.1; +http://www.google.com/bot.html)"
216.244.66.198 - - [06/May/2025:19:25:15 +0300] "GET /robots.txt HTTP/1.1" 200 263 "-" "Mozilla/5.0 (compatible; DotBot/1.2; +https://opensiteexplorer.org/dotbot; help@moz.com)"
66.249.79.6 - - [06/May/2025:19:27:16 +0300] "GET /?b=572045415 HTTP/1.1" 200 17659 "-" "Mozilla/5.0 (Linux; Android 6.0.1; Nexus 5X Build/MMB29P) AppleWebKit/537.36 (KHTML, like Gecko) Chrome/136.0.7103.59 Mobile Safari/537.36 (compatible; Googlebot/2.1; +http://www.google.com/bot.html)"
5.255.231.117 - - [06/May/2025:19:28:59 +0300] "GET /wp-json/oembed/1.0/embed?b=bmo251c45800455-pacific-mountain-dasher HTTP/1.1" 200 4266 "-" "Mozilla/5.0 (compatible; YandexBot/3.0; +http://yandex.com/bots)"
66.249.79.8 - - [06/May/2025:19:29:09 +0300] "GET /?b=513454315 HTTP/1.1" 200 17349 "-" "Mozilla/5.0 (Linux; Android 6.0.1; Nexus 5X Build/MMB29P) AppleWebKit/537.36 (KHTML, like Gecko) Chrome/136.0.7103.59 Mobile Safari/537.36 (compatible; Googlebot/2.1; +http://www.google.com/bot.html)"
5.255.231.54 - - [06/May/2025:19:29:56 +0300] "GET /wp-json/oembed/1.0/imageurl}?b=bmo251c23600401-fair-harbor-polo HTTP/1.1" 200 4267 "-" "Mozilla/5.0 (compatible; YandexBot/3.0; +http://yandex.com/bots)"
66.249.79.8 - - [06/May/2025:19:30:07 +0300] "GET /?b=534239415 HTTP/1.1" 200 18221 "-" "Mozilla/5.0 (Linux; Android 6.0.1; Nexus 5X Build/MMB29P) AppleWebKit/537.36 (KHTML, like Gecko) Chrome/136.0.7103.59 Mobile Safari/537.36 (compatible; Googlebot/2.1; +http://www.google.com/bot.html)"
66.249.79.7 - - [06/May/2025:19:30:29 +0300] "GET /?b=502847715 HTTP/1.1" 200 17810 "-" "Mozilla/5.0 (Linux; Android 6.0.1; Nexus 5X Build/MMB29P) AppleWebKit/537.36 (KHTML, like Gecko) Chrome/136.0.7103.59 Mobile Safari/537.36 (compatible; Googlebot/2.1; +http://www.google.com/bot.html)"
66.249.79.6 - - [06/May/2025:19:31:05 +0300] "GET /?b=254021715 HTTP/1.1" 200 18531 "-" "Mozilla/5.0 (Linux; Android 6.0.1; Nexus 5X Build/MMB29P) AppleWebKit/537.36 (KHTML, like Gecko) Chrome/136.0.7103.59 Mobile Safari/537.36 (compatible; Googlebot/2.1; +http://www.google.com/bot.html)"
66.249.79.7 - - [06/May/2025:19:22:10 +0300] "GET /?b=514270015 HTTP/1.1" 200 17814 "-" "Mozilla/5.0 (Linux; Android 6.0.1; Nexus 5X Build/MMB29P) AppleWebKit/537.36 (KHTML, like Gecko) Chrome/136.0.7103.59 Mobile Safari/537.36 (compatible; Googlebot/2.1; +http://www.google.com/bot.html)"
66.249.79.6 - - [06/May/2025:19:23:01 +0300] "GET /?b=565471515 HTTP/1.1" 200 18117 "-" "Mozilla/5.0 (Linux; Android 6.0.1; Nexus 5X Build/MMB29P) AppleWebKit/537.36 (KHTML, like Gecko) Chrome/136.0.7103.59 Mobile Safari/537.36 (compatible; Googlebot/2.1; +http://www.google.com/bot.html)"
66.249.79.6 - - [06/May/2025:19:23:16 +0300] "GET /?b=16270415 HTTP/1.1" 200 17849 "-" "Mozilla/5.0 (Linux; Android 6.0.1; Nexus 5X Build/MMB29P) AppleWebKit/537.36 (KHTML, like Gecko) Chrome/136.0.7103.59 Mobile Safari/537.36 (compatible; Googlebot/2.1; +http://www.google.com/bot.html)"
213.180.203.92 - - [06/May/2025:19:24:08 +0300] "GET /wp-json/oembed/1.0/embed?b=bmo251c35400202-la-regale-scalloped-gold-beaded-purse-made-in-china HTTP/1.1" 200 4268 "-" "Mozilla/5.0 (compatible; YandexBot/3.0; +http://yandex.com/bots)"
213.180.203.156 - - [06/May/2025:19:25:05 +0300] "GET /wp-json/oembed/1.0/imageurl%7D?b=bmo251c65800344-trenery-claremont HTTP/1.1" 200 4271 "-" "Mozilla/5.0 (compatible; YandexBot/3.0; +http://yandex.com/bots)"
87.250.224.75 - - [06/May/2025:19:25:05 +0300] "GET /wp-json/oembed/1.0/imageurl}?b=bmo251c68000084-veldskoen-padstal HTTP/1.1" 200 4271 "-" "Mozilla/5.0 (compatible; YandexBot/3.0; +http://yandex.com/bots)"
66.249.79.8 - - [06/May/2025:19:27:09 +0300] "GET /?b=491518915 HTTP/1.1" 200 17938 "-" "Mozilla/5.0 (Linux; Android 6.0.1; Nexus 5X Build/MMB29P) AppleWebKit/537.36 (KHTML, like Gecko) Chrome/136.0.7103.59 Mobile Safari/537.36 (compatible; Googlebot/2.1; +http://www.google.com/bot.html)"
66.249.79.6 - - [06/May/2025:19:27:24 +0300] "GET /?b=332890115 HTTP/1.1" 200 18241 "-" "Mozilla/5.0 (Linux; Android 6.0.1; Nexus 5X Build/MMB29P) AppleWebKit/537.36 (KHTML, like Gecko) Chrome/136.0.7103.59 Mobile Safari/537.36 (compatible; Googlebot/2.1; +http://www.google.com/bot.html)"
170.106.110.146 - - [06/May/2025:19:28:55 +0300] "GET /?path=/home/bmofiscom/public_html/wp-content/cache HTTP/1.1" 200 2929 "-" "Mozilla/5.0 (iPhone; CPU iPhone OS 13_2_3 like Mac OS X) AppleWebKit/605.1.15 (KHTML, like Gecko) Version/13.0.3 Mobile/15E148 Safari/604.1"
5.255.231.138 - - [06/May/2025:19:29:27 +0300] "GET /wp-json/oembed/1.0/imageurl}?b=bmo251c23600401-fair-harbor-polo HTTP/1.1" 200 4267 "-" "Mozilla/5.0 (compatible; YandexBot/3.0; +http://yandex.com/bots)"
66.249.79.7 - - [06/May/2025:19:29:31 +0300] "GET /?b=216938215 HTTP/1.1" 200 18566 "-" "Mozilla/5.0 (Linux; Android 6.0.1; Nexus 5X Build/MMB29P) AppleWebKit/537.36 (KHTML, like Gecko) Chrome/136.0.7103.59 Mobile Safari/537.36 (compatible; Googlebot/2.1; +http://www.google.com/bot.html)"
66.249.79.8 - - [06/May/2025:19:33:59 +0300] "GET /?b=167845715 HTTP/1.1" 200 17961 "-" "Mozilla/5.0 (Linux; Android 6.0.1; Nexus 5X Build/MMB29P) AppleWebKit/537.36 (KHTML, like Gecko) Chrome/136.0.7103.59 Mobile Safari/537.36 (compatible; Googlebot/2.1; +http://www.google.com/bot.html)"
66.249.68.32 - - [06/May/2025:19:34:27 +0300] "POST /get-message-notify HTTP/1.1" 200 18010 "http://www.bmofis.com/" "Mozilla/5.0 (Linux; Android 6.0.1; Nexus 5X Build/MMB29P) AppleWebKit/537.36 (KHTML, like Gecko) Chrome/135.0.7049.114 Mobile Safari/537.36 (compatible; Googlebot/2.1; +http://www.google.com/bot.html)"
66.249.68.32 - - [06/May/2025:19:34:37 +0300] "GET /favicon.ico HTTP/1.1" 404 1251 "-" "Googlebot-Image/1.0"
66.249.68.33 - - [06/May/2025:19:34:42 +0300] "GET /pics_webp/common/pc/cart_black.svg.webp HTTP/1.1" 200 17524 "-" "Googlebot-Image/1.0"
87.250.224.216 - - [06/May/2025:19:34:45 +0300] "GET /wp-json/oembed/1.0/imageurl}?b=bmo251c62700206-tamaris-alis-wedge HTTP/1.1" 200 4272 "-" "Mozilla/5.0 (compatible; YandexBot/3.0; +http://yandex.com/bots)"
66.249.68.33 - - [06/May/2025:19:34:46 +0300] "GET /pics_webp/common/pc/user_black.svg.webp HTTP/1.1" 200 17921 "-" "Googlebot-Image/1.0"
66.249.79.6 - - [06/May/2025:19:31:13 +0300] "GET /?b=5021915 HTTP/1.1" 200 17549 "-" "Mozilla/5.0 (Linux; Android 6.0.1; Nexus 5X Build/MMB29P) AppleWebKit/537.36 (KHTML, like Gecko) Chrome/136.0.7103.59 Mobile Safari/537.36 (compatible; Googlebot/2.1; +http://www.google.com/bot.html)"
66.249.68.32 - - [06/May/2025:19:34:18 +0300] "GET / HTTP/1.1" 200 17887 "-" "Mozilla/5.0 (Linux; Android 6.0.1; Nexus 5X Build/MMB29P) AppleWebKit/537.36 (KHTML, like Gecko) Chrome/136.0.7103.59 Mobile Safari/537.36 (compatible; Googlebot/2.1; +http://www.google.com/bot.html)"
216.244.66.198 - - [06/May/2025:19:36:13 +0300] "GET /SFolder/Kategori/Pdf/175R1.pdf HTTP/1.1" 200 39166 "-" "Mozilla/5.0 (compatible; DotBot/1.2; +https://opensiteexplorer.org/dotbot; help@moz.com)"
216.244.66.198 - - [06/May/2025:19:36:20 +0300] "GET /SFolder/Kategori/Pdf/282R1.pdf HTTP/1.1" 200 39166 "-" "Mozilla/5.0 (compatible; DotBot/1.2; +https://opensiteexplorer.org/dotbot; help@moz.com)"
216.244.66.198 - - [06/May/2025:19:36:26 +0300] "GET /SFolder/Kategori/Pdf/295R1.pdf HTTP/1.1" 200 39166 "-" "Mozilla/5.0 (compatible; DotBot/1.2; +https://opensiteexplorer.org/dotbot; help@moz.com)"
216.244.66.198 - - [06/May/2025:19:36:31 +0300] "GET /SFolder/Kategori/Pdf/330R1.pdf HTTP/1.1" 200 39166 "-" "Mozilla/5.0 (compatible; DotBot/1.2; +https://opensiteexplorer.org/dotbot; help@moz.com)"
216.244.66.198 - - [06/May/2025:19:36:36 +0300] "GET /SFolder/Kategori/Pdf/489R1.pdf HTTP/1.1" 200 39166 "-" "Mozilla/5.0 (compatible; DotBot/1.2; +https://opensiteexplorer.org/dotbot; help@moz.com)"
216.244.66.198 - - [06/May/2025:19:37:45 +0300] "GET /SFolder/Kategori/Resim/664R1.png HTTP/1.1" 200 39166 "-" "Mozilla/5.0 (compatible; DotBot/1.2; +https://opensiteexplorer.org/dotbot; help@moz.com)"
216.244.66.198 - - [06/May/2025:19:38:04 +0300] "GET /kilitler-ve-kollar/hoppe-serisi/10/648.aspx HTTP/1.1" 200 39163 "-" "Mozilla/5.0 (compatible; DotBot/1.2; +https://opensiteexplorer.org/dotbot; help@moz.com)"
66.249.79.6 - - [06/May/2025:19:39:57 +0300] "POST /get-message-notify HTTP/1.1" 200 18091 "http://bmofis.com/" "Mozilla/5.0 AppleWebKit/537.36 (KHTML, like Gecko; compatible; Googlebot/2.1; +http://www.google.com/bot.html) Chrome/135.0.7049.114 Safari/537.36"
43.153.85.46 - - [06/May/2025:19:48:02 +0300] "GET /?path=/home/bmofiscom/public_html/wp-content&aksi=ransom HTTP/1.1" 200 3298 "-" "Mozilla/5.0 (iPhone; CPU iPhone OS 13_2_3 like Mac OS X) AppleWebKit/605.1.15 (KHTML, like Gecko) Version/13.0.3 Mobile/15E148 Safari/604.1"
40.77.167.77 - - [06/May/2025:19:50:42 +0300] "GET /urun/standart-cozumler/dus-sistemleri-standart-cozumler/topuz-ve-kollar-dus-sistemleri-standart-cozumler/5h03-h-tip-boru-kol/teklif-al?b=bmo251c5700034-x-2-y-2-3 HTTP/1.1" 200 18884 "-" "Mozilla/5.0 AppleWebKit/537.36 (KHTML, like Gecko; compatible; bingbot/2.0; +http://www.bing.com/bingbot.htm) Chrome/116.0.1938.76 Safari/537.36"
87.250.224.15 - - [06/May/2025:19:50:47 +0300] "GET /wp-json/oembed/1.0/imageurl%7D?b=bmo251c16000616-chiruca-troll HTTP/1.1" 200 4266 "-" "Mozilla/5.0 (compatible; YandexBot/3.0; +http://yandex.com/bots)"
5.255.231.15 - - [06/May/2025:19:51:09 +0300] "GET /MontajTalimatiVideo.aspx?b=bmo251c35600108-lack-of-color-beverly-hat HTTP/1.1" 200 4267 "-" "Mozilla/5.0 (compatible; YandexBot/3.0; +http://yandex.com/bots)"
5.255.231.9 - - [06/May/2025:19:51:26 +0300] "GET /MontajTalimatiVideo.aspx?b=bmo251c35600108-lack-of-color-beverly-hat HTTP/1.1" 200 4267 "-" "Mozilla/5.0 (compatible; YandexBot/3.0; +http://yandex.com/bots)"
5.255.231.34 - - [06/May/2025:19:36:06 +0300] "GET /wp-json/oembed/1.0/embed?b=bmo251c65400313-men%27s-topo-athletic-magnifly-2-running-shoe HTTP/1.1" 200 4267 "-" "Mozilla/5.0 (compatible; YandexBot/3.0; +http://yandex.com/bots)"
5.255.231.17 - - [06/May/2025:19:36:09 +0300] "GET /wp-json/oembed/1.0/imageurl}?b=bmo251c24400300-filson-logger-cap HTTP/1.1" 200 4279 "-" "Mozilla/5.0 (compatible; YandexBot/3.0; +http://yandex.com/bots)"
216.244.66.198 - - [06/May/2025:19:36:42 +0300] "GET /SFolder/Kategori/Pdf/526R1.pdf HTTP/1.1" 200 39166 "-" "Mozilla/5.0 (compatible; DotBot/1.2; +https://opensiteexplorer.org/dotbot; help@moz.com)"
216.244.66.198 - - [06/May/2025:19:37:06 +0300] "GET /SFolder/Kategori/Resim/194R1.png HTTP/1.1" 200 39166 "-" "Mozilla/5.0 (compatible; DotBot/1.2; +https://opensiteexplorer.org/dotbot; help@moz.com)"
216.244.66.198 - - [06/May/2025:19:37:26 +0300] "GET /SFolder/Kategori/Resim/353R1.png HTTP/1.1" 200 39166 "-" "Mozilla/5.0 (compatible; DotBot/1.2; +https://opensiteexplorer.org/dotbot; help@moz.com)"
43.159.143.139 - - [06/May/2025:19:38:34 +0300] "GET /?filesrc=/home/bmofiscom/public_html/wp-content/db-cache.php&path=/home/bmofiscom/public_html/wp-content HTTP/1.1" 200 2367 "-" "Mozilla/5.0 (iPhone; CPU iPhone OS 13_2_3 like Mac OS X) AppleWebKit/605.1.15 (KHTML, like Gecko) Version/13.0.3 Mobile/15E148 Safari/604.1"
66.249.79.7 - - [06/May/2025:19:39:39 +0300] "GET / HTTP/1.1" 200 18081 "-" "Mozilla/5.0 (compatible; Googlebot/2.1; +http://www.google.com/bot.html)"
87.250.224.35 - - [06/May/2025:19:43:08 +0300] "GET /urun/standart-cozumler/dus-sistemleri-standart-cozumler/aqua-dus-sistemleri/bm-dsq3-aqua-nis-dus-sistemi/?b=bmo251c47100192-penny-scallan-satchel HTTP/1.1" 200 4273 "-" "Mozilla/5.0 (compatible; YandexBot/3.0; +http://yandex.com/bots)"
5.255.231.185 - - [06/May/2025:19:45:02 +0300] "GET /wp-json/oembed/1.0/imageurl}?b=bmo251c51900148-j-edmonnd-frost-bay-city HTTP/1.1" 200 4267 "-" "Mozilla/5.0 (compatible; YandexBot/3.0; +http://yandex.com/bots)"
87.250.224.206 - - [06/May/2025:19:45:23 +0300] "GET /wp-json/oembed/1.0/imageurl%7D?b=bmo251c17400372-qvc-comfortiva-boots HTTP/1.1" 200 4267 "-" "Mozilla/5.0 (compatible; YandexBot/3.0; +http://yandex.com/bots)"
95.108.213.95 - - [06/May/2025:19:50:23 +0300] "GET /urun/standart-cozumler/dus-sistemleri-standart-cozumler/aqua-dus-sistemleri/bm-dsq3-aqua-nis-dus-sistemi/?b=bmo251c1500058-lacoste-t-shirts HTTP/1.1" 200 4269 "-" "Mozilla/5.0 (compatible; YandexBot/3.0; +http://yandex.com/bots)"
5.255.231.62 - - [06/May/2025:19:51:56 +0300] "GET /wp-json/oembed/1.0/imageurl%7D?b=bmo251c54700319-public-desire-size-guide HTTP/1.1" 200 4267 "-" "Mozilla/5.0 (compatible; YandexBot/3.0; +http://yandex.com/bots)"
43.167.245.18 - - [06/May/2025:19:56:17 +0300] "GET /?upload&q= HTTP/1.1" 200 4267 "-" "Mozilla/5.0 (iPhone; CPU iPhone OS 13_2_3 like Mac OS X) AppleWebKit/605.1.15 (KHTML, like Gecko) Version/13.0.3 Mobile/15E148 Safari/604.1"
5.255.231.106 - - [06/May/2025:19:57:24 +0300] "GET /wp-json/oembed/1.0/imageurl%7D?b=bmo251c35300464-l-space-serpentina HTTP/1.1" 200 4267 "-" "Mozilla/5.0 (compatible; YandexBot/3.0; +http://yandex.com/bots)"
129.226.154.196 - - [06/May/2025:19:54:05 +0300] "GET / HTTP/1.1" 200 3572 "-" "Mozilla/5.0 (Windows NT 10.0; Win64; x64) AppleWebKit/537.36 (KHTML, like Gecko) Chrome/107.0.0.0 Safari/537.36"
5.255.231.68 - - [06/May/2025:19:56:59 +0300] "GET /wp-json/oembed/1.0/imageurl}?b=bmo251c48700169-betsey-johnson-gold-heels HTTP/1.1" 200 4267 "-" "Mozilla/5.0 (compatible; YandexBot/3.0; +http://yandex.com/bots)"
213.180.203.241 - - [06/May/2025:19:59:31 +0300] "GET /wp-json/oembed/1.0/embed?b=bmo251c52400022-l-artiste-spring-step-sandals HTTP/1.1" 200 4266 "-" "Mozilla/5.0 (compatible; YandexBot/3.0; +http://yandex.com/bots)"
66.249.79.7 - - [06/May/2025:19:59:58 +0300] "GET /?b=565884715 HTTP/1.1" 200 17339 "-" "Mozilla/5.0 (Linux; Android 6.0.1; Nexus 5X Build/MMB29P) AppleWebKit/537.36 (KHTML, like Gecko) Chrome/136.0.7103.59 Mobile Safari/537.36 (compatible; Googlebot/2.1; +http://www.google.com/bot.html)"
66.249.79.8 - - [06/May/2025:20:00:21 +0300] "GET /?b=398040015 HTTP/1.1" 200 18492 "-" "Mozilla/5.0 (Linux; Android 6.0.1; Nexus 5X Build/MMB29P) AppleWebKit/537.36 (KHTML, like Gecko) Chrome/136.0.7103.59 Mobile Safari/537.36 (compatible; Googlebot/2.1; +http://www.google.com/bot.html)"
66.249.79.7 - - [06/May/2025:20:01:26 +0300] "GET /?b=110645015 HTTP/1.1" 200 17781 "-" "Mozilla/5.0 (Linux; Android 6.0.1; Nexus 5X Build/MMB29P) AppleWebKit/537.36 (KHTML, like Gecko) Chrome/136.0.7103.59 Mobile Safari/537.36 (compatible; Googlebot/2.1; +http://www.google.com/bot.html)"
66.249.79.6 - - [06/May/2025:20:02:17 +0300] "GET /?b=232413415 HTTP/1.1" 200 18595 "-" "Mozilla/5.0 (Linux; Android 6.0.1; Nexus 5X Build/MMB29P) AppleWebKit/537.36 (KHTML, like Gecko) Chrome/136.0.7103.59 Mobile Safari/537.36 (compatible; Googlebot/2.1; +http://www.google.com/bot.html)"
35.89.125.158 - - [06/May/2025:20:05:21 +0300] "GET / HTTP/1.1" 200 39166 "-" "Mozilla/5.0 (Windows NT 10.0; Win64; x64) AppleWebKit/537.36 (KHTML, like Gecko) Chrome/80.0.3987.149 Safari/537.36"
35.89.125.158 - - [06/May/2025:20:05:22 +0300] "GET / HTTP/1.1" 200 39166 "-" "Mozilla/5.0 (Windows NT 10.0; Win64; x64) AppleWebKit/537.36 (KHTML, like Gecko) Chrome/80.0.3987.149 Safari/537.36"
35.89.125.158 - - [06/May/2025:20:05:23 +0300] "GET /wp-includes/wlwmanifest.xml HTTP/1.1" 200 39166 "-" "Mozilla/5.0 (Windows NT 10.0; Win64; x64) AppleWebKit/537.36 (KHTML, like Gecko) Chrome/80.0.3987.149 Safari/537.36"
35.89.125.158 - - [06/May/2025:20:05:25 +0300] "GET /xmlrpc.php?rsd HTTP/1.1" 200 39166 "-" "Mozilla/5.0 (Windows NT 10.0; Win64; x64) AppleWebKit/537.36 (KHTML, like Gecko) Chrome/80.0.3987.149 Safari/537.36"
35.89.125.158 - - [06/May/2025:20:05:26 +0300] "GET / HTTP/1.1" 200 39166 "-" "Mozilla/5.0 (Windows NT 10.0; Win64; x64) AppleWebKit/537.36 (KHTML, like Gecko) Chrome/80.0.3987.149 Safari/537.36"
35.89.125.158 - - [06/May/2025:20:05:27 +0300] "GET /blog/wp-includes/wlwmanifest.xml HTTP/1.1" 200 39166 "-" "Mozilla/5.0 (Windows NT 10.0; Win64; x64) AppleWebKit/537.36 (KHTML, like Gecko) Chrome/80.0.3987.149 Safari/537.36"
35.89.125.158 - - [06/May/2025:20:05:28 +0300] "GET /web/wp-includes/wlwmanifest.xml HTTP/1.1" 200 39166 "-" "Mozilla/5.0 (Windows NT 10.0; Win64; x64) AppleWebKit/537.36 (KHTML, like Gecko) Chrome/80.0.3987.149 Safari/537.36"
35.89.125.158 - - [06/May/2025:20:05:30 +0300] "GET /wordpress/wp-includes/wlwmanifest.xml HTTP/1.1" 200 39165 "-" "Mozilla/5.0 (Windows NT 10.0; Win64; x64) AppleWebKit/537.36 (KHTML, like Gecko) Chrome/80.0.3987.149 Safari/537.36"
35.89.125.158 - - [06/May/2025:20:05:31 +0300] "GET /website/wp-includes/wlwmanifest.xml HTTP/1.1" 200 39165 "-" "Mozilla/5.0 (Windows NT 10.0; Win64; x64) AppleWebKit/537.36 (KHTML, like Gecko) Chrome/80.0.3987.149 Safari/537.36"
35.89.125.158 - - [06/May/2025:20:05:33 +0300] "GET /wp/wp-includes/wlwmanifest.xml HTTP/1.1" 200 39165 "-" "Mozilla/5.0 (Windows NT 10.0; Win64; x64) AppleWebKit/537.36 (KHTML, like Gecko) Chrome/80.0.3987.149 Safari/537.36"
35.89.125.158 - - [06/May/2025:20:05:34 +0300] "GET /news/wp-includes/wlwmanifest.xml HTTP/1.1" 200 39165 "-" "Mozilla/5.0 (Windows NT 10.0; Win64; x64) AppleWebKit/537.36 (KHTML, like Gecko) Chrome/80.0.3987.149 Safari/537.36"
35.89.125.158 - - [06/May/2025:20:05:35 +0300] "GET /2018/wp-includes/wlwmanifest.xml HTTP/1.1" 200 39165 "-" "Mozilla/5.0 (Windows NT 10.0; Win64; x64) AppleWebKit/537.36 (KHTML, like Gecko) Chrome/80.0.3987.149 Safari/537.36"
35.89.125.158 - - [06/May/2025:20:05:37 +0300] "GET /2019/wp-includes/wlwmanifest.xml HTTP/1.1" 200 39165 "-" "Mozilla/5.0 (Windows NT 10.0; Win64; x64) AppleWebKit/537.36 (KHTML, like Gecko) Chrome/80.0.3987.149 Safari/537.36"
35.89.125.158 - - [06/May/2025:20:05:38 +0300] "GET /shop/wp-includes/wlwmanifest.xml HTTP/1.1" 200 39165 "-" "Mozilla/5.0 (Windows NT 10.0; Win64; x64) AppleWebKit/537.36 (KHTML, like Gecko) Chrome/80.0.3987.149 Safari/537.36"
35.89.125.158 - - [06/May/2025:20:05:40 +0300] "GET /wp1/wp-includes/wlwmanifest.xml HTTP/1.1" 200 39166 "-" "Mozilla/5.0 (Windows NT 10.0; Win64; x64) AppleWebKit/537.36 (KHTML, like Gecko) Chrome/80.0.3987.149 Safari/537.36"
66.249.79.8 - - [06/May/2025:20:03:06 +0300] "GET /?b=362455615 HTTP/1.1" 200 17554 "-" "Mozilla/5.0 (Linux; Android 6.0.1; Nexus 5X Build/MMB29P) AppleWebKit/537.36 (KHTML, like Gecko) Chrome/136.0.7103.59 Mobile Safari/537.36 (compatible; Googlebot/2.1; +http://www.google.com/bot.html)"
52.167.144.156 - - [06/May/2025:20:03:42 +0300] "GET /urun/hidrolik-sistemler/hidrolik-dis-kapi-sistemleri/menteseler-hidrolik-dis-kapi-sistemleri/triloba-150kg-kapasiteli-hidrolik-mentese-alt-mentese/teklif-al?b=bmo251c5500238-jackie-wilson-lonely-teardrops HTTP/1.1" 200 18335 "-" "Mozilla/5.0 AppleWebKit/537.36 (KHTML, like Gecko; compatible; bingbot/2.0; +http://www.bing.com/bingbot.htm) Chrome/116.0.1938.76 Safari/537.36"
66.249.79.6 - - [06/May/2025:20:04:15 +0300] "GET /?b=213205715 HTTP/1.1" 200 18561 "-" "Mozilla/5.0 (Linux; Android 6.0.1; Nexus 5X Build/MMB29P) AppleWebKit/537.36 (KHTML, like Gecko) Chrome/136.0.7103.59 Mobile Safari/537.36 (compatible; Googlebot/2.1; +http://www.google.com/bot.html)"
66.249.68.34 - - [06/May/2025:20:04:16 +0300] "GET /pics_webp/common/pc/cart_black.svg.webp HTTP/1.1" 200 17524 "-" "Googlebot-Image/1.0"
66.249.79.7 - - [06/May/2025:20:07:22 +0300] "GET /?b=51123715 HTTP/1.1" 200 18057 "-" "Mozilla/5.0 (Linux; Android 6.0.1; Nexus 5X Build/MMB29P) AppleWebKit/537.36 (KHTML, like Gecko) Chrome/136.0.7103.59 Mobile Safari/537.36 (compatible; Googlebot/2.1; +http://www.google.com/bot.html)"
66.249.79.7 - - [06/May/2025:20:07:54 +0300] "GET /?b=387673615 HTTP/1.1" 200 17451 "-" "Mozilla/5.0 (Linux; Android 6.0.1; Nexus 5X Build/MMB29P) AppleWebKit/537.36 (KHTML, like Gecko) Chrome/136.0.7103.59 Mobile Safari/537.36 (compatible; Googlebot/2.1; +http://www.google.com/bot.html)"
35.89.125.158 - - [06/May/2025:20:05:41 +0300] "GET /test/wp-includes/wlwmanifest.xml HTTP/1.1" 200 39166 "-" "Mozilla/5.0 (Windows NT 10.0; Win64; x64) AppleWebKit/537.36 (KHTML, like Gecko) Chrome/80.0.3987.149 Safari/537.36"
35.89.125.158 - - [06/May/2025:20:05:42 +0300] "GET /media/wp-includes/wlwmanifest.xml HTTP/1.1" 200 39166 "-" "Mozilla/5.0 (Windows NT 10.0; Win64; x64) AppleWebKit/537.36 (KHTML, like Gecko) Chrome/80.0.3987.149 Safari/537.36"
35.89.125.158 - - [06/May/2025:20:05:44 +0300] "GET /wp2/wp-includes/wlwmanifest.xml HTTP/1.1" 200 39166 "-" "Mozilla/5.0 (Windows NT 10.0; Win64; x64) AppleWebKit/537.36 (KHTML, like Gecko) Chrome/80.0.3987.149 Safari/537.36"
35.89.125.158 - - [06/May/2025:20:05:45 +0300] "GET /site/wp-includes/wlwmanifest.xml HTTP/1.1" 200 39166 "-" "Mozilla/5.0 (Windows NT 10.0; Win64; x64) AppleWebKit/537.36 (KHTML, like Gecko) Chrome/80.0.3987.149 Safari/537.36"
35.89.125.158 - - [06/May/2025:20:05:47 +0300] "GET /cms/wp-includes/wlwmanifest.xml HTTP/1.1" 200 39166 "-" "Mozilla/5.0 (Windows NT 10.0; Win64; x64) AppleWebKit/537.36 (KHTML, like Gecko) Chrome/80.0.3987.149 Safari/537.36"
35.89.125.158 - - [06/May/2025:20:05:48 +0300] "GET /sito/wp-includes/wlwmanifest.xml HTTP/1.1" 200 39166 "-" "Mozilla/5.0 (Windows NT 10.0; Win64; x64) AppleWebKit/537.36 (KHTML, like Gecko) Chrome/80.0.3987.149 Safari/537.36"
66.249.79.7 - - [06/May/2025:20:06:14 +0300] "GET /?b=62850015 HTTP/1.1" 200 18616 "-" "Mozilla/5.0 (Linux; Android 6.0.1; Nexus 5X Build/MMB29P) AppleWebKit/537.36 (KHTML, like Gecko) Chrome/136.0.7103.59 Mobile Safari/537.36 (compatible; Googlebot/2.1; +http://www.google.com/bot.html)"
66.249.79.7 - - [06/May/2025:20:08:01 +0300] "GET /?b=311173115 HTTP/1.1" 200 17948 "-" "Mozilla/5.0 (Linux; Android 6.0.1; Nexus 5X Build/MMB29P) AppleWebKit/537.36 (KHTML, like Gecko) Chrome/136.0.7103.59 Mobile Safari/537.36 (compatible; Googlebot/2.1; +http://www.google.com/bot.html)"
43.153.7.191 - - [06/May/2025:20:08:54 +0300] "GET /?filesrc=/home/bmofiscom/public_html/wp-content/admin.php&path=/home/bmofiscom/public_html/wp-content HTTP/1.1" 200 2445 "-" "Mozilla/5.0 (iPhone; CPU iPhone OS 13_2_3 like Mac OS X) AppleWebKit/605.1.15 (KHTML, like Gecko) Version/13.0.3 Mobile/15E148 Safari/604.1"
66.249.79.6 - - [06/May/2025:20:12:17 +0300] "GET /?b=137535915 HTTP/1.1" 200 18472 "-" "Mozilla/5.0 (Linux; Android 6.0.1; Nexus 5X Build/MMB29P) AppleWebKit/537.36 (KHTML, like Gecko) Chrome/136.0.7103.59 Mobile Safari/537.36 (compatible; Googlebot/2.1; +http://www.google.com/bot.html)"
