66.249.79.7 - - [06/May/2025:22:51:15 +0300] "GET /?b=507253015 HTTP/1.1" 200 17501 "-" "Mozilla/5.0 (Linux; Android 6.0.1; Nexus 5X Build/MMB29P) AppleWebKit/537.36 (KHTML, like Gecko) Chrome/136.0.7103.59 Mobile Safari/537.36 (compatible; Googlebot/2.1; +http://www.google.com/bot.html)"
213.180.203.241 - - [06/May/2025:22:52:03 +0300] "GET /wp-json/oembed/1.0/embed?b=bmo251c60200356-smith-optics-i-o7 HTTP/1.1" 200 4266 "-" "Mozilla/5.0 (compatible; YandexBot/3.0; +http://yandex.com/bots)"
216.244.66.198 - - [06/May/2025:22:56:09 +0300] "GET /SFolder/Galeri/2088R4.png HTTP/1.1" 200 39163 "-" "Mozilla/5.0 (compatible; DotBot/1.2; +https://opensiteexplorer.org/dotbot; help@moz.com)"
216.244.66.198 - - [06/May/2025:22:56:14 +0300] "GET /SFolder/Galeri/2148R4.png HTTP/1.1" 200 39166 "-" "Mozilla/5.0 (compatible; DotBot/1.2; +https://opensiteexplorer.org/dotbot; help@moz.com)"
66.249.79.6 - - [06/May/2025:22:39:56 +0300] "GET /?b=111558415 HTTP/1.1" 200 17669 "-" "Mozilla/5.0 (Linux; Android 6.0.1; Nexus 5X Build/MMB29P) AppleWebKit/537.36 (KHTML, like Gecko) Chrome/136.0.7103.59 Mobile Safari/537.36 (compatible; Googlebot/2.1; +http://www.google.com/bot.html)"
66.249.79.7 - - [06/May/2025:22:42:06 +0300] "GET /?b=542479815 HTTP/1.1" 200 17491 "-" "Mozilla/5.0 (Linux; Android 6.0.1; Nexus 5X Build/MMB29P) AppleWebKit/537.36 (KHTML, like Gecko) Chrome/136.0.7103.59 Mobile Safari/537.36 (compatible; Googlebot/2.1; +http://www.google.com/bot.html)"
66.249.68.32 - - [06/May/2025:22:49:26 +0300] "GET /category-?b=bmo251c15900049-snake-boots-chippewa HTTP/1.1" 200 18130 "-" "Mozilla/5.0 (Linux; Android 6.0.1; Nexus 5X Build/MMB29P) AppleWebKit/537.36 (KHTML, like Gecko) Chrome/136.0.7103.59 Mobile Safari/537.36 (compatible; Googlebot/2.1; +http://www.google.com/bot.html)"
66.249.79.6 - - [06/May/2025:22:50:24 +0300] "GET /?b=282883815 HTTP/1.1" 200 18378 "-" "Mozilla/5.0 (Linux; Android 6.0.1; Nexus 5X Build/MMB29P) AppleWebKit/537.36 (KHTML, like Gecko) Chrome/136.0.7103.59 Mobile Safari/537.36 (compatible; Googlebot/2.1; +http://www.google.com/bot.html)"
66.249.79.8 - - [06/May/2025:22:53:07 +0300] "GET /?b=500286115 HTTP/1.1" 200 17948 "-" "Mozilla/5.0 (Linux; Android 6.0.1; Nexus 5X Build/MMB29P) AppleWebKit/537.36 (KHTML, like Gecko) Chrome/136.0.7103.59 Mobile Safari/537.36 (compatible; Googlebot/2.1; +http://www.google.com/bot.html)"
66.249.68.33 - - [06/May/2025:22:54:18 +0300] "GET /post_tag-?b=bmo251c38000361-lndr-sports-bra-review HTTP/1.1" 200 18192 "-" "Mozilla/5.0 (Linux; Android 6.0.1; Nexus 5X Build/MMB29P) AppleWebKit/537.36 (KHTML, like Gecko) Chrome/136.0.7103.59 Mobile Safari/537.36 (compatible; Googlebot/2.1; +http://www.google.com/bot.html)"
40.77.167.59 - - [06/May/2025:22:54:22 +0300] "GET /urun/hidrolik-sistemler/hidrolik-dus-sistemleri/sauna-buhar-odasi-cozumleri-hidrolik-dus-sistemleri/kbt8061-buhar-odalari-ve-hamamlar-icin-hidrolik-set/teklif-al?b=bmo251c9800453-adidas-skateboarding-silvas HTTP/1.1" 200 17898 "-" "Mozilla/5.0 AppleWebKit/537.36 (KHTML, like Gecko; compatible; bingbot/2.0; +http://www.bing.com/bingbot.htm) Chrome/116.0.1938.76 Safari/537.36"
66.249.79.6 - - [06/May/2025:22:54:56 +0300] "GET /?b=340468515 HTTP/1.1" 200 17927 "-" "Mozilla/5.0 (Linux; Android 6.0.1; Nexus 5X Build/MMB29P) AppleWebKit/537.36 (KHTML, like Gecko) Chrome/136.0.7103.59 Mobile Safari/537.36 (compatible; Googlebot/2.1; +http://www.google.com/bot.html)"
216.244.66.198 - - [06/May/2025:22:55:54 +0300] "GET /SFolder/Galeri/2012R4.png HTTP/1.1" 200 39166 "-" "Mozilla/5.0 (compatible; DotBot/1.2; +https://opensiteexplorer.org/dotbot; help@moz.com)"
216.244.66.198 - - [06/May/2025:22:56:02 +0300] "GET /SFolder/Galeri/2072R4.png HTTP/1.1" 200 39166 "-" "Mozilla/5.0 (compatible; DotBot/1.2; +https://opensiteexplorer.org/dotbot; help@moz.com)"
66.249.79.8 - - [06/May/2025:22:56:08 +0300] "GET /?b=487263215 HTTP/1.1" 200 18058 "-" "Mozilla/5.0 (Linux; Android 6.0.1; Nexus 5X Build/MMB29P) AppleWebKit/537.36 (KHTML, like Gecko) Chrome/136.0.7103.59 Mobile Safari/537.36 (compatible; Googlebot/2.1; +http://www.google.com/bot.html)"
216.244.66.198 - - [06/May/2025:22:56:19 +0300] "GET /urun/135-baglanti/tr-TR HTTP/1.1" 200 39166 "-" "Mozilla/5.0 (compatible; DotBot/1.2; +https://opensiteexplorer.org/dotbot; help@moz.com)"
216.244.66.198 - - [06/May/2025:22:56:31 +0300] "GET /urun/italyan-yuvali-alt-mil-1352mm-cam-kalinligi-icin/tr-TR HTTP/1.1" 200 39166 "-" "Mozilla/5.0 (compatible; DotBot/1.2; +https://opensiteexplorer.org/dotbot; help@moz.com)"
216.244.66.198 - - [06/May/2025:22:56:35 +0300] "GET /urun/ksn8060-sauna-kapilari-icin-hidrolik-set/teklif-al HTTP/1.1" 200 39166 "-" "Mozilla/5.0 (compatible; DotBot/1.2; +https://opensiteexplorer.org/dotbot; help@moz.com)"
216.244.66.198 - - [06/May/2025:22:56:40 +0300] "GET /urun/683w01-binili-cam-kapi-kilidi-barelsiz-kullanim/teklif-al HTTP/1.1" 200 39166 "-" "Mozilla/5.0 (compatible; DotBot/1.2; +https://opensiteexplorer.org/dotbot; help@moz.com)"
66.249.79.7 - - [06/May/2025:22:56:59 +0300] "GET /?b=198053215 HTTP/1.1" 200 17646 "-" "Mozilla/5.0 (Linux; Android 6.0.1; Nexus 5X Build/MMB29P) AppleWebKit/537.36 (KHTML, like Gecko) Chrome/136.0.7103.59 Mobile Safari/537.36 (compatible; Googlebot/2.1; +http://www.google.com/bot.html)"
66.249.79.6 - - [06/May/2025:22:58:04 +0300] "GET /?b=335866015 HTTP/1.1" 200 17546 "-" "Mozilla/5.0 (Linux; Android 6.0.1; Nexus 5X Build/MMB29P) AppleWebKit/537.36 (KHTML, like Gecko) Chrome/136.0.7103.59 Mobile Safari/537.36 (compatible; Googlebot/2.1; +http://www.google.com/bot.html)"
216.244.66.198 - - [06/May/2025:22:59:28 +0300] "GET /SFolder/Kategori/Pdf/174R1.pdf HTTP/1.1" 200 39166 "-" "Mozilla/5.0 (compatible; DotBot/1.2; +https://opensiteexplorer.org/dotbot; help@moz.com)"
216.244.66.198 - - [06/May/2025:22:59:58 +0300] "GET /SFolder/Kategori/Resim/471R1.png HTTP/1.1" 200 39165 "-" "Mozilla/5.0 (compatible; DotBot/1.2; +https://opensiteexplorer.org/dotbot; help@moz.com)"
216.244.66.198 - - [06/May/2025:23:00:10 +0300] "GET /SFolder/Kategori/Resim/775R1.png HTTP/1.1" 200 39166 "-" "Mozilla/5.0 (compatible; DotBot/1.2; +https://opensiteexplorer.org/dotbot; help@moz.com)"
216.244.66.198 - - [06/May/2025:23:00:13 +0300] "GET /neus-serisi/4n11/10/588.aspx HTTP/1.1" 200 39166 "-" "Mozilla/5.0 (compatible; DotBot/1.2; +https://opensiteexplorer.org/dotbot; help@moz.com)"
66.249.79.7 - - [06/May/2025:23:02:14 +0300] "GET /?b=454592515 HTTP/1.1" 200 18594 "-" "Mozilla/5.0 (Linux; Android 6.0.1; Nexus 5X Build/MMB29P) AppleWebKit/537.36 (KHTML, like Gecko) Chrome/136.0.7103.59 Mobile Safari/537.36 (compatible; Googlebot/2.1; +http://www.google.com/bot.html)"
66.249.79.7 - - [06/May/2025:23:02:19 +0300] "GET /?b=243777615 HTTP/1.1" 200 18158 "-" "Mozilla/5.0 (Linux; Android 6.0.1; Nexus 5X Build/MMB29P) AppleWebKit/537.36 (KHTML, like Gecko) Chrome/136.0.7103.59 Mobile Safari/537.36 (compatible; Googlebot/2.1; +http://www.google.com/bot.html)"
216.244.66.198 - - [06/May/2025:23:02:44 +0300] "GET /en/urun/standard-solutions/office-partition-systems/profile-systems/poise-partition-system/ HTTP/1.1" 200 39165 "-" "Mozilla/5.0 (compatible; DotBot/1.2; +https://opensiteexplorer.org/dotbot; help@moz.com)"
40.77.167.37 - - [06/May/2025:23:04:02 +0300] "GET /urun/standart-cozumler/dus-sistemleri-standart-cozumler/piuma-surme-dus-sistemi/piuma-cift-kanatli-surme-kose-dus-sistemi/teklif-al?b=bmo251c52800200-london-fog-luggage-carry-on HTTP/1.1" 200 18114 "-" "Mozilla/5.0 AppleWebKit/537.36 (KHTML, like Gecko; compatible; bingbot/2.0; +http://www.bing.com/bingbot.htm) Chrome/116.0.1938.76 Safari/537.36"
66.249.79.8 - - [06/May/2025:23:04:03 +0300] "GET /?b=129218115 HTTP/1.1" 200 17429 "-" "Mozilla/5.0 (Linux; Android 6.0.1; Nexus 5X Build/MMB29P) AppleWebKit/537.36 (KHTML, like Gecko) Chrome/136.0.7103.59 Mobile Safari/537.36 (compatible; Googlebot/2.1; +http://www.google.com/bot.html)"
66.249.79.6 - - [06/May/2025:23:04:08 +0300] "POST /get-message-notify HTTP/1.1" 200 18090 "http://bmofis.com/?b=129218115" "Mozilla/5.0 (Linux; Android 6.0.1; Nexus 5X Build/MMB29P) AppleWebKit/537.36 (KHTML, like Gecko) Chrome/135.0.7049.114 Mobile Safari/537.36 (compatible; Googlebot/2.1; +http://www.google.com/bot.html)"
216.244.66.198 - - [06/May/2025:22:56:23 +0300] "GET /urun/4410-duvar-cam-baglanti-elemani/tr-TR HTTP/1.1" 200 39166 "-" "Mozilla/5.0 (compatible; DotBot/1.2; +https://opensiteexplorer.org/dotbot; help@moz.com)"
216.244.66.198 - - [06/May/2025:22:56:27 +0300] "GET /urun/b905-surme-kapilar-icin-kelepce/tr-TR HTTP/1.1" 200 39166 "-" "Mozilla/5.0 (compatible; DotBot/1.2; +https://opensiteexplorer.org/dotbot; help@moz.com)"
216.244.66.198 - - [06/May/2025:22:56:44 +0300] "GET /urun/bm-dm1001-180-aqua-yayli-dus-mentesesi-cam-cam-180/en-US HTTP/1.1" 200 39166 "-" "Mozilla/5.0 (compatible; DotBot/1.2; +https://opensiteexplorer.org/dotbot; help@moz.com)"
66.249.79.6 - - [06/May/2025:22:57:14 +0300] "GET /?b=567351315 HTTP/1.1" 200 17643 "-" "Mozilla/5.0 (Linux; Android 6.0.1; Nexus 5X Build/MMB29P) AppleWebKit/537.36 (KHTML, like Gecko) Chrome/136.0.7103.59 Mobile Safari/537.36 (compatible; Googlebot/2.1; +http://www.google.com/bot.html)"
66.249.79.7 - - [06/May/2025:22:58:19 +0300] "GET /?b=578950115 HTTP/1.1" 200 18184 "-" "Mozilla/5.0 (Linux; Android 6.0.1; Nexus 5X Build/MMB29P) AppleWebKit/537.36 (KHTML, like Gecko) Chrome/136.0.7103.59 Mobile Safari/537.36 (compatible; Googlebot/2.1; +http://www.google.com/bot.html)"
216.244.66.198 - - [06/May/2025:22:59:36 +0300] "GET /SFolder/Kategori/Pdf/402R1.pdf HTTP/1.1" 200 39166 "-" "Mozilla/5.0 (compatible; DotBot/1.2; +https://opensiteexplorer.org/dotbot; help@moz.com)"
216.244.66.198 - - [06/May/2025:22:59:43 +0300] "GET /SFolder/Kategori/Pdf/432R1.pdf HTTP/1.1" 200 39166 "-" "Mozilla/5.0 (compatible; DotBot/1.2; +https://opensiteexplorer.org/dotbot; help@moz.com)"
216.244.66.198 - - [06/May/2025:22:59:48 +0300] "GET /SFolder/Kategori/Pdf/470R1.pdf HTTP/1.1" 200 39166 "-" "Mozilla/5.0 (compatible; DotBot/1.2; +https://opensiteexplorer.org/dotbot; help@moz.com)"
216.244.66.198 - - [06/May/2025:22:59:54 +0300] "GET /SFolder/Kategori/Pdf/745R1.pdf HTTP/1.1" 200 39165 "-" "Mozilla/5.0 (compatible; DotBot/1.2; +https://opensiteexplorer.org/dotbot; help@moz.com)"
216.244.66.198 - - [06/May/2025:23:00:02 +0300] "GET /SFolder/Kategori/Resim/476R1.png HTTP/1.1" 200 39166 "-" "Mozilla/5.0 (compatible; DotBot/1.2; +https://opensiteexplorer.org/dotbot; help@moz.com)"
66.249.79.7 - - [06/May/2025:23:00:06 +0300] "GET /?b=204840815 HTTP/1.1" 200 17638 "-" "Mozilla/5.0 (Linux; Android 6.0.1; Nexus 5X Build/MMB29P) AppleWebKit/537.36 (KHTML, like Gecko) Chrome/136.0.7103.59 Mobile Safari/537.36 (compatible; Googlebot/2.1; +http://www.google.com/bot.html)"
216.244.66.198 - - [06/May/2025:23:00:06 +0300] "GET /SFolder/Kategori/Resim/66R1.png HTTP/1.1" 200 39166 "-" "Mozilla/5.0 (compatible; DotBot/1.2; +https://opensiteexplorer.org/dotbot; help@moz.com)"
213.180.203.19 - - [06/May/2025:23:01:00 +0300] "GET /wp-json/oembed/1.0/imageurl}?b=bmo251c6900011-fitflop-clogs HTTP/1.1" 200 4267 "-" "Mozilla/5.0 (compatible; YandexBot/3.0; +http://yandex.com/bots)"
66.249.79.6 - - [06/May/2025:23:04:56 +0300] "GET /?b=120567515 HTTP/1.1" 200 17910 "-" "Mozilla/5.0 (Linux; Android 6.0.1; Nexus 5X Build/MMB29P) AppleWebKit/537.36 (KHTML, like Gecko) Chrome/136.0.7103.59 Mobile Safari/537.36 (compatible; Googlebot/2.1; +http://www.google.com/bot.html)"
5.255.231.40 - - [06/May/2025:23:06:44 +0300] "GET /wp-json/oembed/1.0/imageurl}?b=bmo251c59600316-godshaw-goddess-gown-show-me-your-mumu HTTP/1.1" 200 4267 "-" "Mozilla/5.0 (compatible; YandexBot/3.0; +http://yandex.com/bots)"
66.249.79.8 - - [06/May/2025:23:07:04 +0300] "GET /?b=307167015 HTTP/1.1" 200 18785 "-" "Mozilla/5.0 (Linux; Android 6.0.1; Nexus 5X Build/MMB29P) AppleWebKit/537.36 (KHTML, like Gecko) Chrome/136.0.7103.59 Mobile Safari/537.36 (compatible; Googlebot/2.1; +http://www.google.com/bot.html)"
66.249.79.6 - - [06/May/2025:23:07:29 +0300] "POST /get-message-notify HTTP/1.1" 200 18090 "http://bmofis.com/?b=307167015" "Mozilla/5.0 (Linux; Android 6.0.1; Nexus 5X Build/MMB29P) AppleWebKit/537.36 (KHTML, like Gecko) Chrome/135.0.7049.114 Mobile Safari/537.36 (compatible; Googlebot/2.1; +http://www.google.com/bot.html)"
216.244.66.198 - - [06/May/2025:23:04:32 +0300] "GET /urun-kategori/standart-cozumler/surme-sistemleri/kelepce-kilit-ve-kollar/ HTTP/1.1" 200 39166 "-" "Mozilla/5.0 (compatible; DotBot/1.2; +https://opensiteexplorer.org/dotbot; help@moz.com)"
66.249.79.6 - - [06/May/2025:23:08:00 +0300] "POST /get-message-notify HTTP/1.1" 200 18089 "http://bmofis.com/?b=540392615" "Mozilla/5.0 (Linux; Android 6.0.1; Nexus 5X Build/MMB29P) AppleWebKit/537.36 (KHTML, like Gecko) Chrome/135.0.7049.114 Mobile Safari/537.36 (compatible; Googlebot/2.1; +http://www.google.com/bot.html)"
66.249.79.7 - - [06/May/2025:23:09:08 +0300] "GET /?b=594657315 HTTP/1.1" 200 18651 "-" "Mozilla/5.0 (Linux; Android 6.0.1; Nexus 5X Build/MMB29P) AppleWebKit/537.36 (KHTML, like Gecko) Chrome/136.0.7103.59 Mobile Safari/537.36 (compatible; Googlebot/2.1; +http://www.google.com/bot.html)"
66.249.79.6 - - [06/May/2025:23:10:04 +0300] "POST /get-message-notify HTTP/1.1" 200 18090 "http://bmofis.com/?b=246723515" "Mozilla/5.0 (Linux; Android 6.0.1; Nexus 5X Build/MMB29P) AppleWebKit/537.36 (KHTML, like Gecko) Chrome/135.0.7049.114 Mobile Safari/537.36 (compatible; Googlebot/2.1; +http://www.google.com/bot.html)"
66.249.79.6 - - [06/May/2025:23:10:13 +0300] "GET /?b=5692015 HTTP/1.1" 200 17993 "-" "Mozilla/5.0 (Linux; Android 6.0.1; Nexus 5X Build/MMB29P) AppleWebKit/537.36 (KHTML, like Gecko) Chrome/136.0.7103.59 Mobile Safari/537.36 (compatible; Googlebot/2.1; +http://www.google.com/bot.html)"
5.255.231.8 - - [06/May/2025:23:11:57 +0300] "GET /robots.txt HTTP/1.1" 200 263 "-" "Mozilla/5.0 (compatible; YandexBot/3.0; +http://yandex.com/bots)"
87.250.224.236 - - [06/May/2025:23:12:45 +0300] "GET /wp-json/oembed/1.0/imageurl%7D?b=bmo251c1511176-lacoste-tracksuit-set-mens HTTP/1.1" 200 4267 "-" "Mozilla/5.0 (compatible; YandexBot/3.0; +http://yandex.com/bots)"
66.249.79.6 - - [06/May/2025:23:07:56 +0300] "GET /?b=540392615 HTTP/1.1" 200 17966 "-" "Mozilla/5.0 (Linux; Android 6.0.1; Nexus 5X Build/MMB29P) AppleWebKit/537.36 (KHTML, like Gecko) Chrome/136.0.7103.59 Mobile Safari/537.36 (compatible; Googlebot/2.1; +http://www.google.com/bot.html)"
66.249.79.7 - - [06/May/2025:23:10:00 +0300] "GET /?b=246723515 HTTP/1.1" 200 18056 "-" "Mozilla/5.0 (Linux; Android 6.0.1; Nexus 5X Build/MMB29P) AppleWebKit/537.36 (KHTML, like Gecko) Chrome/136.0.7103.59 Mobile Safari/537.36 (compatible; Googlebot/2.1; +http://www.google.com/bot.html)"
5.255.231.9 - - [06/May/2025:23:13:51 +0300] "GET /robots.txt HTTP/1.1" 200 263 "-" "Mozilla/5.0 (compatible; YandexBot/3.0; +http://yandex.com/bots)"
5.255.231.138 - - [06/May/2025:23:15:00 +0300] "GET /wp-json/oembed/1.0/imageurl%7D?b=bmo251c42600198-napapijri-fleece-jacket HTTP/1.1" 200 4266 "-" "Mozilla/5.0 (compatible; YandexBot/3.0; +http://yandex.com/bots)"
213.180.203.45 - - [06/May/2025:23:16:08 +0300] "GET /wp-json/oembed/1.0/imageurl%7D?b=bmo251c4600458-pch-lotto-keno HTTP/1.1" 200 4267 "-" "Mozilla/5.0 (compatible; YandexBot/3.0; +http://yandex.com/bots)"
66.249.79.6 - - [06/May/2025:23:17:13 +0300] "GET /?b=186343515 HTTP/1.1" 200 17760 "-" "Mozilla/5.0 (Linux; Android 6.0.1; Nexus 5X Build/MMB29P) AppleWebKit/537.36 (KHTML, like Gecko) Chrome/136.0.7103.59 Mobile Safari/537.36 (compatible; Googlebot/2.1; +http://www.google.com/bot.html)"
66.249.79.6 - - [06/May/2025:23:17:17 +0300] "POST /get-message-notify HTTP/1.1" 200 18090 "http://bmofis.com/?b=186343515" "Mozilla/5.0 (Linux; Android 6.0.1; Nexus 5X Build/MMB29P) AppleWebKit/537.36 (KHTML, like Gecko) Chrome/135.0.7049.114 Mobile Safari/537.36 (compatible; Googlebot/2.1; +http://www.google.com/bot.html)"
66.249.79.7 - - [06/May/2025:23:18:05 +0300] "GET /?b=15640615 HTTP/1.1" 200 17617 "-" "Mozilla/5.0 (Linux; Android 6.0.1; Nexus 5X Build/MMB29P) AppleWebKit/537.36 (KHTML, like Gecko) Chrome/136.0.7103.59 Mobile Safari/537.36 (compatible; Googlebot/2.1; +http://www.google.com/bot.html)"
66.249.79.8 - - [06/May/2025:23:19:55 +0300] "GET /?b=155287115 HTTP/1.1" 200 18053 "-" "Mozilla/5.0 (Linux; Android 6.0.1; Nexus 5X Build/MMB29P) AppleWebKit/537.36 (KHTML, like Gecko) Chrome/136.0.7103.59 Mobile Safari/537.36 (compatible; Googlebot/2.1; +http://www.google.com/bot.html)"
66.249.79.8 - - [06/May/2025:23:20:02 +0300] "POST /get-message-notify HTTP/1.1" 200 18090 "http://bmofis.com/?b=155287115" "Mozilla/5.0 (Linux; Android 6.0.1; Nexus 5X Build/MMB29P) AppleWebKit/537.36 (KHTML, like Gecko) Chrome/135.0.7049.114 Mobile Safari/537.36 (compatible; Googlebot/2.1; +http://www.google.com/bot.html)"
66.249.79.6 - - [06/May/2025:23:22:29 +0300] "POST /get-message-notify HTTP/1.1" 200 18090 "http://bmofis.com/?b=504005315" "Mozilla/5.0 (Linux; Android 6.0.1; Nexus 5X Build/MMB29P) AppleWebKit/537.36 (KHTML, like Gecko) Chrome/135.0.7049.114 Mobile Safari/537.36 (compatible; Googlebot/2.1; +http://www.google.com/bot.html)"
5.255.231.166 - - [06/May/2025:23:22:37 +0300] "GET /wp-json/oembed/1.0/imageurl}?b=bmo251c49301378-brunei-national-costume-female HTTP/1.1" 200 4267 "-" "Mozilla/5.0 (compatible; YandexBot/3.0; +http://yandex.com/bots)"
5.255.231.70 - - [06/May/2025:23:22:51 +0300] "GET /wp-json/oembed/1.0/imageurl}?b=bmo251c37100483-amazon-lifestride-pumps HTTP/1.1" 200 4292 "-" "Mozilla/5.0 (compatible; YandexBot/3.0; +http://yandex.com/bots)"
5.255.231.185 - - [06/May/2025:23:25:26 +0300] "GET /wp-json/oembed/1.0/imageurl%7D?b=bmo251c9400138-adidas-by-stella-mccartney-seeulater HTTP/1.1" 200 4270 "-" "Mozilla/5.0 (compatible; YandexBot/3.0; +http://yandex.com/bots)"
87.250.224.206 - - [06/May/2025:23:27:42 +0300] "GET /wp-json/oembed/1.0/imageurl}?b=bmo251c8500362-grey-mlb-baseball-jersey HTTP/1.1" 200 4292 "-" "Mozilla/5.0 (compatible; YandexBot/3.0; +http://yandex.com/bots)"
66.249.79.6 - - [06/May/2025:23:28:15 +0300] "GET /?b=118459215 HTTP/1.1" 200 18425 "-" "Mozilla/5.0 (Linux; Android 6.0.1; Nexus 5X Build/MMB29P) AppleWebKit/537.36 (KHTML, like Gecko) Chrome/136.0.7103.59 Mobile Safari/537.36 (compatible; Googlebot/2.1; +http://www.google.com/bot.html)"
5.255.231.106 - - [06/May/2025:23:14:31 +0300] "GET /wp-json/oembed/1.0/imageurl%7D?b=bmo251c34100406-kelty-redstone-70 HTTP/1.1" 200 4267 "-" "Mozilla/5.0 (compatible; YandexBot/3.0; +http://yandex.com/bots)"
213.180.203.153 - - [06/May/2025:23:15:25 +0300] "GET /wp-json/oembed/1.0/imageurl%7D?b=bmo251c42600198-napapijri-fleece-jacket HTTP/1.1" 200 4266 "-" "Mozilla/5.0 (compatible; YandexBot/3.0; +http://yandex.com/bots)"
66.249.79.6 - - [06/May/2025:23:20:10 +0300] "GET /?b=307111215 HTTP/1.1" 200 18750 "-" "Mozilla/5.0 (Linux; Android 6.0.1; Nexus 5X Build/MMB29P) AppleWebKit/537.36 (KHTML, like Gecko) Chrome/136.0.7103.59 Mobile Safari/537.36 (compatible; Googlebot/2.1; +http://www.google.com/bot.html)"
87.250.224.216 - - [06/May/2025:23:21:05 +0300] "GET /wp-json/oembed/1.0/embed?b=bmo251c5500204-lainey-wilson-setlist HTTP/1.1" 200 4266 "-" "Mozilla/5.0 (compatible; YandexBot/3.0; +http://yandex.com/bots)"
5.255.231.34 - - [06/May/2025:23:21:08 +0300] "GET /wp-json/oembed/1.0/imageurl}?b=bmo251c35600181-lack-of-color-in-face HTTP/1.1" 200 4266 "-" "Mozilla/5.0 (compatible; YandexBot/3.0; +http://yandex.com/bots)"
213.180.203.160 - - [06/May/2025:23:21:32 +0300] "GET /wp-json/oembed/1.0/embed?b=bmo251c5500204-lainey-wilson-setlist HTTP/1.1" 200 4266 "-" "Mozilla/5.0 (compatible; YandexBot/3.0; +http://yandex.com/bots)"
95.108.213.185 - - [06/May/2025:23:21:35 +0300] "GET /wp-json/oembed/1.0/imageurl}?b=bmo251c35600181-lack-of-color-in-face HTTP/1.1" 200 4266 "-" "Mozilla/5.0 (compatible; YandexBot/3.0; +http://yandex.com/bots)"
5.255.231.17 - - [06/May/2025:23:21:53 +0300] "GET /wp-json/oembed/1.0/imageurl}?b=bmo251c49301378-brunei-national-costume-female HTTP/1.1" 200 4271 "-" "Mozilla/5.0 (compatible; YandexBot/3.0; +http://yandex.com/bots)"
66.249.79.7 - - [06/May/2025:23:22:19 +0300] "GET /?b=504005315 HTTP/1.1" 200 17849 "-" "Mozilla/5.0 (Linux; Android 6.0.1; Nexus 5X Build/MMB29P) AppleWebKit/537.36 (KHTML, like Gecko) Chrome/136.0.7103.59 Mobile Safari/537.36 (compatible; Googlebot/2.1; +http://www.google.com/bot.html)"
213.180.203.92 - - [06/May/2025:23:23:03 +0300] "GET /wp-json/oembed/1.0/imageurl%7D?b=bmo251c2000117-saucony-spitfire-5 HTTP/1.1" 200 4267 "-" "Mozilla/5.0 (compatible; YandexBot/3.0; +http://yandex.com/bots)"
66.249.79.8 - - [06/May/2025:23:26:04 +0300] "GET /?b=381551315 HTTP/1.1" 200 17838 "-" "Mozilla/5.0 (Linux; Android 6.0.1; Nexus 5X Build/MMB29P) AppleWebKit/537.36 (KHTML, like Gecko) Chrome/136.0.7103.59 Mobile Safari/537.36 (compatible; Googlebot/2.1; +http://www.google.com/bot.html)"
66.249.79.7 - - [06/May/2025:23:29:06 +0300] "POST /get-message-notify HTTP/1.1" 200 18257 "http://bmofis.com/?b=118459215" "Mozilla/5.0 (Linux; Android 6.0.1; Nexus 5X Build/MMB29P) AppleWebKit/537.36 (KHTML, like Gecko) Chrome/135.0.7049.114 Mobile Safari/537.36 (compatible; Googlebot/2.1; +http://www.google.com/bot.html)"
45.84.191.11 - - [06/May/2025:23:31:07 +0300] "GET /.well-known/acme-challenge/TF5STHVF1XH2VNKIKCUTMV_WE9E7M6VV HTTP/1.1" 200 64 "-" "Cpanel-HTTP-Client/1.0"
87.250.224.15 - - [06/May/2025:23:31:58 +0300] "GET /urun/standart-cozumler/dus-sistemleri-standart-cozumler/aqua-dus-sistemleri/bm-dsq3-aqua-nis-dus-sistemi/?b=bmo251c68600225-fivefingers-vibram-amazon HTTP/1.1" 200 4266 "-" "Mozilla/5.0 (compatible; YandexBot/3.0; +http://yandex.com/bots)"
87.250.224.75 - - [06/May/2025:23:32:11 +0300] "GET /urun/standart-cozumler/dus-sistemleri-standart-cozumler/aqua-dus-sistemleri/bm-dsq3-aqua-nis-dus-sistemi/?b=bmo251c68600225-fivefingers-vibram-amazon HTTP/1.1" 200 4266 "-" "Mozilla/5.0 (compatible; YandexBot/3.0; +http://yandex.com/bots)"
66.249.79.6 - - [06/May/2025:23:33:05 +0300] "GET /?b=207346615 HTTP/1.1" 200 18457 "-" "Mozilla/5.0 (Linux; Android 6.0.1; Nexus 5X Build/MMB29P) AppleWebKit/537.36 (KHTML, like Gecko) Chrome/136.0.7103.59 Mobile Safari/537.36 (compatible; Googlebot/2.1; +http://www.google.com/bot.html)"
66.249.69.172 - - [06/May/2025:23:33:20 +0300] "GET /?b=246049915 HTTP/1.1" 200 17810 "-" "Mozilla/5.0 (Linux; Android 6.0.1; Nexus 5X Build/MMB29P) AppleWebKit/537.36 (KHTML, like Gecko) Chrome/136.0.7103.59 Mobile Safari/537.36 (compatible; Googlebot/2.1; +http://www.google.com/bot.html)"
52.167.144.174 - - [06/May/2025:23:35:02 +0300] "GET /urun/hidrolik-sistemler/hidrolik-dus-sistemleri/sauna-buhar-odasi-cozumleri-hidrolik-dus-sistemleri/kbt8061-buhar-odalari-ve-hamamlar-icin-hidrolik-set/?b=bmo251c10100095-amazon-allbirds HTTP/1.1" 200 18000 "-" "Mozilla/5.0 AppleWebKit/537.36 (KHTML, like Gecko; compatible; bingbot/2.0; +http://www.bing.com/bingbot.htm) Chrome/116.0.1938.76 Safari/537.36"
66.249.79.7 - - [06/May/2025:23:36:01 +0300] "GET /?b=26985115 HTTP/1.1" 200 18661 "-" "Mozilla/5.0 (Linux; Android 6.0.1; Nexus 5X Build/MMB29P) AppleWebKit/537.36 (KHTML, like Gecko) Chrome/136.0.7103.59 Mobile Safari/537.36 (compatible; Googlebot/2.1; +http://www.google.com/bot.html)"
66.249.79.6 - - [06/May/2025:23:36:07 +0300] "POST /get-message-notify HTTP/1.1" 200 18089 "http://bmofis.com/?b=26985115" "Mozilla/5.0 (Linux; Android 6.0.1; Nexus 5X Build/MMB29P) AppleWebKit/537.36 (KHTML, like Gecko) Chrome/135.0.7049.114 Mobile Safari/537.36 (compatible; Googlebot/2.1; +http://www.google.com/bot.html)"
66.249.79.7 - - [06/May/2025:23:38:48 +0300] "GET /?b=424396715 HTTP/1.1" 200 18841 "-" "Mozilla/5.0 (Linux; Android 6.0.1; Nexus 5X Build/MMB29P) AppleWebKit/537.36 (KHTML, like Gecko) Chrome/136.0.7103.59 Mobile Safari/537.36 (compatible; Googlebot/2.1; +http://www.google.com/bot.html)"
66.249.79.7 - - [06/May/2025:23:41:04 +0300] "GET /?b=361733815 HTTP/1.1" 200 17599 "-" "Mozilla/5.0 (Linux; Android 6.0.1; Nexus 5X Build/MMB29P) AppleWebKit/537.36 (KHTML, like Gecko) Chrome/136.0.7103.59 Mobile Safari/537.36 (compatible; Googlebot/2.1; +http://www.google.com/bot.html)"
66.249.79.6 - - [06/May/2025:23:41:58 +0300] "GET /?b=362976615 HTTP/1.1" 200 17850 "-" "Mozilla/5.0 (Linux; Android 6.0.1; Nexus 5X Build/MMB29P) AppleWebKit/537.36 (KHTML, like Gecko) Chrome/136.0.7103.59 Mobile Safari/537.36 (compatible; Googlebot/2.1; +http://www.google.com/bot.html)"
216.244.66.198 - - [06/May/2025:23:44:13 +0300] "GET /robots.txt HTTP/1.1" 200 263 "-" "Mozilla/5.0 (compatible; DotBot/1.2; +https://opensiteexplorer.org/dotbot; help@moz.com)"
66.249.79.6 - - [06/May/2025:23:46:18 +0300] "POST /get-message-notify HTTP/1.1" 200 18090 "http://bmofis.com/?b=159795515" "Mozilla/5.0 (Linux; Android 6.0.1; Nexus 5X Build/MMB29P) AppleWebKit/537.36 (KHTML, like Gecko) Chrome/135.0.7049.114 Mobile Safari/537.36 (compatible; Googlebot/2.1; +http://www.google.com/bot.html)"
45.84.191.11 - - [06/May/2025:23:31:07 +0300] "GET /.well-known/acme-challenge/PSEMU8R7ZSXZ04RJ3DBCO5_OG-UKX3VH HTTP/1.1" 200 64 "-" "Cpanel-HTTP-Client/1.0"
66.249.79.6 - - [06/May/2025:23:34:12 +0300] "GET /?b=294873415 HTTP/1.1" 200 17764 "-" "Mozilla/5.0 (Linux; Android 6.0.1; Nexus 5X Build/MMB29P) AppleWebKit/537.36 (KHTML, like Gecko) Chrome/136.0.7103.59 Mobile Safari/537.36 (compatible; Googlebot/2.1; +http://www.google.com/bot.html)"
66.249.79.7 - - [06/May/2025:23:34:17 +0300] "POST /get-message-notify HTTP/1.1" 200 18089 "http://bmofis.com/?b=294873415" "Mozilla/5.0 (Linux; Android 6.0.1; Nexus 5X Build/MMB29P) AppleWebKit/537.36 (KHTML, like Gecko) Chrome/135.0.7049.114 Mobile Safari/537.36 (compatible; Googlebot/2.1; +http://www.google.com/bot.html)"
66.249.79.6 - - [06/May/2025:23:39:08 +0300] "GET /?b=231078215 HTTP/1.1" 200 18035 "-" "Mozilla/5.0 (Linux; Android 6.0.1; Nexus 5X Build/MMB29P) AppleWebKit/537.36 (KHTML, like Gecko) Chrome/136.0.7103.59 Mobile Safari/537.36 (compatible; Googlebot/2.1; +http://www.google.com/bot.html)"
66.249.79.8 - - [06/May/2025:23:40:13 +0300] "GET /?b=578024515 HTTP/1.1" 200 17957 "-" "Mozilla/5.0 (Linux; Android 6.0.1; Nexus 5X Build/MMB29P) AppleWebKit/537.36 (KHTML, like Gecko) Chrome/136.0.7103.59 Mobile Safari/537.36 (compatible; Googlebot/2.1; +http://www.google.com/bot.html)"
35.187.31.229 - - [06/May/2025:23:41:10 +0300] "GET / HTTP/1.1" 200 39166 "-" "Mozilla/5.0 (Windows NT 10.0; Win64; x64) AppleWebKit/537.36 (KHTML, like Gecko) Chrome/84.0.4147.105 Safari/537.36"
66.249.79.7 - - [06/May/2025:23:41:11 +0300] "POST /get-message-notify HTTP/1.1" 200 18090 "http://bmofis.com/?b=578024515" "Mozilla/5.0 (Linux; Android 6.0.1; Nexus 5X Build/MMB29P) AppleWebKit/537.36 (KHTML, like Gecko) Chrome/135.0.7049.114 Mobile Safari/537.36 (compatible; Googlebot/2.1; +http://www.google.com/bot.html)"
66.249.68.32 - - [06/May/2025:23:41:54 +0300] "GET /category-?b=bmo251c900272-vans-men HTTP/1.1" 200 18266 "-" "Mozilla/5.0 (Linux; Android 6.0.1; Nexus 5X Build/MMB29P) AppleWebKit/537.36 (KHTML, like Gecko) Chrome/136.0.7103.59 Mobile Safari/537.36 (compatible; Googlebot/2.1; +http://www.google.com/bot.html)"
66.249.79.6 - - [06/May/2025:23:43:22 +0300] "GET /?b=209175215 HTTP/1.1" 200 17509 "-" "Mozilla/5.0 (Linux; Android 6.0.1; Nexus 5X Build/MMB29P) AppleWebKit/537.36 (KHTML, like Gecko) Chrome/136.0.7103.59 Mobile Safari/537.36 (compatible; Googlebot/2.1; +http://www.google.com/bot.html)"
66.249.79.7 - - [06/May/2025:23:46:04 +0300] "GET /?b=159795515 HTTP/1.1" 200 17893 "-" "Mozilla/5.0 (Linux; Android 6.0.1; Nexus 5X Build/MMB29P) AppleWebKit/537.36 (KHTML, like Gecko) Chrome/136.0.7103.59 Mobile Safari/537.36 (compatible; Googlebot/2.1; +http://www.google.com/bot.html)"
66.249.68.32 - - [06/May/2025:23:47:34 +0300] "GET /category-?b=bmo251c14200305-burton-feather-snowboard HTTP/1.1" 200 17777 "-" "Mozilla/5.0 (Linux; Android 6.0.1; Nexus 5X Build/MMB29P) AppleWebKit/537.36 (KHTML, like Gecko) Chrome/136.0.7103.59 Mobile Safari/537.36 (compatible; Googlebot/2.1; +http://www.google.com/bot.html)"
5.255.231.15 - - [06/May/2025:23:47:49 +0300] "GET /wp-json/oembed/1.0/imageurl%7D?b=bmo251c71000268-xtratuf-boot-sizing HTTP/1.1" 200 4267 "-" "Mozilla/5.0 (compatible; YandexBot/3.0; +http://yandex.com/bots)"
66.249.79.6 - - [06/May/2025:23:50:29 +0300] "GET /?b=593654515 HTTP/1.1" 200 17436 "-" "Mozilla/5.0 (Linux; Android 6.0.1; Nexus 5X Build/MMB29P) AppleWebKit/537.36 (KHTML, like Gecko) Chrome/136.0.7103.59 Mobile Safari/537.36 (compatible; Googlebot/2.1; +http://www.google.com/bot.html)"
213.180.203.156 - - [06/May/2025:23:50:51 +0300] "GET /urun/standart-cozumler/dus-sistemleri-standart-cozumler/aqua-dus-sistemleri/bm-dsq3-aqua-nis-dus-sistemi/?b=bmo251c33100135-k-swiss-store HTTP/1.1" 200 4266 "-" "Mozilla/5.0 (compatible; YandexBot/3.0; +http://yandex.com/bots)"
66.249.79.8 - - [06/May/2025:23:51:01 +0300] "GET /?b=420552115 HTTP/1.1" 200 17572 "-" "Mozilla/5.0 (Linux; Android 6.0.1; Nexus 5X Build/MMB29P) AppleWebKit/537.36 (KHTML, like Gecko) Chrome/136.0.7103.59 Mobile Safari/537.36 (compatible; Googlebot/2.1; +http://www.google.com/bot.html)"
216.244.66.198 - - [06/May/2025:23:53:43 +0300] "GET /urun/1468/ HTTP/1.1" 200 39166 "-" "Mozilla/5.0 (compatible; DotBot/1.2; +https://opensiteexplorer.org/dotbot; help@moz.com)"
216.244.66.198 - - [06/May/2025:23:53:56 +0300] "GET /SFolder/Haber/146R4.png HTTP/1.1" 200 39166 "-" "Mozilla/5.0 (compatible; DotBot/1.2; +https://opensiteexplorer.org/dotbot; help@moz.com)"
216.244.66.198 - - [06/May/2025:23:54:01 +0300] "GET /urun/1011-alman-pivotlu-alt-mil-57-67-mm/en-US HTTP/1.1" 200 39165 "-" "Mozilla/5.0 (compatible; DotBot/1.2; +https://opensiteexplorer.org/dotbot; help@moz.com)"
216.244.66.198 - - [06/May/2025:23:54:05 +0300] "GET /urun/4360i-paslanmaz-celik-cam-tutucu/en-US HTTP/1.1" 200 39165 "-" "Mozilla/5.0 (compatible; DotBot/1.2; +https://opensiteexplorer.org/dotbot; help@moz.com)"
216.244.66.198 - - [06/May/2025:23:54:13 +0300] "GET /urun/bilobina-hidrolik-dus-mentesesi-cam-cama/tr-TR HTTP/1.1" 200 39165 "-" "Mozilla/5.0 (compatible; DotBot/1.2; +https://opensiteexplorer.org/dotbot; help@moz.com)"
216.244.66.198 - - [06/May/2025:23:54:17 +0300] "GET /urun/bm-dct204-cam-sabitleme-cam-cam-90/tr-TR HTTP/1.1" 200 39166 "-" "Mozilla/5.0 (compatible; DotBot/1.2; +https://opensiteexplorer.org/dotbot; help@moz.com)"
216.244.66.198 - - [06/May/2025:23:54:20 +0300] "GET /urun/merkezi-milli-alt-mentese/ HTTP/1.1" 200 39166 "-" "Mozilla/5.0 (compatible; DotBot/1.2; +https://opensiteexplorer.org/dotbot; help@moz.com)"
216.244.66.198 - - [06/May/2025:23:54:23 +0300] "GET /urun/merkezi-milli-alt-mentese/tr-TR HTTP/1.1" 200 39166 "-" "Mozilla/5.0 (compatible; DotBot/1.2; +https://opensiteexplorer.org/dotbot; help@moz.com)"
216.244.66.198 - - [06/May/2025:23:55:24 +0300] "GET /SFolder/Kategori/Pdf/220R1.pdf HTTP/1.1" 200 39166 "-" "Mozilla/5.0 (compatible; DotBot/1.2; +https://opensiteexplorer.org/dotbot; help@moz.com)"
216.244.66.198 - - [06/May/2025:23:55:28 +0300] "GET /SFolder/Kategori/Pdf/460R1.pdf HTTP/1.1" 200 39166 "-" "Mozilla/5.0 (compatible; DotBot/1.2; +https://opensiteexplorer.org/dotbot; help@moz.com)"
216.244.66.198 - - [06/May/2025:23:55:38 +0300] "GET /SFolder/Kategori/Resim/394R1.png HTTP/1.1" 200 39166 "-" "Mozilla/5.0 (compatible; DotBot/1.2; +https://opensiteexplorer.org/dotbot; help@moz.com)"
216.244.66.198 - - [06/May/2025:23:55:44 +0300] "GET /cam-duvarlar/4040/10/580.aspx HTTP/1.1" 200 39166 "-" "Mozilla/5.0 (compatible; DotBot/1.2; +https://opensiteexplorer.org/dotbot; help@moz.com)"